{"id":110,"date":"2023-11-20T13:04:14","date_gmt":"2023-11-20T12:04:14","guid":{"rendered":"https:\/\/semmelweis.hu\/mentorprogram\/?page_id=110"},"modified":"2023-11-20T13:26:45","modified_gmt":"2023-11-20T12:26:45","slug":"celkituzesek","status":"publish","type":"page","link":"https:\/\/semmelweis.hu\/mentorprogram\/a-programrol-2\/a-programrol\/celkituzesek\/","title":{"rendered":"C\u00e9lkit\u0171z\u00e9sek"},"content":{"rendered":"<p><strong>Els\u0151\u00e9ves orvostanhallgat\u00f3knak:<\/strong><\/p>\n<ul>\n<li>az els\u0151 tanulm\u00e1nyi \u00e9vben \u00e1tfog\u00f3 t\u00e1mogat\u00e1s ny\u00fajt\u00e1sa,<\/li>\n<li>az egyetemi \u00e9letbe val\u00f3 beilleszked\u00e9s seg\u00edt\u00e9se,<\/li>\n<li>praktikus mindennapi, egyetemmel \u00e9s tanulm\u00e1nyokkal kapcsolatos tan\u00e1csok \u00e9s inform\u00e1ci\u00f3k \u00e1tad\u00e1sa<\/li>\n<\/ul>\n<p><strong>Harmad\u00e9ves \u00e9s id\u0151sebb mentoroknak:<\/strong><\/p>\n<ul>\n<li>lehet\u0151s\u00e9g a seg\u00edt\u0151 szerep kipr\u00f3b\u00e1l\u00e1s\u00e1ra, eddigi egyetemi tapasztalatok hasznos\u00edt\u00e1s\u00e1ra<\/li>\n<li>kommunik\u00e1ci\u00f3s \u00e9s tan\u00e1csad\u00f3i k\u00e9szs\u00e9gek fejleszt\u00e9se, melyek a p\u00e1ciensekkel val\u00f3 kapcsolat kialak\u00edt\u00e1s\u00e1nak, \u00e9s a gy\u00f3gy\u00edt\u00e1snak is az alapjait k\u00e9pezik<\/li>\n<li>tanul\u00e1sm\u00f3dszertani \u00e9s stresszkezel\u00e9si eszk\u00f6zt\u00e1r sz\u00e9les\u00edt\u00e9se<\/li>\n<\/ul>\n<p><strong>A tanulm\u00e1nyi sikerek el\u0151seg\u00edt\u00e9se, a lemorzsol\u00f3d\u00e1s cs\u00f6kkent\u00e9se.<\/strong><\/p>\n<p><strong>Hallgat\u00f3i k\u00f6z\u00f6ss\u00e9g, t\u00e1rsas t\u00e1mogat\u00f3 rendszer ki\u00e9p\u00edt\u00e9se.<\/strong><\/p>\n<p><strong>Hallgat\u00f3i fizik\u00e1lis \u00e9s ment\u00e1lis eg\u00e9szs\u00e9g \u00e9s \u00e9letmin\u0151s\u00e9g meg\u0151rz\u00e9se \u00e9s jav\u00edt\u00e1sa.<\/strong><\/p>\n","protected":false},"excerpt":{"rendered":"<p>Els\u0151\u00e9ves orvostanhallgat\u00f3knak: az els\u0151 tanulm\u00e1nyi \u00e9vben \u00e1tfog\u00f3 t\u00e1mogat\u00e1s ny\u00fajt\u00e1sa, az egyetemi \u00e9letbe val\u00f3 beilleszked\u00e9s seg\u00edt\u00e9se, praktikus mindennapi, egyetemmel \u00e9s tanulm\u00e1nyokkal kapcsolatos tan\u00e1csok \u00e9s inform\u00e1ci\u00f3k \u00e1tad\u00e1sa Harmad\u00e9ves \u00e9s id\u0151sebb mentoroknak: lehet\u0151s\u00e9g a seg\u00edt\u0151 szerep kipr\u00f3b\u00e1l\u00e1s\u00e1ra, eddigi egyetemi tapasztalatok hasznos\u00edt\u00e1s\u00e1ra kommunik\u00e1ci\u00f3s \u00e9s tan\u00e1csad\u00f3i k\u00e9szs\u00e9gek fejleszt\u00e9se, melyek a p\u00e1ciensekkel val\u00f3 kapcsolat kialak\u00edt\u00e1s\u00e1nak, \u00e9s a gy\u00f3gy\u00edt\u00e1snak is az alapjait &hellip;<\/p>\n","protected":false},"author":101724,"featured_media":0,"parent":8,"menu_order":0,"comment_status":"closed","ping_status":"closed","template":"","meta":{"_acf_changed":false,"footnotes":""},"categories":[],"tags":[],"class_list":["post-110","page","type-page","status-publish","hentry"],"acf":[],"_links":{"self":[{"href":"https:\/\/semmelweis.hu\/mentorprogram\/wp-json\/wp\/v2\/pages\/110","targetHints":{"allow":["GET"]}}],"collection":[{"href":"https:\/\/semmelweis.hu\/mentorprogram\/wp-json\/wp\/v2\/pages"}],"about":[{"href":"https:\/\/semmelweis.hu\/mentorprogram\/wp-json\/wp\/v2\/types\/page"}],"author":[{"embeddable":true,"href":"https:\/\/semmelweis.hu\/mentorprogram\/wp-json\/wp\/v2\/users\/101724"}],"replies":[{"embeddable":true,"href":"https:\/\/semmelweis.hu\/mentorprogram\/wp-json\/wp\/v2\/comments?post=110"}],"version-history":[{"count":2,"href":"https:\/\/semmelweis.hu\/mentorprogram\/wp-json\/wp\/v2\/pages\/110\/revisions"}],"predecessor-version":[{"id":123,"href":"https:\/\/semmelweis.hu\/mentorprogram\/wp-json\/wp\/v2\/pages\/110\/revisions\/123"}],"up":[{"embeddable":true,"href":"https:\/\/semmelweis.hu\/mentorprogram\/wp-json\/wp\/v2\/pages\/8"}],"wp:attachment":[{"href":"https:\/\/semmelweis.hu\/mentorprogram\/wp-json\/wp\/v2\/media?parent=110"}],"wp:term":[{"taxonomy":"category","embeddable":true,"href":"https:\/\/semmelweis.hu\/mentorprogram\/wp-json\/wp\/v2\/categories?post=110"},{"taxonomy":"post_tag","embeddable":true,"href":"https:\/\/semmelweis.hu\/mentorprogram\/wp-json\/wp\/v2\/tags?post=110"}],"curies":[{"name":"wp","href":"https:\/\/api.w.org\/{rel}","templated":true}]}}