{"id":9205,"date":"2026-04-01T17:31:11","date_gmt":"2026-04-01T15:31:11","guid":{"rendered":"https:\/\/semmelweis.hu\/mental\/?page_id=9205"},"modified":"2026-04-01T17:42:37","modified_gmt":"2026-04-01T15:42:37","slug":"well-being-and-doctoral-experiences-of-phd-dla-students-in-hungary","status":"publish","type":"page","link":"https:\/\/semmelweis.hu\/mental\/en\/home\/research\/research\/well-being-and-doctoral-experiences-of-phd-dla-students-in-hungary\/","title":{"rendered":"Well-being and Doctoral Experiences of PhD\/DLA Students in Hungary"},"content":{"rendered":"<div class=\"lead\">\n<p><span data-contrast=\"none\">The primary goal of the project is a national-scale well-being assessment covering all PhD and DLA students in Hungary.<\/span><\/p>\n<\/div>\n<div class=\"fontos_div\">\n<p><span style=\"font-size: 12pt\" data-contrast=\"none\">I\u00a0would\u00a0like\u00a0to\u00a0fill\u00a0out\u00a0the\u00a0questionnaire:\u00a0<\/span><\/p>\n<p><span style=\"font-size: 12pt\" data-contrast=\"none\">https:\/\/emk.semmelweis.hu\/mentalsurvey\/index.php\/753973?lang=en<\/span><\/p>\n<\/div>\n<p><b><span data-contrast=\"none\">Background<\/span><\/b><span data-ccp-props=\"{&quot;201341983&quot;:0,&quot;335551550&quot;:6,&quot;335551620&quot;:6,&quot;335559739&quot;:200,&quot;335559740&quot;:276}\">\u00a0<\/span><\/p>\n<p><span data-contrast=\"none\">Research over the past decade has painted a concerning picture of the mental health of PhD students and the negative impact of doctoral studies on well-being. Findings from\u00a0numerous\u00a0countries worldwide suggest that the well-being of doctoral candidates significantly\u00a0lags behind\u00a0that of their peers with\u00a0Master\u2019s\u00a0degrees, as well as the general social average. However, to our knowledge, comprehensive data on the well-being and doctoral experiences of PhD students in Hungary is still unavailable. Our research aims to fill this critical gap.<\/span><span data-ccp-props=\"{&quot;201341983&quot;:0,&quot;335551550&quot;:6,&quot;335551620&quot;:6,&quot;335559739&quot;:200,&quot;335559740&quot;:276}\">\u00a0<\/span><\/p>\n<p><span data-contrast=\"none\">The\u00a0primary\u00a0objective\u00a0of\u00a0our\u00a0study\u00a0is\u00a0to\u00a0obtain\u00a0a\u00a0cross-sectional\u00a0overview\u00a0of\u00a0the\u00a0well-being\u00a0and\u00a0specific\u00a0doctoral\u00a0experiences\u00a0of PhD and DLA\u00a0students\u00a0in Hungary.\u00a0We\u00a0trust\u00a0that\u00a0our\u00a0investigation\u00a0will\u00a0provide\u00a0an\u00a0opportunity\u00a0for\u00a0a more\u00a0thorough\u00a0understanding\u00a0of\u00a0the\u00a0situation\u00a0of\u00a0doctoral\u00a0students\u00a0in Hungary,\u00a0as\u00a0well\u00a0as\u00a0a\u00a0scientific\u00a0basis\u00a0for\u00a0further\u00a0research\u00a0and\u00a0the\u00a0consideration\u00a0of\u00a0organizational\u00a0or\u00a0discipline-specific\u00a0decisions\u00a0and\u00a0changes.\u00a0To\u00a0this\u00a0end,\u00a0the\u00a0study\u00a0seeks\u00a0to\u00a0reach\u00a0all\u00a0PhD\u00a0students\u00a0in Hungary,\u00a0encouraging\u00a0participation\u00a0in a\u00a0voluntary,\u00a0self-reported\u00a0questionnaire\u00a0survey. The\u00a0methodology\u00a0applied\u00a0during\u00a0the\u00a0survey\u00a0allows\u00a0for\u00a0the\u00a0comparison\u00a0of\u00a0results\u00a0with\u00a0general\u00a0population\u00a0data\u00a0and\u00a0findings\u00a0published\u00a0in\u00a0international\u00a0literature.<\/span><span data-ccp-props=\"{&quot;201341983&quot;:0,&quot;335551550&quot;:6,&quot;335551620&quot;:6,&quot;335559739&quot;:200,&quot;335559740&quot;:276}\">\u00a0<\/span><\/p>\n<p><span data-contrast=\"none\">The\u00a0research\u00a0is a\u00a0cross-sectional,\u00a0one-time\u00a0online\u00a0data\u00a0collection. The\u00a0instrument\u00a0is a\u00a0self-administered\u00a0online\u00a0questionnaire\u00a0available\u00a0to\u00a0students\u00a0in\u00a0both\u00a0Hungarian\u00a0and English,\u00a0making\u00a0it\u00a0accessible\u00a0to\u00a0international\u00a0students\u00a0pursuing\u00a0doctoral\u00a0studies\u00a0in Hungary.<\/span><span data-ccp-props=\"{&quot;201341983&quot;:0,&quot;335551550&quot;:6,&quot;335551620&quot;:6,&quot;335559739&quot;:200,&quot;335559740&quot;:276}\">\u00a0<\/span><\/p>\n<div class=\"keretes w-100\">\n<p><span data-contrast=\"none\">The\u00a0research\u00a0is\u00a0organized\u00a0by\u00a0the\u00a0<\/span><b><span data-contrast=\"none\">PhD\u00a0Success\u00a0and\u00a0Well-being\u00a0research\u00a0group<\/span><\/b><span data-contrast=\"none\">\u00a0at\u00a0Semmelweis University, in\u00a0collaboration\u00a0with\u00a0the\u00a0Association\u00a0of\u00a0Hungarian\u00a0PhD and DLA\u00a0Candidates\u00a0(DOSZ).<\/span><span data-ccp-props=\"{&quot;201341983&quot;:0,&quot;335551550&quot;:6,&quot;335551620&quot;:6,&quot;335559739&quot;:200,&quot;335559740&quot;:276}\">\u00a0<\/span><\/p>\n<p><b><span data-contrast=\"none\">Data\u00a0collection\u00a0phase:<\/span><\/b><span data-contrast=\"none\">\u00a0March-April\u00a02026.<\/span><span data-ccp-props=\"{&quot;201341983&quot;:0,&quot;335551550&quot;:6,&quot;335551620&quot;:6,&quot;335559739&quot;:200,&quot;335559740&quot;:276}\">\u00a0<\/span><\/p>\n<p><b><span data-contrast=\"none\">Principal\u00a0Investigator:\u00a0<\/span><\/b><span data-contrast=\"none\">Prof. Dr.\u00a0Be\u00e1ta Pethesn\u00e9 D\u00e1vid<\/span><span data-ccp-props=\"{&quot;201341983&quot;:0,&quot;335551550&quot;:6,&quot;335551620&quot;:6,&quot;335559739&quot;:200,&quot;335559740&quot;:276}\">\u00a0<\/span><\/p>\n<p><b><span data-contrast=\"none\">Research Group Members:\u00a0<\/span><\/b><span style=\"font-size: 1rem\">Dr.\u00a0Tam\u00e1s Boz\u00f3<\/span><span style=\"font-size: 1rem\" data-contrast=\"none\">, Dr. \u00c1d\u00e1m Orosz,\u00a0<\/span><span style=\"font-size: 1rem\">Zsuzsanna Katalin Papp, PhD<\/span><\/p>\n<p><b><span data-contrast=\"none\">Contact:<\/span><\/b><span data-contrast=\"none\">\u00a0<\/span><a href=\"mailto:david.bea@semmelweis.hu\"><span data-contrast=\"none\">david.bea@semmelweis.hu<\/span><\/a><span data-ccp-props=\"{&quot;201341983&quot;:0,&quot;335551550&quot;:6,&quot;335551620&quot;:6,&quot;335559739&quot;:200,&quot;335559740&quot;:276}\">\u00a0<\/span><\/p>\n<p><span data-contrast=\"none\">I\u00a0would\u00a0like\u00a0to\u00a0fill\u00a0out\u00a0the\u00a0questionnaire:<\/span><span data-ccp-props=\"{&quot;201341983&quot;:0,&quot;335551550&quot;:6,&quot;335551620&quot;:6,&quot;335559739&quot;:200,&quot;335559740&quot;:276}\">\u00a0<\/span><\/p>\n<p><span data-contrast=\"none\">https:\/\/emk.semmelweis.hu\/mentalsurvey\/index.php\/753973?lang=en<\/span><span data-ccp-props=\"{&quot;201341983&quot;:0,&quot;335551550&quot;:6,&quot;335551620&quot;:6,&quot;335559739&quot;:200,&quot;335559740&quot;:276}\">\u00a0<\/span><\/p>\n<p><img loading=\"lazy\" decoding=\"async\" class=\"alignnone size-full wp-image-9197\" src=\"https:\/\/semmelweis.hu\/mental\/files\/2026\/04\/qr-kod-angol.png\" alt=\"\" width=\"128\" height=\"128\" \/><\/p>\n<\/div>\n","protected":false},"excerpt":{"rendered":"<p>The primary goal of the project is a national-scale well-being assessment covering all PhD and DLA students in Hungary. I\u00a0would\u00a0like\u00a0to\u00a0fill\u00a0out\u00a0the\u00a0questionnaire:\u00a0 https:\/\/emk.semmelweis.hu\/mentalsurvey\/index.php\/753973?lang=en Background\u00a0 Research over the past decade has painted a concerning picture of the mental health of PhD students and the negative impact of doctoral studies on well-being. Findings from\u00a0numerous\u00a0countries worldwide suggest that the well-being &hellip;<\/p>\n","protected":false},"author":101898,"featured_media":0,"parent":7104,"menu_order":0,"comment_status":"closed","ping_status":"closed","template":"","meta":{"_acf_changed":false,"footnotes":""},"categories":[],"tags":[135,87,137],"class_list":["post-9205","page","type-page","status-publish","hentry","tag-phd","tag-research","tag-wellbeing-en"],"acf":[],"_links":{"self":[{"href":"https:\/\/semmelweis.hu\/mental\/wp-json\/wp\/v2\/pages\/9205","targetHints":{"allow":["GET"]}}],"collection":[{"href":"https:\/\/semmelweis.hu\/mental\/wp-json\/wp\/v2\/pages"}],"about":[{"href":"https:\/\/semmelweis.hu\/mental\/wp-json\/wp\/v2\/types\/page"}],"author":[{"embeddable":true,"href":"https:\/\/semmelweis.hu\/mental\/wp-json\/wp\/v2\/users\/101898"}],"replies":[{"embeddable":true,"href":"https:\/\/semmelweis.hu\/mental\/wp-json\/wp\/v2\/comments?post=9205"}],"version-history":[{"count":9,"href":"https:\/\/semmelweis.hu\/mental\/wp-json\/wp\/v2\/pages\/9205\/revisions"}],"predecessor-version":[{"id":9219,"href":"https:\/\/semmelweis.hu\/mental\/wp-json\/wp\/v2\/pages\/9205\/revisions\/9219"}],"up":[{"embeddable":true,"href":"https:\/\/semmelweis.hu\/mental\/wp-json\/wp\/v2\/pages\/7104"}],"wp:attachment":[{"href":"https:\/\/semmelweis.hu\/mental\/wp-json\/wp\/v2\/media?parent=9205"}],"wp:term":[{"taxonomy":"category","embeddable":true,"href":"https:\/\/semmelweis.hu\/mental\/wp-json\/wp\/v2\/categories?post=9205"},{"taxonomy":"post_tag","embeddable":true,"href":"https:\/\/semmelweis.hu\/mental\/wp-json\/wp\/v2\/tags?post=9205"}],"curies":[{"name":"wp","href":"https:\/\/api.w.org\/{rel}","templated":true}]}}