{"id":91,"date":"2018-06-13T15:58:22","date_gmt":"2018-06-13T13:58:22","guid":{"rendered":"http:\/\/semmelweis.hu\/mental\/?page_id=91"},"modified":"2026-04-17T09:10:43","modified_gmt":"2026-04-17T07:10:43","slug":"felvetel-a-kepzesre-mediacio","status":"publish","type":"page","link":"https:\/\/semmelweis.hu\/mental\/szakiranyu-kepzesek\/kozossegi-es-csaladi-mediacio\/felvetel-a-kepzesre-mediacio\/","title":{"rendered":"Felv\u00e9tel a k\u00e9pz\u00e9sre"},"content":{"rendered":"<p><strong>K\u00f6z\u00f6ss\u00e9gi \u00e9s csal\u00e1di medi\u00e1ci\u00f3 szakir\u00e1ny\u00fa tov\u00e1bbk\u00e9pz\u00e9si szak<\/strong><\/p>\n<p><strong>A felv\u00e9teli elj\u00e1r\u00e1s c\u00e9lja:<\/strong><\/p>\n<p>A fels\u0151oktat\u00e1si felv\u00e9teli elj\u00e1r\u00e1s c\u00e9lja a fels\u0151fok\u00fa tanulm\u00e1nyok folytat\u00e1s\u00e1ra legalkalmasabb jelentkez\u0151k kiv\u00e1laszt\u00e1sa. \u00a0<\/p>\n<p><strong>Jelentkez\u00e9s a k\u00e9pz\u00e9sre:<\/strong><\/p>\n<p><span style=\"color: #ff0000\">A 2026 szeptember\u00e9ben indul\u00f3 k\u00e9pz\u00e9s\u00fcnkre, a jelentkez\u00e9s 2026. m\u00e1rcius 31-\u00e9n lez\u00e1rult. A jelentkez\u00e9si hat\u00e1rid\u0151 nem ker\u00fclt meghosszabb\u00edt\u00e1sra, p\u00f3tjelentkez\u00e9st nem tartunk.<\/span><\/p>\n<p><strong>Az online jelentkez\u00e9si fel\u00fclet\u00a0<a href=\"https:\/\/mhi.semmelweis.hu\/login\" target=\"_blank\" rel=\"noopener\"><span style=\"color: #0000ff\">itt<\/span>\u00a0<\/a>el\u00e9rhet\u0151.<\/strong><\/p>\n<p style=\"text-align: justify\">K\u00e9rd\u00e9s eset\u00e9n seg\u00edts\u00e9g k\u00e9rhet\u0151 <strong>Horv\u00e1thn\u00e9 Varga Erika<\/strong> oktat\u00e1sszervez\u0151t\u0151l az al\u00e1bbi e-mail c\u00edmen:\u00a0<span style=\"color: #3366ff\"><a href=\"mailto:varga.erika4@semmelweis.hu\" target=\"_blank\" rel=\"noopener\">varga.erika4@semmelweis.hu<\/a><\/span><\/p>\n<p><strong>Jelentkez\u00e9shez sz\u00fcks\u00e9ges, az online jelentkez\u00e9si fel\u00fcleten felt\u00f6ltend\u0151 dokumentumok:<\/strong><\/p>\n<ul>\n<li><strong>f\u00e9nyk\u00e9pes \u00f6n\u00e9letrajz, <\/strong><em>f\u00e1jln\u00e9v: Vezet\u00e9kn\u00e9v_Keresztn\u00e9v_Medi\u00e1ci\u00f3_\u00d6n\u00e9letrajz (elfogadott f\u00e1jl t\u00edpusok: jpg, png, jpeg, pdf)<\/em><\/li>\n<li><strong>motiv\u00e1ci\u00f3s lev\u00e9l<\/strong><strong>, <\/strong><em>f\u00e1jln\u00e9v: Vezet\u00e9kn\u00e9v_Keresztn\u00e9v_Medi\u00e1ci\u00f3_Motiv\u00e1ci\u00f3s lev\u00e9l (elfogadott f\u00e1jl t\u00edpusok: jpg, png, jpeg, pdf)<\/em><\/li>\n<li><strong>diploma m\u00e1solat<\/strong> (amire a k\u00e9pz\u00e9s \u00e9p\u00fcl), <em><em>f\u00e1jln\u00e9v: Vezet\u00e9kn\u00e9v_Keresztn\u00e9v_Medi\u00e1ci\u00f3_Diploma (elfogadott f\u00e1jl t\u00edpusok: jpg, png, jpeg, pdf)<br \/><\/em><\/em><\/li>\n<\/ul>\n<div class=\"x_elementToProof\" style=\"text-align: justify\" data-olk-copy-source=\"MessageBody\">Ha a jelentkez\u0151k olyan dokumentumm\u00e1solatot ny\u00fajtanak be, amelyet idegen nyelven \u00e1ll\u00edtottak ki, akkor csatolniuk kell a beny\u00fajtott okirat vagy okiratok magyar nyelv\u0171 ford\u00edt\u00e1s\u00e1t (kiv\u00e9ve, ha a dokumentum angol, francia vagy n\u00e9met nyelv\u0171), nem latin bet\u0171vel \u00edrt dokumentumok eset\u00e9n a magyar nyelv\u0171 hiteles ford\u00edt\u00e1s\u00e1nak m\u00e1solat\u00e1t is.<\/div>\n<div data-olk-copy-source=\"MessageBody\">\u00a0<\/div>\n<div class=\"x_elementToProof\" style=\"text-align: justify\">Hiteles ford\u00edt\u00e1snak akkor tekinthet\u0151 egy ford\u00edt\u00e1s, ha azt az al\u00e1bbi szervezetek valamelyik\u00e9nek hiteles\u00edt\u00e9si z\u00e1rad\u00e9k\u00e1val l\u00e1tt\u00e1k el:<\/div>\n<div class=\"x_elementToProof\">\u2022 Orsz\u00e1gos Ford\u00edt\u00f3 \u00e9s Ford\u00edt\u00e1shiteles\u00edt\u0151 Iroda (<a href=\"http:\/\/www.offi.hu\">www.offi.hu<\/a>),<\/div>\n<div class=\"x_elementToProof\">\u2022 magyar k\u00fclk\u00e9pviseleti szerv,<\/div>\n<div class=\"x_elementToProof\">\u2022\u2002magyar k\u00f6zjegyz\u0151.<\/div>\n<div class=\"x_elementToProof\">\u00a0<\/div>\n<div class=\"x_elementToProof\">Szint\u00e9n hiteles ford\u00edt\u00e1snak min\u0151s\u00fcl<\/div>\n<div class=\"x_elementToProof\">\u2022 az Eur\u00f3pai Uni\u00f3 valamely tag\u00e1llam\u00e1nak bels\u0151 joga szerint hitelesnek min\u0151s\u00fcl\u0151 ford\u00edt\u00e1s,<\/div>\n<div class=\"x_elementToProof\">\u2022\u2002az ukr\u00e1n nyelv\u0171 dokumentumokn\u00e1l az ukr\u00e1n k\u00f6zjegyz\u0151 \u00e1ltal hiteles\u00edtett ford\u00edt\u00e1s,<\/div>\n<div class=\"x_elementToProof\">\u2022\u00a0 a szerb nyelv\u0171 dokumentumokn\u00e1l a szerbiai k\u00f6zjegyz\u0151 \u00e1ltal hiteles\u00edtett vagy b\u00edr\u00f3s\u00e1gi ford\u00edt\u00f3i \u00e1ltal k\u00e9sz\u00edtett hiteles\u00edtett ford\u00edt\u00e1s.<\/div>\n<div class=\"x_elementToProof\">\u00a0<\/div>\n<div class=\"x_elementToProof\">A k\u00e9tnyelv\u0171, vagyis az olyan dokumentumokn\u00e1l, amelyben magyarul is benne vannak az inform\u00e1ci\u00f3k, nincs sz\u00fcks\u00e9g a ford\u00edt\u00e1sra.<\/div>\n<div>\u00a0<\/div>\n<p><strong>A felv\u00e9tel felt\u00e9telei:<br \/><\/strong>Legal\u00e1bb alapk\u00e9pz\u00e9si szakon szerzett diploma a k\u00f6vetkez\u0151 k\u00e9pz\u00e9si ter\u00fcleteken:<\/p>\n<ul>\n<li>B\u00f6lcs\u00e9szettudom\u00e1ny<\/li>\n<li>T\u00e1rsadalomtudom\u00e1ny<\/li>\n<li>M\u0171v\u00e9szet<\/li>\n<li>M\u0171v\u00e9szetk\u00f6zvet\u00edt\u00e9s<\/li>\n<li>Orvos- \u00e9s eg\u00e9szs\u00e9gtudom\u00e1ny<\/li>\n<li>Pedag\u00f3gusk\u00e9pz\u00e9s<\/li>\n<li>Jogi<\/li>\n<li>Gazdas\u00e1gtudom\u00e1nyok<\/li>\n<li>\u00c1llamtudom\u00e1nyi<\/li>\n<li>Sporttudom\u00e1ny<\/li>\n<li>Hittudom\u00e1ny<\/li>\n<\/ul>\n<p><strong>Felv\u00e9telivel kapcsolatos inform\u00e1ci\u00f3k:<\/strong><\/p>\n<ul>\n<li><span style=\"font-size: 1rem\">A felv\u00e9teli id\u0151pontja, helysz<span style=\"color: #000000\">\u00edne: <\/span><\/span>\n<ul>\n<li>2026. j\u00fanius 3., 2026. j\u00fanius 9., 2026. j\u00fanius 11., mindh\u00e1rom napon 9:00-16:00 \u00f3r\u00e1ig<\/li>\n<li><span style=\"color: #000000\">Helysz\u00edn: Nagyv\u00e1rad t\u00e9ri Elm\u00e9leti T\u00f6mb (108<\/span>9 Budapest, Nagyv\u00e1rad t\u00e9r 4.), 1. emelet SZ.04. \u00e9s SZ.05. szemin\u00e1riumi terem<\/li>\n<li>A felv\u00e9teli napokra val\u00f3 beoszt\u00e1sr\u00f3l az \u00e9rtes\u00edt\u00e9st azon az e-mail c\u00edmen (k\u00fcl\u00f6n k\u00e9r\u00e9s eset\u00e9n postai \u00faton is) kapja meg a jelentkez\u0151, amit a jelentkez\u00e9skor megadott.<\/li>\n<\/ul>\n<\/li>\n<li>A felv\u00e9teli menete:\u00a0a felv\u00e9teli k\u00e9t r\u00e9szb\u0151l, a d\u00e9lel\u0151tti csoportos besz\u00e9lget\u00e9sb\u0151l, majd az egy\u00e9ni motiv\u00e1ci\u00f3s besz\u00e9lget\u00e9sb\u0151l \u00e1ll.<\/li>\n<li><strong>A felv\u00e9teli d\u00edj befizet\u00e9s\u00e9vel kapcsolatos inform\u00e1ci\u00f3k:<\/strong>\n<ul>\n<li>A felv\u00e9teli elj\u00e1r\u00e1s d\u00edja: 9.000 forint, melyet &#8211; a jelentkez\u00e9si fel\u00fcleten v\u00e1laszthat\u00f3 m\u00f3don &#8211; \u00e1tutal\u00e1ssal vagy bankk\u00e1rty\u00e1s fizet\u00e9ssel lehet rendezni (a regisztr\u00e1ci\u00f3, az adatok megad\u00e1sa \u00e9s a dokumentumok felt\u00f6lt\u00e9se ut\u00e1n).<\/li>\n<li>A befizet\u00e9sr\u0151l a Ment\u00e1lhigi\u00e9n\u00e9 Int\u00e9zet a Semmelweis Egyetem hat\u00e1lyos szab\u00e1lyzatai alapj\u00e1n sz\u00e1ml\u00e1t \u00e1ll\u00edt ki. A ki\u00e1ll\u00edtott e-sz\u00e1ml\u00e1t a regisztr\u00e1ci\u00f3 sor\u00e1n megadott email c\u00edm\u00e9re k\u00fcldj\u00fck \u00d6nnek.<\/li>\n<\/ul>\n<\/li>\n<li>A felv\u00e9teli d\u00f6nt\u00e9s k\u00f6zz\u00e9t\u00e9tel\u00e9nek m\u00f3dja, id\u0151pontja:\n<ul>\n<li>aki felv\u00e9telt nyer, elektronikus \u00faton kap \u00e9rtes\u00edt\u00e9st<\/li>\n<li>aki nem nyer felv\u00e9telt, postai \u00faton kapja meg a hat\u00e1rozatot<\/li>\n<li>legk\u00e9s\u0151bb a felv\u00e9telit k\u00f6vet\u0151 augusztus h\u00f3 sor\u00e1n<\/li>\n<\/ul>\n<\/li>\n<\/ul>\n<p><strong>A k\u00e9pz\u00e9s id\u0151tartama:<\/strong>\u00a03 f\u00e9l\u00e9v<\/p>\n<p><strong>A k\u00e9pz\u00e9s d\u00edja<\/strong>: <span style=\"color: #000000\">255.000 Ft\/f\u00e9l\u00e9v<\/span><\/p>\n<hr \/>\n<div class=\"fontos_div\">\n<p class=\"w-100\" dir=\"auto\" style=\"text-align: justify\">A <strong>k\u00f6z\u00f6ss\u00e9gi \u00e9s csal\u00e1di medi\u00e1ci\u00f3 szakir\u00e1ny\u00fa tov\u00e1bbk\u00e9pz\u00e9s online ny\u00edlt napja<\/strong> keret\u00e9ben olyan k\u00e9rd\u00e9sekre kaphatnak v\u00e1laszt az \u00e9rdekl\u0151d\u0151k, mint p\u00e9ld\u00e1ul:<\/p>\n<ul>\n<li class=\"w-100\" dir=\"auto\" style=\"text-align: justify\"><span style=\"background-color: transparent;font-size: 1rem\">Hogyan gondolkodik egy medi\u00e1tor? <\/span><\/li>\n<li class=\"w-100\" dir=\"auto\" style=\"text-align: justify\"><span style=\"background-color: transparent;font-size: 1rem\">Mit jelent medi\u00e1tori szeml\u00e9letben jelen lenni csal\u00e1di vagy k\u00f6z\u00f6ss\u00e9gi konfliktusokban<\/span><\/li>\n<\/ul>\n<p><strong style=\"background-color: transparent\"><span style=\"font-size: 1rem\">D\u00e1tum: 2026. m\u00e1rcius 10. 16:00<br \/><\/span><\/strong><strong style=\"background-color: transparent\"><span style=\"font-size: 1rem\">Helysz\u00edn: <a href=\"https:\/\/semmelweis.zoom.us\/j\/98608084926\" target=\"_blank\" rel=\"noopener\">Zoom<\/a><\/span><\/strong><\/p>\n<p class=\"w-100\" dir=\"auto\" style=\"text-align: justify\"><strong style=\"background-color: transparent\">Tov\u00e1bbi inform\u00e1ci\u00f3k:<a href=\"https:\/\/fb.me\/e\/4apzQ4yup\" target=\"_blank\" rel=\"noopener\"> Facebook esem\u00e9ny<\/a><\/strong><\/p>\n<\/div>\n<hr \/>\n<p><strong>Tov\u00e1bbi inform\u00e1ci\u00f3k a k\u00f6z\u00f6ss\u00e9gi \u00e9s csal\u00e1di medi\u00e1ci\u00f3 szakir\u00e1ny\u00fa tov\u00e1bbk\u00e9pz\u00e9si szakr\u00f3l:<\/strong><\/p>\n<ul class=\"children\" style=\"list-style-type: square\">\n<li class=\"page_item page-item-13 current_page_item\"><strong><a href=\"https:\/\/semmelweis.hu\/mental\/szakiranyu-kepzesek\/kozossegi-es-csaladi-mediacio\/kepzes-bemutatasa-mediacio\/\">K\u00e9pz\u00e9s bemutat\u00e1sa<\/a><\/strong><\/li>\n<li class=\"page_item page-item-89\"><strong><a href=\"https:\/\/semmelweis.hu\/mental\/szakiranyu-kepzesek\/kozossegi-es-csaladi-mediacio\/tanulmanyi-program-mediacio\/\">Tanulm\u00e1nyi program<\/a><\/strong><\/li>\n<li class=\"page_item page-item-90\"><strong><a href=\"https:\/\/semmelweis.hu\/mental\/szakiranyu-kepzesek\/kozossegi-es-csaladi-mediacio\/kontaktszemelyek\/\">Kontaktszem\u00e9lyek<\/a><\/strong><\/li>\n<li class=\"page_item page-item-3724\"><strong><a href=\"https:\/\/semmelweis.hu\/mental\/szakiranyu-kepzesek\/kozossegi-es-csaladi-mediacio\/aktualis-tajekoztatok-hallgatoknak\/\">AKTU\u00c1LIS T\u00c1J\u00c9KOZTAT\u00d3K, K\u00c9PZ\u00c9SI ALKALMAK HALLGAT\u00d3KNAK<\/a><\/strong><\/li>\n<\/ul>\n","protected":false},"excerpt":{"rendered":"<p>K\u00f6z\u00f6ss\u00e9gi \u00e9s csal\u00e1di medi\u00e1ci\u00f3 szakir\u00e1ny\u00fa tov\u00e1bbk\u00e9pz\u00e9si szak A felv\u00e9teli elj\u00e1r\u00e1s c\u00e9lja: A fels\u0151oktat\u00e1si felv\u00e9teli elj\u00e1r\u00e1s c\u00e9lja a fels\u0151fok\u00fa tanulm\u00e1nyok folytat\u00e1s\u00e1ra legalkalmasabb jelentkez\u0151k kiv\u00e1laszt\u00e1sa. \u00a0 Jelentkez\u00e9s a k\u00e9pz\u00e9sre: A 2026 szeptember\u00e9ben indul\u00f3 k\u00e9pz\u00e9s\u00fcnkre, a jelentkez\u00e9s 2026. m\u00e1rcius 31-\u00e9n lez\u00e1rult. A jelentkez\u00e9si hat\u00e1rid\u0151 nem ker\u00fclt meghosszabb\u00edt\u00e1sra, p\u00f3tjelentkez\u00e9st nem tartunk. Az online jelentkez\u00e9si fel\u00fclet\u00a0 <a href=\"https:\/\/mhi.semmelweis.hu\/login\" target=\"_blank\" rel=\"noopener\">itt\u00a0<\/a> el\u00e9rhet\u0151. K\u00e9rd\u00e9s eset\u00e9n seg\u00edts\u00e9g &hellip;<\/p>\n","protected":false},"author":101614,"featured_media":0,"parent":1407,"menu_order":4,"comment_status":"closed","ping_status":"closed","template":"","meta":{"_acf_changed":false,"footnotes":""},"categories":[],"tags":[],"class_list":["post-91","page","type-page","status-publish","hentry"],"acf":[],"_links":{"self":[{"href":"https:\/\/semmelweis.hu\/mental\/wp-json\/wp\/v2\/pages\/91","targetHints":{"allow":["GET"]}}],"collection":[{"href":"https:\/\/semmelweis.hu\/mental\/wp-json\/wp\/v2\/pages"}],"about":[{"href":"https:\/\/semmelweis.hu\/mental\/wp-json\/wp\/v2\/types\/page"}],"author":[{"embeddable":true,"href":"https:\/\/semmelweis.hu\/mental\/wp-json\/wp\/v2\/users\/101614"}],"replies":[{"embeddable":true,"href":"https:\/\/semmelweis.hu\/mental\/wp-json\/wp\/v2\/comments?post=91"}],"version-history":[{"count":14,"href":"https:\/\/semmelweis.hu\/mental\/wp-json\/wp\/v2\/pages\/91\/revisions"}],"predecessor-version":[{"id":9232,"href":"https:\/\/semmelweis.hu\/mental\/wp-json\/wp\/v2\/pages\/91\/revisions\/9232"}],"up":[{"embeddable":true,"href":"https:\/\/semmelweis.hu\/mental\/wp-json\/wp\/v2\/pages\/1407"}],"wp:attachment":[{"href":"https:\/\/semmelweis.hu\/mental\/wp-json\/wp\/v2\/media?parent=91"}],"wp:term":[{"taxonomy":"category","embeddable":true,"href":"https:\/\/semmelweis.hu\/mental\/wp-json\/wp\/v2\/categories?post=91"},{"taxonomy":"post_tag","embeddable":true,"href":"https:\/\/semmelweis.hu\/mental\/wp-json\/wp\/v2\/tags?post=91"}],"curies":[{"name":"wp","href":"https:\/\/api.w.org\/{rel}","templated":true}]}}