{"id":89,"date":"2018-06-13T15:41:47","date_gmt":"2018-06-13T13:41:47","guid":{"rendered":"http:\/\/semmelweis.hu\/mental\/?page_id=89"},"modified":"2026-03-12T09:49:25","modified_gmt":"2026-03-12T08:49:25","slug":"tanulmanyi-program-mediacio","status":"publish","type":"page","link":"https:\/\/semmelweis.hu\/mental\/szakiranyu-kepzesek\/kozossegi-es-csaladi-mediacio\/tanulmanyi-program-mediacio\/","title":{"rendered":"Tanulm\u00e1nyi program"},"content":{"rendered":"<p><strong>A k\u00f6z\u00f6ss\u00e9gi \u00e9s csal\u00e1di medi\u00e1ci\u00f3 szakir\u00e1ny\u00fa tov\u00e1bbk\u00e9pz\u00e9si szak tanulm\u00e1nyi programja<\/strong><\/p>\n<p style=\"text-align: justify\">A K\u00f6z\u00f6ss\u00e9gi \u00e9s csal\u00e1di medi\u00e1ci\u00f3 szakir\u00e1ny\u00fa tov\u00e1bbk\u00e9pz\u00e9si szak 2026. szeptember\u00e9ben indul\u00f3 \u00e9vfolyamra vonatkoz\u00f3 tant\u00e1rgyi program<span style=\"color: #3366ff\"> <strong><a href=\"https:\/\/semmelweis.hu\/mental\/files\/2026\/03\/28_2022_melleklet-2_kozossegi-es-csaladi-mediacio_mintatanterv-es-tanulmanyi-tajekoztato_1005.pdf\">itt let\u00f6lthet\u0151<\/a><\/strong><\/span>.\u00a0<\/p>\n<p style=\"text-align: justify\">A tanulm\u00e1nyi programban megtal\u00e1lhat\u00f3k az egyes tant\u00e1rgyak, a tant\u00e1rgyak le\u00edr\u00e1sai, k\u00f6vetelm\u00e9nyei ill. oktat\u00f3i. Szint\u00e9n el\u00e9rhet\u0151ek a k\u00e9pz\u00e9s z\u00e1r\u00e1s\u00e1val kapcsolatos inform\u00e1ci\u00f3k.<\/p>\n<hr \/>\n<p><strong>Tov\u00e1bbi inform\u00e1ci\u00f3k a k\u00f6z\u00f6ss\u00e9gi \u00e9s csal\u00e1di medi\u00e1ci\u00f3 szakir\u00e1ny\u00fa tov\u00e1bbk\u00e9pz\u00e9si szakr\u00f3l:<\/strong><\/p>\n<ul class=\"children\" style=\"list-style-type: square\">\n<li class=\"page_item page-item-10\"><strong><a href=\"https:\/\/semmelweis.hu\/mental\/szakiranyu-kepzesek\/mentalhigiene-tovabbkepzes\/kepzes-bemutatasa\/\">K\u00e9pz\u00e9s bemutat\u00e1sa<\/a><\/strong><\/li>\n<li class=\"page_item page-item-71\"><strong><a href=\"https:\/\/semmelweis.hu\/mental\/szakiranyu-kepzesek\/mentalhigiene-tovabbkepzes\/a-kepzes-tortenete\/\">A k\u00e9pz\u00e9s t\u00f6rt\u00e9nete<\/a><\/strong><\/li>\n<li class=\"page_item page-item-91\"><strong><a href=\"https:\/\/semmelweis.hu\/mental\/szakiranyu-kepzesek\/kozossegi-es-csaladi-mediacio\/felvetel-a-kepzesre-mediacio\/\" target=\"_blank\" rel=\"noopener\">Felv\u00e9tel a k\u00e9pz\u00e9sre<\/a><\/strong><\/li>\n<li class=\"page_item page-item-73\"><strong><a href=\"https:\/\/semmelweis.hu\/mental\/szakiranyu-kepzesek\/mentalhigiene-tovabbkepzes\/kontaktszemelyek\/\">Kontaktszem\u00e9lyek<\/a><\/strong><\/li>\n<li class=\"page_item page-item-75\"><strong><a href=\"https:\/\/semmelweis.hu\/mental\/szakiranyu-kepzesek\/mentalhigiene-tovabbkepzes\/alumni\/\">Antropos Ment\u00e1lhygi\u00e9n\u00e9s Egyes\u00fclet<\/a><\/strong><\/li>\n<\/ul>\n","protected":false},"excerpt":{"rendered":"<p>A k\u00f6z\u00f6ss\u00e9gi \u00e9s csal\u00e1di medi\u00e1ci\u00f3 szakir\u00e1ny\u00fa tov\u00e1bbk\u00e9pz\u00e9si szak tanulm\u00e1nyi programja A K\u00f6z\u00f6ss\u00e9gi \u00e9s csal\u00e1di medi\u00e1ci\u00f3 szakir\u00e1ny\u00fa tov\u00e1bbk\u00e9pz\u00e9si szak 2026. szeptember\u00e9ben indul\u00f3 \u00e9vfolyamra vonatkoz\u00f3 tant\u00e1rgyi program <a href=\"https:\/\/semmelweis.hu\/mental\/files\/2026\/03\/28_2022_melleklet-2_kozossegi-es-csaladi-mediacio_mintatanterv-es-tanulmanyi-tajekoztato_1005.pdf\">itt let\u00f6lthet\u0151<\/a> .\u00a0 A tanulm\u00e1nyi programban megtal\u00e1lhat\u00f3k az egyes tant\u00e1rgyak, a tant\u00e1rgyak le\u00edr\u00e1sai, k\u00f6vetelm\u00e9nyei ill. oktat\u00f3i. Szint\u00e9n el\u00e9rhet\u0151ek a k\u00e9pz\u00e9s z\u00e1r\u00e1s\u00e1val kapcsolatos inform\u00e1ci\u00f3k. Tov\u00e1bbi inform\u00e1ci\u00f3k a k\u00f6z\u00f6ss\u00e9gi \u00e9s csal\u00e1di medi\u00e1ci\u00f3 szakir\u00e1ny\u00fa tov\u00e1bbk\u00e9pz\u00e9si &hellip;<\/p>\n","protected":false},"author":101614,"featured_media":0,"parent":1407,"menu_order":2,"comment_status":"closed","ping_status":"closed","template":"","meta":{"_acf_changed":false,"footnotes":""},"categories":[],"tags":[],"class_list":["post-89","page","type-page","status-publish","hentry"],"acf":[],"_links":{"self":[{"href":"https:\/\/semmelweis.hu\/mental\/wp-json\/wp\/v2\/pages\/89","targetHints":{"allow":["GET"]}}],"collection":[{"href":"https:\/\/semmelweis.hu\/mental\/wp-json\/wp\/v2\/pages"}],"about":[{"href":"https:\/\/semmelweis.hu\/mental\/wp-json\/wp\/v2\/types\/page"}],"author":[{"embeddable":true,"href":"https:\/\/semmelweis.hu\/mental\/wp-json\/wp\/v2\/users\/101614"}],"replies":[{"embeddable":true,"href":"https:\/\/semmelweis.hu\/mental\/wp-json\/wp\/v2\/comments?post=89"}],"version-history":[{"count":12,"href":"https:\/\/semmelweis.hu\/mental\/wp-json\/wp\/v2\/pages\/89\/revisions"}],"predecessor-version":[{"id":9148,"href":"https:\/\/semmelweis.hu\/mental\/wp-json\/wp\/v2\/pages\/89\/revisions\/9148"}],"up":[{"embeddable":true,"href":"https:\/\/semmelweis.hu\/mental\/wp-json\/wp\/v2\/pages\/1407"}],"wp:attachment":[{"href":"https:\/\/semmelweis.hu\/mental\/wp-json\/wp\/v2\/media?parent=89"}],"wp:term":[{"taxonomy":"category","embeddable":true,"href":"https:\/\/semmelweis.hu\/mental\/wp-json\/wp\/v2\/categories?post=89"},{"taxonomy":"post_tag","embeddable":true,"href":"https:\/\/semmelweis.hu\/mental\/wp-json\/wp\/v2\/tags?post=89"}],"curies":[{"name":"wp","href":"https:\/\/api.w.org\/{rel}","templated":true}]}}

Tanulmányi program

<p><strong>A közösségi és családi mediáció szakirányú továbbképzési szak tanulmányi programja</strong></p>
<p style="text-align: justify">A Közösségi és családi mediáció szakirányú továbbképzési szak 2026. szeptemberében induló évfolyamra vonatkozó tantárgyi program<span style="color: #3366ff"> <strong><a href="https://semmelweis.hu/mental/files/2026/03/28_2022_melleklet-2_kozossegi-es-csaladi-mediacio_mintatanterv-es-tanulmanyi-tajekoztato_1005.pdf">itt letölthető</a></strong></span>. </p>
<p style="text-align: justify">A tanulmányi programban megtalálhatók az egyes tantárgyak, a tantárgyak leírásai, követelményei ill. oktatói. Szintén elérhetőek a képzés zárásával kapcsolatos információk.</p>
<hr />
<p><strong>További információk a közösségi és családi mediáció szakirányú továbbképzési szakról:</strong></p>
<ul class="children" style="list-style-type: square">
<li class="page_item page-item-10"><strong><a href="https://semmelweis.hu/mental/szakiranyu-kepzesek/mentalhigiene-tovabbkepzes/kepzes-bemutatasa/">Képzés bemutatása</a></strong></li>
<li class="page_item page-item-71"><strong><a href="https://semmelweis.hu/mental/szakiranyu-kepzesek/mentalhigiene-tovabbkepzes/a-kepzes-tortenete/">A képzés története</a></strong></li>
<li class="page_item page-item-91"><strong><a href="https://semmelweis.hu/mental/szakiranyu-kepzesek/kozossegi-es-csaladi-mediacio/felvetel-a-kepzesre-mediacio/" target="_blank" rel="noopener">Felvétel a képzésre</a></strong></li>
<li class="page_item page-item-73"><strong><a href="https://semmelweis.hu/mental/szakiranyu-kepzesek/mentalhigiene-tovabbkepzes/kontaktszemelyek/">Kontaktszemélyek</a></strong></li>
<li class="page_item page-item-75"><strong><a href="https://semmelweis.hu/mental/szakiranyu-kepzesek/mentalhigiene-tovabbkepzes/alumni/">Antropos Mentálhygiénés Egyesület</a></strong></li>
</ul>

<p>A közösségi és családi mediáció szakirányú továbbképzési szak tanulmányi programja A Közösségi és családi mediáció szakirányú továbbképzési szak 2026. szeptemberében induló évfolyamra vonatkozó tantárgyi program <a href="https://semmelweis.hu/mental/files/2026/03/28_2022_melleklet-2_kozossegi-es-csaladi-mediacio_mintatanterv-es-tanulmanyi-tajekoztato_1005.pdf">itt letölthető</a> .  A tanulmányi programban megtalálhatók az egyes tantárgyak, a tantárgyak leírásai, követelményei ill. oktatói. Szintén elérhetőek a képzés zárásával kapcsolatos információk. További információk a közösségi és családi mediáció szakirányú továbbképzési &hellip;</p>
