{"id":8613,"date":"2026-01-06T11:04:33","date_gmt":"2026-01-06T10:04:33","guid":{"rendered":"https:\/\/semmelweis.hu\/mental\/?page_id=8613"},"modified":"2026-01-06T11:04:33","modified_gmt":"2026-01-06T10:04:33","slug":"munkatarsak-meszaros-eva","status":"publish","type":"page","link":"https:\/\/semmelweis.hu\/mental\/munkatarsak-meszaros-eva\/","title":{"rendered":"M\u00e9sz\u00e1ros \u00c9va"},"content":{"rendered":"<table border=\"0\" cellspacing=\"5\" cellpadding=\"5\" align=\"center\">\n<tbody>\n<tr>\n<td>\n<p><strong>Beoszt\u00e1s<\/strong><\/p>\n<\/td>\n<td>\n<p>tanulm\u00e1nyi \u00fcgyint\u00e9z\u0151<\/p>\n<\/td>\n<\/tr>\n<tr>\n<td><strong>Egyetemi mell\u00e9k:<\/strong><\/td>\n<td>+36 1 459-1500 \/\u00a0<strong>56545<\/strong><\/td>\n<\/tr>\n<tr>\n<td><strong>E-mail:<\/strong>\u00a0<\/td>\n<td><span id=\"cloak12803\"><\/span><\/p>\n<div id=\"GroupWiseSection_1644840767000_gasparik.szilvia@public.semmelweis-univ.hu_99EDDF01183000009784000000000000_\" class=\"GroupWiseMessageBody active\">\n<div>\n<div>meszaros.eva@semmelweis.hu<\/div>\n<\/div>\n<\/div>\n<\/td>\n<\/tr>\n<\/tbody>\n<\/table>\n","protected":false},"excerpt":{"rendered":"<p>Beoszt\u00e1s<\/p>\n<p>tanulm\u00e1nyi \u00fcgyint\u00e9z\u0151<\/p>\n<p>Egyetemi mell\u00e9k:<br \/>\n+36 1 459-1500 \/\u00a056545<\/p>\n<p>E-mail:\u00a0<\/p>\n<p>meszaros.eva@semmelweis.hu<\/p>\n","protected":false},"author":101670,"featured_media":0,"parent":0,"menu_order":0,"comment_status":"closed","ping_status":"closed","template":"","meta":{"_acf_changed":false,"footnotes":""},"categories":[],"tags":[],"class_list":["post-8613","page","type-page","status-publish","hentry"],"acf":[],"_links":{"self":[{"href":"https:\/\/semmelweis.hu\/mental\/wp-json\/wp\/v2\/pages\/8613","targetHints":{"allow":["GET"]}}],"collection":[{"href":"https:\/\/semmelweis.hu\/mental\/wp-json\/wp\/v2\/pages"}],"about":[{"href":"https:\/\/semmelweis.hu\/mental\/wp-json\/wp\/v2\/types\/page"}],"author":[{"embeddable":true,"href":"https:\/\/semmelweis.hu\/mental\/wp-json\/wp\/v2\/users\/101670"}],"replies":[{"embeddable":true,"href":"https:\/\/semmelweis.hu\/mental\/wp-json\/wp\/v2\/comments?post=8613"}],"version-history":[{"count":1,"href":"https:\/\/semmelweis.hu\/mental\/wp-json\/wp\/v2\/pages\/8613\/revisions"}],"predecessor-version":[{"id":8614,"href":"https:\/\/semmelweis.hu\/mental\/wp-json\/wp\/v2\/pages\/8613\/revisions\/8614"}],"wp:attachment":[{"href":"https:\/\/semmelweis.hu\/mental\/wp-json\/wp\/v2\/media?parent=8613"}],"wp:term":[{"taxonomy":"category","embeddable":true,"href":"https:\/\/semmelweis.hu\/mental\/wp-json\/wp\/v2\/categories?post=8613"},{"taxonomy":"post_tag","embeddable":true,"href":"https:\/\/semmelweis.hu\/mental\/wp-json\/wp\/v2\/tags?post=8613"}],"curies":[{"name":"wp","href":"https:\/\/api.w.org\/{rel}","templated":true}]}}