{"id":8609,"date":"2026-01-06T10:56:35","date_gmt":"2026-01-06T09:56:35","guid":{"rendered":"https:\/\/semmelweis.hu\/mental\/?page_id=8609"},"modified":"2026-01-06T10:59:31","modified_gmt":"2026-01-06T09:59:31","slug":"munkatarsak-kormos-zsuzsanna","status":"publish","type":"page","link":"https:\/\/semmelweis.hu\/mental\/munkatarsak-kormos-zsuzsanna\/","title":{"rendered":"Kormos Zsuzsanna"},"content":{"rendered":"<table border=\"0\" cellspacing=\"5\" cellpadding=\"5\" align=\"center\">\n<tbody>\n<tr>\n<td>\n<p><strong>Beoszt\u00e1s<\/strong><\/p>\n<\/td>\n<td>\n<p>tanulm\u00e1nyi \u00fcgyint\u00e9z\u0151<\/p>\n<\/td>\n<\/tr>\n<tr>\n<td><strong>Egyetemi mell\u00e9k:<\/strong><\/td>\n<td>+36 1 459-1500 \/\u00a0<strong>56549<\/strong><\/td>\n<\/tr>\n<tr>\n<td><strong>E-mail:<\/strong>\u00a0<\/td>\n<td><span id=\"cloak12803\"><\/span><\/p>\n<div id=\"GroupWiseSection_1644840767000_gasparik.szilvia@public.semmelweis-univ.hu_99EDDF01183000009784000000000000_\" class=\"GroupWiseMessageBody active\">\n<div>\n<div>kormos.zsuzsanna@semmelweis.hu<\/div>\n<\/div>\n<\/div>\n<\/td>\n<\/tr>\n<\/tbody>\n<\/table>\n","protected":false},"excerpt":{"rendered":"<p>Beoszt\u00e1s<\/p>\n<p>tanulm\u00e1nyi \u00fcgyint\u00e9z\u0151<\/p>\n<p>Egyetemi mell\u00e9k:<br \/>\n+36 1 459-1500 \/\u00a056549<\/p>\n<p>E-mail:\u00a0<\/p>\n<p>kormos.zsuzsanna@semmelweis.hu<\/p>\n","protected":false},"author":101670,"featured_media":0,"parent":0,"menu_order":0,"comment_status":"closed","ping_status":"closed","template":"","meta":{"_acf_changed":false,"footnotes":""},"categories":[],"tags":[],"class_list":["post-8609","page","type-page","status-publish","hentry"],"acf":[],"_links":{"self":[{"href":"https:\/\/semmelweis.hu\/mental\/wp-json\/wp\/v2\/pages\/8609","targetHints":{"allow":["GET"]}}],"collection":[{"href":"https:\/\/semmelweis.hu\/mental\/wp-json\/wp\/v2\/pages"}],"about":[{"href":"https:\/\/semmelweis.hu\/mental\/wp-json\/wp\/v2\/types\/page"}],"author":[{"embeddable":true,"href":"https:\/\/semmelweis.hu\/mental\/wp-json\/wp\/v2\/users\/101670"}],"replies":[{"embeddable":true,"href":"https:\/\/semmelweis.hu\/mental\/wp-json\/wp\/v2\/comments?post=8609"}],"version-history":[{"count":2,"href":"https:\/\/semmelweis.hu\/mental\/wp-json\/wp\/v2\/pages\/8609\/revisions"}],"predecessor-version":[{"id":8612,"href":"https:\/\/semmelweis.hu\/mental\/wp-json\/wp\/v2\/pages\/8609\/revisions\/8612"}],"wp:attachment":[{"href":"https:\/\/semmelweis.hu\/mental\/wp-json\/wp\/v2\/media?parent=8609"}],"wp:term":[{"taxonomy":"category","embeddable":true,"href":"https:\/\/semmelweis.hu\/mental\/wp-json\/wp\/v2\/categories?post=8609"},{"taxonomy":"post_tag","embeddable":true,"href":"https:\/\/semmelweis.hu\/mental\/wp-json\/wp\/v2\/tags?post=8609"}],"curies":[{"name":"wp","href":"https:\/\/api.w.org\/{rel}","templated":true}]}}