{"id":8201,"date":"2025-11-05T20:16:45","date_gmt":"2025-11-05T19:16:45","guid":{"rendered":"https:\/\/semmelweis.hu\/mental\/?page_id=8201"},"modified":"2026-01-20T14:13:46","modified_gmt":"2026-01-20T13:13:46","slug":"kepzes-bemutatasa","status":"publish","type":"page","link":"https:\/\/semmelweis.hu\/mental\/mesterkepzesek\/rendszerszemleletu-pszichologia-mesterkepzesi-szak\/kepzes-bemutatasa\/","title":{"rendered":"K\u00e9pz\u00e9s bemutat\u00e1sa"},"content":{"rendered":"<p><b><span data-contrast=\"none\">RENDSZERSZEML\u00c9LET\u0170 PSZICHOL\u00d3GIA\u00a0MESTERK\u00c9PZ\u00c9SI\u00a0(MSc)\u00a0SZAK<\/span><\/b><span data-ccp-props=\"{&quot;201341983&quot;:0,&quot;335551550&quot;:6,&quot;335551620&quot;:6,&quot;335557856&quot;:16777215,&quot;335559739&quot;:240,&quot;335559740&quot;:240}\">\u00a0<\/span><\/p>\n<p><b><span data-contrast=\"none\">A k\u00e9pz\u00e9s nyelve:\u00a0<\/span><\/b><span data-ccp-props=\"{&quot;134233118&quot;:true,&quot;201341983&quot;:0,&quot;335551550&quot;:6,&quot;335551620&quot;:6,&quot;335557856&quot;:16777215,&quot;335559740&quot;:240}\">\u00a0<\/span><span data-contrast=\"none\">angol<\/span><span data-ccp-props=\"{&quot;134233118&quot;:true,&quot;201341983&quot;:0,&quot;335551550&quot;:6,&quot;335551620&quot;:6,&quot;335557856&quot;:16777215,&quot;335559740&quot;:240}\">\u00a0<\/span><\/p>\n<p><b><span data-contrast=\"none\">A k\u00e9pz\u00e9s munkarendje:\u00a0<\/span><\/b><span data-contrast=\"none\">nappali<\/span><span data-ccp-props=\"{&quot;134233118&quot;:true,&quot;201341983&quot;:0,&quot;335551550&quot;:6,&quot;335551620&quot;:6,&quot;335557856&quot;:16777215,&quot;335559740&quot;:240}\">\u00a0<\/span><\/p>\n<p><b><span data-contrast=\"none\">A k\u00e9pz\u00e9s megnevez\u00e9se:<\/span><\/b><span data-ccp-props=\"{&quot;134233118&quot;:true,&quot;201341983&quot;:0,&quot;335551550&quot;:6,&quot;335551620&quot;:6,&quot;335557856&quot;:16777215,&quot;335559740&quot;:240}\">\u00a0<\/span><span data-contrast=\"none\">rendszerszeml\u00e9let\u0171 pszichol\u00f3gia mesterk\u00e9pz\u00e9si szak<\/span><span data-ccp-props=\"{&quot;134233118&quot;:true,&quot;201341983&quot;:0,&quot;335551550&quot;:6,&quot;335551620&quot;:6,&quot;335557856&quot;:16777215,&quot;335559740&quot;:240}\"> \/<\/span><em>systemic psychology master programme\u00a0<\/em><\/p>\n<p><b><span data-contrast=\"none\">A k\u00e9pz\u00e9sben szerezhet\u0151 szakk\u00e9pzetts\u00e9g oklev\u00e9lben szerepl\u0151 megnevez\u00e9se:<\/span><\/b><span data-ccp-props=\"{&quot;134233118&quot;:true,&quot;201341983&quot;:0,&quot;335551550&quot;:6,&quot;335551620&quot;:6,&quot;335557856&quot;:16777215,&quot;335559740&quot;:240}\">\u00a0<\/span><span data-contrast=\"none\">okleveles rendszerszeml\u00e9let\u0171 pszichol\u00f3gus<\/span><span data-ccp-props=\"{&quot;134233118&quot;:true,&quot;201341983&quot;:0,&quot;335551550&quot;:6,&quot;335551620&quot;:6,&quot;335557856&quot;:16777215,&quot;335559740&quot;:240}\"> \/<\/span><em>\u00a0systemic\u00a0psychologist<\/em><span data-ccp-props=\"{&quot;134233118&quot;:true,&quot;201341983&quot;:0,&quot;335551550&quot;:6,&quot;335551620&quot;:6,&quot;335557856&quot;:16777215,&quot;335559740&quot;:240}\">\u00a0<\/span><\/p>\n<p><b><span data-contrast=\"none\">A k\u00e9pz\u00e9s k\u00e9pz\u00e9si ter\u00fclet szerinti besorol\u00e1sa:\u00a0<\/span><\/b><span data-ccp-props=\"{&quot;134233118&quot;:true,&quot;201341983&quot;:0,&quot;335551550&quot;:6,&quot;335551620&quot;:6,&quot;335557856&quot;:16777215,&quot;335559740&quot;:240}\">\u00a0<\/span><span data-contrast=\"none\">orvos- \u00e9s eg\u00e9szs\u00e9gtudom\u00e1ny k\u00e9pz\u00e9si ter\u00fclet<\/span><span data-ccp-props=\"{&quot;134233118&quot;:true,&quot;201341983&quot;:0,&quot;335551550&quot;:6,&quot;335551620&quot;:6,&quot;335557856&quot;:16777215,&quot;335559740&quot;:240}\">\u00a0<\/span><\/p>\n<p><b><span data-contrast=\"none\">A k\u00e9pz\u00e9si id\u0151 f\u00e9l\u00e9vekben:\u00a0<\/span><\/b><span data-ccp-props=\"{&quot;134233118&quot;:true,&quot;201341983&quot;:0,&quot;335551550&quot;:6,&quot;335551620&quot;:6,&quot;335557856&quot;:16777215,&quot;335559740&quot;:240}\">\u00a0<\/span><span data-contrast=\"none\">4 f\u00e9l\u00e9v<\/span><span data-ccp-props=\"{&quot;134233118&quot;:true,&quot;201341983&quot;:0,&quot;335551550&quot;:6,&quot;335551620&quot;:6,&quot;335557856&quot;:16777215,&quot;335559740&quot;:240}\">\u00a0<\/span><\/p>\n<p><b><span data-contrast=\"none\">A szakk\u00e9pzetts\u00e9g megszerz\u00e9s\u00e9hez \u00f6sszegy\u0171jtend\u0151 kreditek sz\u00e1ma:\u00a0<\/span><\/b><span data-ccp-props=\"{&quot;134233118&quot;:true,&quot;201341983&quot;:0,&quot;335551550&quot;:6,&quot;335551620&quot;:6,&quot;335557856&quot;:16777215,&quot;335559740&quot;:240}\">\u00a0<\/span><span data-contrast=\"none\">120 kredit<\/span><span data-ccp-props=\"{&quot;134233118&quot;:true,&quot;201341983&quot;:0,&quot;335551550&quot;:6,&quot;335551620&quot;:6,&quot;335557856&quot;:16777215,&quot;335559740&quot;:240}\">\u00a0<\/span><\/p>\n<p><span data-ccp-props=\"{&quot;134233118&quot;:true,&quot;201341983&quot;:0,&quot;335551550&quot;:6,&quot;335551620&quot;:6,&quot;335557856&quot;:16777215,&quot;335559740&quot;:240}\">\u00a0<\/span><\/p>\n<p><b><span data-contrast=\"none\">A mesterk\u00e9pz\u00e9si szak k\u00e9pz\u00e9si c\u00e9lja \u00e9s az elsaj\u00e1t\u00edthat\u00f3 szakmai kompetenci\u00e1k:<\/span><\/b><span data-ccp-props=\"{&quot;134233118&quot;:true,&quot;201341983&quot;:0,&quot;335551550&quot;:6,&quot;335551620&quot;:6,&quot;335557856&quot;:16777215,&quot;335559740&quot;:240}\">\u00a0<\/span><\/p>\n<p style=\"text-align: justify\"><span data-contrast=\"none\">A k\u00e9pz\u00e9s c\u00e9lja rendszerszeml\u00e9let\u0171 pszichol\u00f3gusok k\u00e9pz\u00e9se, akik az orvos- \u00e9s\u00a0eg\u00e9szs\u00e9gtudom\u00e1nyok \u00e9s az alkalmazott pszichol\u00f3giai tudom\u00e1nyok relev\u00e1ns\u00a0ismereteinek elsaj\u00e1t\u00edt\u00e1s\u00e1val \u00e9s az ahhoz kapcsol\u00f3d\u00f3 m\u00f3dszertani \u00e9s gyakorlati\u00a0ismeretek birtok\u00e1ban k\u00e9pesek a prevenci\u00f3, eg\u00e9szs\u00e9gprom\u00f3ci\u00f3, eg\u00e9szs\u00e9gfejleszt\u00e9s \u00e9s\u00a0eg\u00e9szs\u00e9grehabilit\u00e1ci\u00f3 ter\u00fclet\u00e9n jelentkez\u0151 feladatok ell\u00e1t\u00e1s\u00e1ra, \u00e9s k\u00e9pesek\u00a0ismereteiket az egy\u00e9nek, csal\u00e1dok, csoportok, k\u00f6z\u00f6ss\u00e9gek vagy szervezetek\u00a0megismer\u00e9se \u00e9s fejleszt\u00e9se \u00e9rdek\u00e9ben haszn\u00e1lni. A szakon v\u00e9gzettek felk\u00e9sz\u00fcltek\u00a0tanulm\u00e1nyaik doktori k\u00e9pz\u00e9sben t\u00f6rt\u00e9n\u0151 folytat\u00e1s\u00e1ra.<\/span><span data-ccp-props=\"{&quot;201341983&quot;:0,&quot;335551550&quot;:6,&quot;335551620&quot;:6,&quot;335557856&quot;:16777215,&quot;335559739&quot;:0,&quot;335559740&quot;:240}\">\u00a0<\/span><\/p>\n<p style=\"text-align: justify\">A k\u00e9pz\u00e9s elm\u00e9leti alapj\u00e1t a <strong>rendszerszeml\u00e9let\u0171 pszichol\u00f3gia<\/strong> adja, amely az egy\u00e9ni m\u0171k\u00f6d\u00e9st t\u00e1gabb szociokultur\u00e1lis, csal\u00e1di \u00e9s szervezeti \u00f6sszef\u00fcgg\u00e9srendszerben elemzi. A hallgat\u00f3k elsaj\u00e1t\u00edtj\u00e1k a klinikai pszichol\u00f3gia \u00e9s az eg\u00e9szs\u00e9gpszichol\u00f3gia f\u0151bb modelljeit, a pszichodiagnosztikai elj\u00e1r\u00e1sokat, valamint a pszichopatol\u00f3giai illetve kr\u00f3nikus betegs\u00e9g\u00e1llapotok rendszerszint\u0171 kezel\u00e9s\u00e9nek lehet\u0151s\u00e9geit. A szak kiemelt figyelmet ford\u00edt az interdiszciplin\u00e1ris egy\u00fcttm\u0171k\u00f6d\u00e9sre \u00e9s a reflex\u00edv szakmai identit\u00e1s kialak\u00edt\u00e1s\u00e1ra. Az elm\u00e9leti tud\u00e1s megalapoz\u00e1sa mellett a kiscsoportos, szuperv\u00edzi\u00f3val k\u00eds\u00e9rt terepgyakorlatok \u00e9s klinikai megfigyel\u00e9sek is hangs\u00falyosak.<\/p>\n<p>A program k\u00e9t szakaszra oszlik:<\/p>\n<ul>\n<li><strong>Els\u0151 \u00e9v:<\/strong> Alapoz\u00f3 kurzusok (pl. pszichopatol\u00f3gia, fejl\u0151d\u00e9spszichol\u00f3gia, kutat\u00e1sm\u00f3dszertan), szupervizi\u00f3val k\u00eds\u00e9rt <strong>intervenci\u00f3s helyzetgyakorlatok<\/strong> \u00e9s a kommunik\u00e1ci\u00f3s k\u00e9szs\u00e9gfejleszt\u00e9s.<\/li>\n<li><strong>M\u00e1sodik \u00e9v:<\/strong> A hallgat\u00f3k <strong>k\u00fcls\u0151 szakmai terepgyakorlatokon<\/strong> vesznek r\u00e9szt (8 kredit), \u00e9s speci\u00e1lis szaktud\u00e1st szerezhetnek az al\u00e1bbi v\u00e1laszthat\u00f3 modulok egyik\u00e9n:\n<ul>\n<li><strong>Pedi\u00e1triai pszichol\u00f3gia \u00e9s medik\u00e1lis csal\u00e1dter\u00e1pia<\/strong>,<\/li>\n<li><strong>K\u00f6t\u0151d\u00e9s-f\u00f3kusz\u00fa megk\u00f6zel\u00edt\u00e9sek a rendszerszeml\u00e9let\u0171 intervenci\u00f3s gyakorlatban,<\/strong><\/li>\n<li><strong>A lelkigondoz\u00f3i szeml\u00e9let integr\u00e1ci\u00f3ja a pszichol\u00f3giai tan\u00e1csad\u00e1si folyamatba.<\/strong><\/li>\n<\/ul>\n<\/li>\n<\/ul>\n<p><span data-ccp-props=\"{&quot;201341983&quot;:0,&quot;335551550&quot;:6,&quot;335551620&quot;:6,&quot;335557856&quot;:16777215,&quot;335559739&quot;:0,&quot;335559740&quot;:240}\">\u00a0<\/span><\/p>\n<p><b><span data-contrast=\"none\">Tov\u00e1bbi inform\u00e1ci\u00f3k a Rendszerszeml\u00e9let\u0171 pszichol\u00f3gia mesterk\u00e9pz\u00e9si szakr\u00f3l<\/span><\/b><span data-ccp-props=\"{&quot;134233118&quot;:true,&quot;201341983&quot;:0,&quot;335557856&quot;:16777215,&quot;335559740&quot;:240}\">\u00a0<\/span><\/p>\n<p><a href=\"https:\/\/semmelweis.hu\/mental\/mesterkepzesek\/rendszerszemleletu-pszichologia-mesterkepzesi-szak\/tanulmanyi-program\/\" target=\"_blank\" rel=\"noopener\"><span data-contrast=\"auto\">Tanulm\u00e1nyi program<\/span><span data-ccp-props=\"{}\">\u00a0<\/span><\/a><\/p>\n<p><a href=\"https:\/\/semmelweis.hu\/mental\/mesterkepzesek\/rendszerszemleletu-pszichologia-mesterkepzesi-szak\/kontaktszemelyek\/\" target=\"_blank\" rel=\"noopener\"><span data-contrast=\"auto\">Kontaktszem\u00e9lyek<\/span><span data-ccp-props=\"{}\">\u00a0<\/span><\/a><\/p>\n<p><a href=\"https:\/\/semmelweis.hu\/mental\/mesterkepzesek\/rendszerszemleletu-pszichologia-mesterkepzesi-szak\/felvetel-a-kepzesre\/\" target=\"_blank\" rel=\"noopener\"><span data-contrast=\"auto\">Felv\u00e9tel a k\u00e9pz\u00e9sre<\/span><span data-ccp-props=\"{}\">\u00a0<\/span><\/a><\/p>\n<p><a href=\"https:\/\/semmelweis.hu\/mental\/mesterkepzesek\/rendszerszemleletu-pszichologia-mesterkepzesi-szak\/praktikus-informaciok-felvetelizoknek\/\" target=\"_blank\" rel=\"noopener\"><span data-contrast=\"auto\">Praktikus inform\u00e1ci\u00f3k felv\u00e9teliz\u0151knek<\/span><span data-ccp-props=\"{}\">\u00a0<\/span><\/a><\/p>\n","protected":false},"excerpt":{"rendered":"<p>RENDSZERSZEML\u00c9LET\u0170 PSZICHOL\u00d3GIA\u00a0MESTERK\u00c9PZ\u00c9SI\u00a0(MSc)\u00a0SZAK\u00a0 A k\u00e9pz\u00e9s nyelve:\u00a0\u00a0angol\u00a0 A k\u00e9pz\u00e9s munkarendje:\u00a0nappali\u00a0 A k\u00e9pz\u00e9s megnevez\u00e9se:\u00a0rendszerszeml\u00e9let\u0171 pszichol\u00f3gia mesterk\u00e9pz\u00e9si szak \/systemic psychology master programme\u00a0 A k\u00e9pz\u00e9sben szerezhet\u0151 szakk\u00e9pzetts\u00e9g oklev\u00e9lben szerepl\u0151 megnevez\u00e9se:\u00a0okleveles rendszerszeml\u00e9let\u0171 pszichol\u00f3gus \/\u00a0systemic\u00a0psychologist\u00a0 A k\u00e9pz\u00e9s k\u00e9pz\u00e9si ter\u00fclet szerinti besorol\u00e1sa:\u00a0\u00a0orvos- \u00e9s eg\u00e9szs\u00e9gtudom\u00e1ny k\u00e9pz\u00e9si ter\u00fclet\u00a0 A k\u00e9pz\u00e9si id\u0151 f\u00e9l\u00e9vekben:\u00a0\u00a04 f\u00e9l\u00e9v\u00a0 A szakk\u00e9pzetts\u00e9g megszerz\u00e9s\u00e9hez \u00f6sszegy\u0171jtend\u0151 kreditek sz\u00e1ma:\u00a0\u00a0120 kredit\u00a0 \u00a0 A mesterk\u00e9pz\u00e9si szak k\u00e9pz\u00e9si &hellip;<\/p>\n","protected":false},"author":101669,"featured_media":0,"parent":8199,"menu_order":1,"comment_status":"closed","ping_status":"closed","template":"","meta":{"_acf_changed":false,"footnotes":""},"categories":[],"tags":[],"class_list":["post-8201","page","type-page","status-publish","hentry"],"acf":[],"_links":{"self":[{"href":"https:\/\/semmelweis.hu\/mental\/wp-json\/wp\/v2\/pages\/8201","targetHints":{"allow":["GET"]}}],"collection":[{"href":"https:\/\/semmelweis.hu\/mental\/wp-json\/wp\/v2\/pages"}],"about":[{"href":"https:\/\/semmelweis.hu\/mental\/wp-json\/wp\/v2\/types\/page"}],"author":[{"embeddable":true,"href":"https:\/\/semmelweis.hu\/mental\/wp-json\/wp\/v2\/users\/101669"}],"replies":[{"embeddable":true,"href":"https:\/\/semmelweis.hu\/mental\/wp-json\/wp\/v2\/comments?post=8201"}],"version-history":[{"count":10,"href":"https:\/\/semmelweis.hu\/mental\/wp-json\/wp\/v2\/pages\/8201\/revisions"}],"predecessor-version":[{"id":8740,"href":"https:\/\/semmelweis.hu\/mental\/wp-json\/wp\/v2\/pages\/8201\/revisions\/8740"}],"up":[{"embeddable":true,"href":"https:\/\/semmelweis.hu\/mental\/wp-json\/wp\/v2\/pages\/8199"}],"wp:attachment":[{"href":"https:\/\/semmelweis.hu\/mental\/wp-json\/wp\/v2\/media?parent=8201"}],"wp:term":[{"taxonomy":"category","embeddable":true,"href":"https:\/\/semmelweis.hu\/mental\/wp-json\/wp\/v2\/categories?post=8201"},{"taxonomy":"post_tag","embeddable":true,"href":"https:\/\/semmelweis.hu\/mental\/wp-json\/wp\/v2\/tags?post=8201"}],"curies":[{"name":"wp","href":"https:\/\/api.w.org\/{rel}","templated":true}]}}