{"id":78,"date":"2018-06-13T13:48:04","date_gmt":"2018-06-13T11:48:04","guid":{"rendered":"http:\/\/semmelweis.hu\/mental\/?page_id=78"},"modified":"2026-02-04T13:55:41","modified_gmt":"2026-02-04T12:55:41","slug":"a-kepzes-bemutatasa","status":"publish","type":"page","link":"https:\/\/semmelweis.hu\/mental\/szakiranyu-kepzesek\/laktacios-szaktanacsado\/a-kepzes-bemutatasa\/","title":{"rendered":"A k\u00e9pz\u00e9s bemutat\u00e1sa"},"content":{"rendered":"<p><strong>A k\u00e9pz\u00e9s Tanulm\u00e1nyi T\u00e1j\u00e9koztat\u00f3ja megtal\u00e1lhat\u00f3 a csatolm\u00e1nyok k\u00f6z\u00f6tt.<\/strong><\/p>\n<p><strong>A k\u00e9pz\u00e9s meghirdet\u0151i:<\/strong> A Semmelweis Egyetem-Eg\u00e9szs\u00e9g\u00fcgyi K\u00f6zszolg\u00e1lati Kar, Ment\u00e1lhigi\u00e9n\u00e9 Int\u00e9zete, egy\u00fcttm\u0171k\u00f6d\u00e9sben a Szoptat\u00e1s\u00e9rt Magyar Egyes\u00fclettel<\/p>\n<p><strong>A k\u00e9pz\u00e9s szintje:<\/strong> Szakir\u00e1ny\u00fa v\u00e9gzetts\u00e9g. Az oklev\u00e9len felt\u00fcntetett szakk\u00e9pzetts\u00e9g megnevez\u00e9se:\u00a0<strong><em>Lakt\u00e1ci\u00f3s Szaktan\u00e1csad\u00f3<\/em><\/strong><\/p>\n<p><strong>A k\u00e9pz\u00e9s helye:<\/strong> Budapest<\/p>\n<p><strong>A k\u00e9pz\u00e9s nyelve:<\/strong> magyar<\/p>\n<p><strong>A k\u00e9pz\u00e9s specifikuma:<\/strong> A k\u00e9pz\u00e9s ismeretanyaga megegyezik a nemzetk\u00f6zi lakt\u00e1ci\u00f3s szaktan\u00e1csad\u00f3 vizsga (IBCLC) anyag\u00e1val.\u00a0<\/p>\n<p><strong>A k\u00e9pz\u00e9s id\u0151tartama:<\/strong> 3 f\u00e9l\u00e9v (90 kredit)\u00a0<\/p>\n<p><strong>A tanulm\u00e1nyi \u00f3r\u00e1k sz\u00e1ma:\u00a0<\/strong><\/p>\n<ul style=\"list-style-type: circle\">\n<li>217 kontakt\u00f3ra<\/li>\n<li>\u00e9s ezen fel\u00fcl eg\u00e9szs\u00e9g\u00fcgyi t\u00e1rgyak a nem eg\u00e9szs\u00e9g\u00fcgyi v\u00e9gzetts\u00e9ggel rendelkez\u0151 hallgat\u00f3k r\u00e9sz\u00e9re (l\u00e1sd az oldal alj\u00e1n a mintatantervet)<\/li>\n<li>30 \u00f3ra\/kredit tanul\u00e1si id\u0151vel sz\u00e1molva kb. 2400 \u00f3ra egy\u00e9ni tanul\u00e1ssal elsaj\u00e1t\u00edtand\u00f3 tananyag. Ez a 2400 \u00f3ra tartalmazza a vizsg\u00e1kra k\u00e9sz\u00fcl\u00e9st, beadand\u00f3k elk\u00e9sz\u00edt\u00e9s\u00e9t, \u00f3r\u00e1k el\u0151tt el\u0151zetesen kiadott feladatok elv\u00e9gz\u00e9s\u00e9t \u00e9s az egy\u00e9ni tananyag-elsaj\u00e1t\u00edt\u00e1s egy\u00e9b form\u00e1it.<\/li>\n<\/ul>\n<p><strong>A k\u00e9pz\u00e9s form\u00e1ja:<\/strong> Levelez\u0151, k\u00f6lts\u00e9gt\u00e9r\u00edt\u00e9ses<\/p>\n<p><strong>A k\u00e9pz\u00e9s gyakoris\u00e1ga:<\/strong> havonta, p\u00e9nteki \u00e9s szombati napokon szem\u00e9lyes jelenl\u00e9ttel megtartott (kb. 9:00 \u00f3rai kezd\u00e9sre \u00e9s 18:00-19:00 \u00f3rai z\u00e1r\u00e1sra kell sz\u00e1m\u00edtani)<\/p>\n<p><strong>K\u00f6lts\u00e9gt\u00e9r\u00edt\u00e9s \u00f6sszege: <\/strong>A 2026-ban indul\u00f3 \u00e9vfolyam hallgat\u00f3i sz\u00e1m\u00e1ra 240 000 Ft\/f\u00e9l\u00e9v.<\/p>\n<p>A k\u00f6lts\u00e9gt\u00e9r\u00edt\u00e9s r\u00e9szbeni vagy teljes megfizet\u00e9se t\u00f6rt\u00e9nhet int\u00e9zm\u00e9nyi, \u00f6nkorm\u00e1nyzati, v\u00e1llalati, alap\u00edtv\u00e1nyi, vagy egy\u00e9b forr\u00e1sb\u00f3l sz\u00e1rmaz\u00f3 t\u00e1mogat\u00e1ssal is. A befizetett \u00f6sszegr\u0151l az Egyetem sz\u00e1ml\u00e1t \u00e1ll\u00edt ki a befizet\u0151 nev\u00e9re.<\/p>\n<p><strong>A k\u00e9pz\u00e9s szakmai vezet\u0151i:<\/strong><\/p>\n<ul>\n<li><strong>Dr. T\u00f6r\u00f6k Szabolcs PhD<\/strong>, csecsem\u0151- \u00e9s gyermekgy\u00f3gy\u00e1sz szakorvos, ment\u00e1lhigi\u00e9n\u00e9s szakember, egyetemi tan\u00e1r,<\/li>\n<li><strong>Dr. W. Ungv\u00e1ry Ren\u00e1ta<\/strong>, egyetemi adjunktus, szakcsoportvezet\u0151,<\/li>\n<li><strong>Dr. V\u00e1rady Erzs\u00e9bet<\/strong>, csecsem\u0151- \u00e9s gyermekgy\u00f3gy\u00e1sz szakorvos, neonatol\u00f3gus szakorvos, nemzetk\u00f6zi vizsg\u00e1val rendelkez\u0151 lakt\u00e1ci\u00f3s szaktan\u00e1csad\u00f3 (IBCLC), a Szoptat\u00e1st T\u00e1mogat\u00f3 Nemzeti Bizotts\u00e1g tagja.<\/li>\n<\/ul>\n<div class=\"w-100 keretes\" style=\"text-align: justify\">Interj\u00fa <strong>dr. W. Ungv\u00e1ry Ren\u00e1t\u00e1val<\/strong>, a Semmelweis Egyetem Ment\u00e1lhigi\u00e9n\u00e9 Int\u00e9zet adjunktus\u00e1val, a lakt\u00e1ci\u00f3s szaktan\u00e1csad\u00f3 szakir\u00e1ny\u00fa k\u00e9pz\u00e9s szakcsoportvezet\u0151j\u00e9vel:<a href=\"https:\/\/semmelweis.hu\/hirek\/2024\/11\/21\/egyre-nagyobb-szukseg-van-az-egyetem-egyedulallo-laktacios-szaktanacsado-kepzesere\" target=\"_blank\" rel=\"noopener\"><strong> Egyre nagyobb sz\u00fcks\u00e9g van az egyetem egyed\u00fcl\u00e1ll\u00f3 lakt\u00e1ci\u00f3s szaktan\u00e1csad\u00f3 k\u00e9pz\u00e9s\u00e9re<\/strong><\/a><\/div>\n<p><strong>A k\u00e9pz\u00e9sben r\u00e9szt vev\u0151 oktat\u00f3k \u00e9s tereptan\u00e1rok:<\/strong> A Semmelweis Egyetem \u00e9s a Szoptat\u00e1s\u00e9rt Magyar Egyes\u00fclet oktat\u00f3i: Dr. Bang\u00f3 M\u00e1rta, Dr. Benkovics J\u00falia, Dr. B\u00f3n\u00e9 Veronika, Dobrova Beatrix, Dr. Erd\u00e9lyi Fruzsina, Hasill\u00f3 Annam\u00e1ria, Dr. Kaposv\u00e1ri M\u00e1ria, Dr. Kiss Eleon\u00f3ra, Dr. Kun Judit, Dr. Kutas Katalin, Dr. Pelik\u00e1n Anett, Dr. Sarlai Katalin, Sz\u0151dy Judit, T\u00f3th Orsolya, Dr. V\u00e1rady Erzs\u00e9bet, Dr. W. Ungv\u00e1ry Ren\u00e1ta.<\/p>\n<p><strong>A k\u00e9pz\u00e9s nemzetk\u00f6zi lakt\u00e1ci\u00f3s szaktan\u00e1csad\u00f3 vizsg\u00e1val rendelkez\u0151 tereptan\u00e1rai:<\/strong> Dr. Berta Gabriella-Budapest; Cz\u00e1kn\u00e9 Varga Ildik\u00f3-Pom\u00e1z, Budapest, Budakal\u00e1sz; Dobrova Beatrix-Pilisv\u00f6r\u00f6sv\u00e1r; Gaborj\u00e1kn\u00e9 Kov\u00e1cs Judit-Szeged; Hasill\u00f3 Annam\u00e1ria-Eger; <span style=\"font-size: 1rem\">Ily\u00e9s Annam\u00e1ria-Fegyvernek, JNSZ-megye; <\/span><span style=\"font-size: 1rem\">Juh\u00e1szn\u00e9 Dr. Kun Judit-\u00c9rd; Dr. Kiss Eleon\u00f3ra-Budapest; Dr. Kutas Katalin-Budapest; Luczay R\u00e9ka-Budapest; Dr. M\u00e1rkos Rita Krisztina-Baja; Dr. M\u00e1rkus Anita-Si\u00f3fok; Papp Katalin-Paks \u00e9s k\u00f6rny\u00e9ke, Dr. Pelik\u00e1n Anett-Budapest; Dr. Sarlai Katalin-Budapest; Stummer-Sz\u00f6gi Zsuzsanna-Budapest; Szab\u00f3 B\u00e9l\u00e1n\u00e9, Rita-Kecskem\u00e9t, Cegl\u00e9d, Nagyk\u0151r\u00f6s; Szab\u00f3n\u00e9 Kis \u00c9va-Kecskem\u00e9t; Dr. Sztahovits Petra-F\u00f3t, Budapest; Szulovszky Szilvia-Budapest \u00e9s k\u00f6rny\u00e9ke; T\u00f3th Orsolya-Szentendre; Vigh-Haris Gabriella-Esztergom \u00e9s k\u00f6rny\u00e9ke, Dunakanyar, Budapest; Dr. W. Ungv\u00e1ry Ren\u00e1ta-Pom\u00e1z, Budapest; Werner Katalin-P\u00e9cel, Budapest, D\u00e9l-Buda vonz\u00e1sk\u00f6rzete: \u00c9rd, Biatorb\u00e1gy, Szigethalom, Hal\u00e1sztelek; Dr. Z\u00e1tonyi Ad\u00e9l-B\u00e9k\u00e9scsaba \u00e9s k\u00f6rny\u00e9ke, valamint Ol\u00e1h Csilla \u00e9s <\/span><span style=\"font-size: 1rem\">Dr. Per\u00e9nyin\u00e9 Dr. Varga Katalin internetes tereptan\u00e1rok.<\/span><\/p>\n<div class=\"w-100 fontos_div\" style=\"text-align: justify\"><strong>A k\u00e9pz\u00e9s c\u00e9lja:<\/strong> A hum\u00e1n seg\u00edt\u0151 foglalkoz\u00e1s\u00fa alapdiplom\u00e1val rendelkez\u0151 eg\u00e9szs\u00e9g\u00fcgyben dolgoz\u00f3 szakemberek tov\u00e1bbk\u00e9pz\u00e9se, szeml\u00e9let\u00e9nek alak\u00edt\u00e1sa annak \u00e9rdek\u00e9ben, hogy munk\u00e1jukat a lakt\u00e1ci\u00f3 ter\u00e9n korszer\u0171 ismeretekkel gyarapodva magasabb szinten v\u00e9gezhess\u00e9k.<\/div>\n<p>A k\u00e9pz\u00e9s tananyaga a nemzetk\u00f6zi lakt\u00e1ci\u00f3s szaktan\u00e1csad\u00f3i (IBCLC) vizsga k\u00edv\u00e1nalmainak megfelel.<\/p>\n<p>Tov\u00e1bbi felt\u00e9tel, hogy a jelentkez\u0151 rendelkezzen 1000 \u00f3ra igazolhat\u00f3 klinikai tapasztalattal szoptat\u00f3 anya-gyerek p\u00e1rosok k\u00eds\u00e9r\u00e9se ter\u00e9n, mely kiv\u00e1lthat\u00f3 500 \u00f3ra nemzetk\u00f6zi lakt\u00e1ci\u00f3s szaktan\u00e1csad\u00f3 mentor\u00e1l\u00e1sa mellett t\u00f6rt\u00e9n\u0151 gyakorlattal. Az \u00f3r\u00e1k megszerz\u00e9se p\u00f3tolhat\u00f3 a harmadik f\u00e9l\u00e9v v\u00e9g\u00e9ig, de a felv\u00e9teli sor\u00e1n a tapasztalat megl\u00e9te el\u0151nyt jelent.<\/p>\n<p>A k\u00e9pz\u00e9sbe integr\u00e1lt 24 \u00f3ra klinikai gyakorlat nem \u00e9rtend\u0151 bele az 1000\/500 \u00f3ra gyakorlatba. Ez ut\u00f3bbi a k\u00e9pz\u00e9s el\u0151felt\u00e9tele.<\/p>\n<p><strong>Jelentkez\u00e9s online fel\u00fcleten t\u00f6rt\u00e9nik <span style=\"color: #339966\"><span style=\"color: #008000\"><a href=\"https:\/\/mhi.semmelweis.hu\/login\">ITT<\/a><\/span>.<\/span><\/strong><\/p>\n<p><b>A jelentkez\u00e9s d\u00edja: <\/b>9\u00a0000,- (A d\u00edjat a jelentkez\u00e9si fel\u00fcleten t\u00f6rt\u00e9nt regisztr\u00e1ci\u00f3 ut\u00e1n, a jelentkez\u00e9s utols\u00f3 l\u00e9p\u00e9sek\u00e9nt kell fizetni utal\u00e1ssal, vagy bankk\u00e1rty\u00e1s fizet\u00e9ssel.)<\/p>\n<p><strong>Jelentkez\u00e9si hat\u00e1rid\u0151 v\u00e1rhat\u00f3an:<\/strong> 2026. m\u00e1rcius 31.<\/p>\n<p>A jelentkez\u00e9si fel\u00fclet v\u00e1rhat\u00f3an 2026. febru\u00e1r elej\u00e9n ny\u00edlik meg.<\/p>\n<p><strong>Sz\u00f3beli felv\u00e9teli besz\u00e9lget\u00e9s:<\/strong> A sz\u00f3beli felv\u00e9teli a felv\u00e9teli krit\u00e9riumok megl\u00e9t\u00e9t \u00e9s a k\u00e9pz\u00e9sre val\u00f3 alkalmass\u00e1got hivatott vizsg\u00e1lni. R\u00e9szt vesznek rajta a k\u00e9pz\u00e9s vezet\u0151i \u00e9s oktat\u00f3i.<\/p>\n<p><strong>A k\u00e9pz\u00e9s helysz\u00ednei:<\/strong><\/p>\n<p>Felt\u00f6lt\u00e9s alatt.<\/p>\n<p><strong>Terepgyakorlatok helysz\u00edne:<\/strong> A szakmai gyakorlatok egy r\u00e9sze Budapesten \u00e9s kijel\u00f6lt vid\u00e9ki v\u00e1rosokban, m\u00e1s r\u00e9sze az orsz\u00e1g t\u00f6bb pontj\u00e1n is teljes\u00edthet\u0151.<\/p>\n<p><strong>Tanulm\u00e1nyi \u00fcgyekkel, szab\u00e1lyokkal kapcsolatos tov\u00e1bbi inform\u00e1ci\u00f3k:<\/strong><\/p>\n<p><a href=\"mailto:mental.tanulmanyi@semmelweis.hu\" target=\"_blank\" rel=\"noopener\"><span id=\"cloak86114\">mental.tanulmanyi@semmelweis.hu<\/span><\/a><\/p>\n<p><strong>Tov\u00e1bbi inform\u00e1ci\u00f3:<\/strong> <br \/>dr. W. Ungv\u00e1ry Ren\u00e1ta szakfelel\u0151s, 30\/202-0870, <span id=\"cloak89445\" style=\"font-size: 1rem\"><a href=\"mailto:ungvary.renata@semmelweis.hu\" target=\"_blank\" rel=\"noopener\">ungvary.renata@semmelweis.hu<\/a>, <\/span>Semmelweis Egyetem Ment\u00e1lhigi\u00e9n\u00e9 Int\u00e9zet<\/p>\n<p>So\u00f3ki Blanka oktat\u00e1sszervez\u0151, sooki.blanka.boglarka@semmelweis.hu, Semmelweis Egyetem Ment\u00e1lhigi\u00e9n\u00e9 Int\u00e9zet<\/p>\n<p style=\"text-align: left\"><strong>Csatolt dokumentumok:<\/strong><\/p>\n<ul style=\"list-style-type: disc\">\n<li><strong><a href=\"https:\/\/semmelweis.hu\/mental\/files\/2024\/10\/Mintatanterv-2024.-oktober.pdf\">Mintatanterv 2025.<\/a><\/strong><\/li>\n<li><strong><a href=\"https:\/\/semmelweis.hu\/mental\/files\/2025\/02\/SE_EKK_MHI_Laktacio_tanulmanyi_tajekoztato_2024_2026_KT.pdf\">Tanulm\u00e1nyi t\u00e1j\u00e9koztat\u00f3 2025.<\/a><\/strong><\/li>\n<\/ul>\n","protected":false},"excerpt":{"rendered":"<p>A k\u00e9pz\u00e9s Tanulm\u00e1nyi T\u00e1j\u00e9koztat\u00f3ja megtal\u00e1lhat\u00f3 a csatolm\u00e1nyok k\u00f6z\u00f6tt. A k\u00e9pz\u00e9s meghirdet\u0151i: A Semmelweis Egyetem-Eg\u00e9szs\u00e9g\u00fcgyi K\u00f6zszolg\u00e1lati Kar, Ment\u00e1lhigi\u00e9n\u00e9 Int\u00e9zete, egy\u00fcttm\u0171k\u00f6d\u00e9sben a Szoptat\u00e1s\u00e9rt Magyar Egyes\u00fclettel A k\u00e9pz\u00e9s szintje: Szakir\u00e1ny\u00fa v\u00e9gzetts\u00e9g. Az oklev\u00e9len felt\u00fcntetett szakk\u00e9pzetts\u00e9g megnevez\u00e9se:\u00a0Lakt\u00e1ci\u00f3s Szaktan\u00e1csad\u00f3 A k\u00e9pz\u00e9s helye: Budapest A k\u00e9pz\u00e9s nyelve: magyar A k\u00e9pz\u00e9s specifikuma: A k\u00e9pz\u00e9s ismeretanyaga megegyezik a nemzetk\u00f6zi lakt\u00e1ci\u00f3s szaktan\u00e1csad\u00f3 vizsga (IBCLC) &hellip;<\/p>\n","protected":false},"author":101614,"featured_media":0,"parent":11,"menu_order":2,"comment_status":"closed","ping_status":"closed","template":"","meta":{"_acf_changed":false,"footnotes":""},"categories":[],"tags":[],"class_list":["post-78","page","type-page","status-publish","hentry"],"acf":[],"_links":{"self":[{"href":"https:\/\/semmelweis.hu\/mental\/wp-json\/wp\/v2\/pages\/78","targetHints":{"allow":["GET"]}}],"collection":[{"href":"https:\/\/semmelweis.hu\/mental\/wp-json\/wp\/v2\/pages"}],"about":[{"href":"https:\/\/semmelweis.hu\/mental\/wp-json\/wp\/v2\/types\/page"}],"author":[{"embeddable":true,"href":"https:\/\/semmelweis.hu\/mental\/wp-json\/wp\/v2\/users\/101614"}],"replies":[{"embeddable":true,"href":"https:\/\/semmelweis.hu\/mental\/wp-json\/wp\/v2\/comments?post=78"}],"version-history":[{"count":12,"href":"https:\/\/semmelweis.hu\/mental\/wp-json\/wp\/v2\/pages\/78\/revisions"}],"predecessor-version":[{"id":8925,"href":"https:\/\/semmelweis.hu\/mental\/wp-json\/wp\/v2\/pages\/78\/revisions\/8925"}],"up":[{"embeddable":true,"href":"https:\/\/semmelweis.hu\/mental\/wp-json\/wp\/v2\/pages\/11"}],"wp:attachment":[{"href":"https:\/\/semmelweis.hu\/mental\/wp-json\/wp\/v2\/media?parent=78"}],"wp:term":[{"taxonomy":"category","embeddable":true,"href":"https:\/\/semmelweis.hu\/mental\/wp-json\/wp\/v2\/categories?post=78"},{"taxonomy":"post_tag","embeddable":true,"href":"https:\/\/semmelweis.hu\/mental\/wp-json\/wp\/v2\/tags?post=78"}],"curies":[{"name":"wp","href":"https:\/\/api.w.org\/{rel}","templated":true}]}}