{"id":71,"date":"2018-06-13T11:33:04","date_gmt":"2018-06-13T09:33:04","guid":{"rendered":"http:\/\/semmelweis.hu\/mental\/?page_id=71"},"modified":"2025-12-04T14:13:00","modified_gmt":"2025-12-04T13:13:00","slug":"a-kepzes-tortenete","status":"publish","type":"page","link":"https:\/\/semmelweis.hu\/mental\/szakiranyu-kepzesek\/mentalhigiene-tovabbkepzes\/a-kepzes-tortenete\/","title":{"rendered":"A k\u00e9pz\u00e9s t\u00f6rt\u00e9nete"},"content":{"rendered":"<p style=\"text-align: justify\"><strong>A ment\u00e1lhigi\u00e9n\u00e9 szakir\u00e1ny\u00fa tov\u00e1bbk\u00e9pz\u00e9si szak t\u00f6rt\u00e9nte<\/strong><\/p>\n<p style=\"text-align: justify\">1986-ban k\u00e9sz\u00edtette el <strong>Tomcs\u00e1nyi Teod\u00f3ra<\/strong> az iskolai rendszer\u0171, posztgradu\u00e1lis ment\u00e1lhigi\u00e9n\u00e9s k\u00e9pz\u00e9s els\u0151 koncepci\u00f3j\u00e1t, \u00e9s beny\u00fajtotta javaslatt\u00e9telre a Klinikai Pszichol\u00f3giai Szakmai Koll\u00e9giumhoz, enged\u00e9lyez\u00e9sre pedig az Orsz\u00e1gos Szakk\u00e9pz\u00e9si Bizotts\u00e1ghoz. E dokumentum alapj\u00e1n ind\u00edtotta el a M\u0171vel\u0151d\u00e9si Miniszt\u00e9rium Vezet\u0151k\u00e9pz\u0151 Int\u00e9zete, valamint az Orvostov\u00e1bbk\u00e9pz\u0151 Egyetem pszichoter\u00e1pi\u00e1s programj\u00e1nak keret\u00e9ben 1987-ben az els\u0151 k\u00e9pz\u00e9si kurzust, amelynek int\u00e9zm\u00e9nyes h\u00e1tter\u00e9t 1989-t\u0151l m\u00e1r a Nemzeti Eg\u00e9szs\u00e9gv\u00e9delmi Int\u00e9zet \u00e9s a Magyar Karit\u00e1sz biztos\u00edtotta. Az okleveleket 1990-t\u0151l 2002-ig a Magyar Testnevel\u00e9si Egyetem bocs\u00e1totta ki.<\/p>\n<p style=\"text-align: justify\">A hat\u00e1lyos fels\u0151oktat\u00e1si t\u00f6rv\u00e9ny nyom\u00e1n \u00e1tdolgozott programot 1996-ban &#8211; a szakter\u00fcleten els\u0151k\u00e9nt &#8211; az Orsz\u00e1gos Akkredit\u00e1ci\u00f3s Bizotts\u00e1g akkredit\u00e1lta. Beny\u00fajt\u00f3ja a Magyar Testnevel\u00e9si Egyetem volt, kidolgoz\u00f3i Tomcs\u00e1nyi Teod\u00f3ra \u00e9s munkat\u00e1rsai, a hozz\u00e1 f\u0171z\u0151d\u0151 k\u00f6vetelm\u00e9nyrendszert pedig a m\u0171vel\u0151d\u00e9si \u00e9s k\u00f6zoktat\u00e1si miniszter rendeletben \u00e1llap\u00edtotta meg; ez a 9\/1997. (II. 18.) <a href=\"https:\/\/semmelweis.hu\/mental\/files\/2018\/06\/mkm_rendelet.pdf\" target=\"_blank\" rel=\"noopener\">MKM rendelet<\/a>\u00a0melyet a 10\/2006. (IX. 25.) OKM rendelet (t\u00f6bb m\u00e1s szakir\u00e1ny\u00fa tov\u00e1bbk\u00e9pz\u00e9s k\u00f6vetelm\u00e9nyeit meghat\u00e1roz\u00f3 rendelettel egy\u00fctt) hat\u00e1lyon k\u00edv\u00fcl helyezett.<\/p>\n<p style=\"text-align: justify\">A rendelet \u00e9rtelm\u00e9ben szakir\u00e1ny\u00fa k\u00e9pz\u00e9seket az \u00faj szab\u00e1lyok figyelembe v\u00e9tel\u00e9vel, szab\u00e1lyos szakl\u00e9tes\u00edt\u00e9s ut\u00e1n lehet ind\u00edtani. A k\u00e9pz\u00e9s tudom\u00e1nyos elismerts\u00e9g\u00e9hez fontos eredm\u00e9nyess\u00e9gvizsg\u00e1lat n\u00e9h\u00e1ny \u00e9v m\u00falt\u00e1n k\u00e9sz\u00fclt el (Tomcs\u00e1nyi T.:\u00a0<em>Ment\u00e1lhygi\u00e9n\u00e9 \u00e9s pasztor\u00e1lpszichol\u00f3gia<\/em>. Kandid\u00e1tusi \u00e9rtekez\u00e9s, 1994).<\/p>\n<p style=\"text-align: justify\">Ezt az eredm\u00e9nyess\u00e9gvizsg\u00e1latot t\u00f6bb k\u00f6vette (ld. Tomcs\u00e1nyi T.:<em>Ment\u00e1lhigi\u00e9n\u00e9s k\u00e9pz\u00e9s a Semmelweis Egyetemen. Egy sokoldal\u00fa, tudom\u00e1nyk\u00f6zi program elm\u00e9lete, gyakorlata \u00e9s eredm\u00e9nyess\u00e9ge<\/em>. Animula, Budapest, 2002; valamint Tomcs\u00e1nyi T. &#8211; Cs\u00e1ky-Pallavicini R. &#8211; Ittz\u00e9s G. &#8211; Semsey G. &#8211; T\u00f6r\u00f6k P.:\u00a0<em>Health promotion strategy and primary prevention program at Semmelweis University<\/em>, in: European Journal of Mental Health, 2006. 1-2. sz. 25-44. o.). (Andr\u00e1s Ittz\u00e9s, Roger Cs\u00e1ky-Pallavicini, Teod\u00f3ra Tomcs\u00e1nyi:\u00a0<em>Methodological Contribution to Effectivity Studies of Training Programs in Community Mental Health Promotion<\/em>, in: European Journal of Mental Health, 2007. 1. sz. 49-65. o.).<\/p>\n<hr \/>\n<p><strong>Tov\u00e1bbi inform\u00e1ci\u00f3k a ment\u00e1lhigi\u00e9n\u00e9 szakir\u00e1ny\u00fa tov\u00e1bbk\u00e9pz\u00e9si szakr\u00f3l:<\/strong><\/p>\n<ul class=\"children\" style=\"list-style-type: square\">\n<li class=\"page_item page-item-71\"><a href=\"https:\/\/semmelweis.hu\/mental\/szakiranyu-kepzesek\/mentalhigiene-tovabbkepzes\/a-kepzes-tortenete\/\">A k\u00e9pz\u00e9s t\u00f6rt\u00e9nete<\/a><\/li>\n<li class=\"page_item page-item-72\"><a href=\"https:\/\/semmelweis.hu\/mental\/szakiranyu-kepzesek\/mentalhigiene-tovabbkepzes\/tanulmanyi-program\/\">Tanulm\u00e1nyi program<\/a><\/li>\n<li class=\"page_item page-item-73\"><a href=\"https:\/\/semmelweis.hu\/mental\/szakiranyu-kepzesek\/mentalhigiene-tovabbkepzes\/kontaktszemelyek\/\">Kontaktszem\u00e9lyek<\/a><\/li>\n<li class=\"page_item page-item-75\"><a href=\"https:\/\/semmelweis.hu\/mental\/szakiranyu-kepzesek\/mentalhigiene-tovabbkepzes\/alumni\/\">Antropos Ment\u00e1lhygi\u00e9n\u00e9s Egyes\u00fclet<\/a><\/li>\n<\/ul>\n","protected":false},"excerpt":{"rendered":"<p>A ment\u00e1lhigi\u00e9n\u00e9 szakir\u00e1ny\u00fa tov\u00e1bbk\u00e9pz\u00e9si szak t\u00f6rt\u00e9nte 1986-ban k\u00e9sz\u00edtette el Tomcs\u00e1nyi Teod\u00f3ra az iskolai rendszer\u0171, posztgradu\u00e1lis ment\u00e1lhigi\u00e9n\u00e9s k\u00e9pz\u00e9s els\u0151 koncepci\u00f3j\u00e1t, \u00e9s beny\u00fajtotta javaslatt\u00e9telre a Klinikai Pszichol\u00f3giai Szakmai Koll\u00e9giumhoz, enged\u00e9lyez\u00e9sre pedig az Orsz\u00e1gos Szakk\u00e9pz\u00e9si Bizotts\u00e1ghoz. E dokumentum alapj\u00e1n ind\u00edtotta el a M\u0171vel\u0151d\u00e9si Miniszt\u00e9rium Vezet\u0151k\u00e9pz\u0151 Int\u00e9zete, valamint az Orvostov\u00e1bbk\u00e9pz\u0151 Egyetem pszichoter\u00e1pi\u00e1s programj\u00e1nak keret\u00e9ben 1987-ben az els\u0151 k\u00e9pz\u00e9si kurzust, &hellip;<\/p>\n","protected":false},"author":101265,"featured_media":0,"parent":1275,"menu_order":2,"comment_status":"closed","ping_status":"closed","template":"","meta":{"_acf_changed":false,"footnotes":""},"categories":[],"tags":[],"class_list":["post-71","page","type-page","status-publish","hentry"],"acf":[],"_links":{"self":[{"href":"https:\/\/semmelweis.hu\/mental\/wp-json\/wp\/v2\/pages\/71","targetHints":{"allow":["GET"]}}],"collection":[{"href":"https:\/\/semmelweis.hu\/mental\/wp-json\/wp\/v2\/pages"}],"about":[{"href":"https:\/\/semmelweis.hu\/mental\/wp-json\/wp\/v2\/types\/page"}],"author":[{"embeddable":true,"href":"https:\/\/semmelweis.hu\/mental\/wp-json\/wp\/v2\/users\/101265"}],"replies":[{"embeddable":true,"href":"https:\/\/semmelweis.hu\/mental\/wp-json\/wp\/v2\/comments?post=71"}],"version-history":[{"count":9,"href":"https:\/\/semmelweis.hu\/mental\/wp-json\/wp\/v2\/pages\/71\/revisions"}],"predecessor-version":[{"id":8401,"href":"https:\/\/semmelweis.hu\/mental\/wp-json\/wp\/v2\/pages\/71\/revisions\/8401"}],"up":[{"embeddable":true,"href":"https:\/\/semmelweis.hu\/mental\/wp-json\/wp\/v2\/pages\/1275"}],"wp:attachment":[{"href":"https:\/\/semmelweis.hu\/mental\/wp-json\/wp\/v2\/media?parent=71"}],"wp:term":[{"taxonomy":"category","embeddable":true,"href":"https:\/\/semmelweis.hu\/mental\/wp-json\/wp\/v2\/categories?post=71"},{"taxonomy":"post_tag","embeddable":true,"href":"https:\/\/semmelweis.hu\/mental\/wp-json\/wp\/v2\/tags?post=71"}],"curies":[{"name":"wp","href":"https:\/\/api.w.org\/{rel}","templated":true}]}}

A képzés története

<p style="text-align: justify"><strong>A mentálhigiéné szakirányú továbbképzési szak történte</strong></p>
<p style="text-align: justify">1986-ban készítette el <strong>Tomcsányi Teodóra</strong> az iskolai rendszerű, posztgraduális mentálhigiénés képzés első koncepcióját, és benyújtotta javaslattételre a Klinikai Pszichológiai Szakmai Kollégiumhoz, engedélyezésre pedig az Országos Szakképzési Bizottsághoz. E dokumentum alapján indította el a Művelődési Minisztérium Vezetőképző Intézete, valamint az Orvostovábbképző Egyetem pszichoterápiás programjának keretében 1987-ben az első képzési kurzust, amelynek intézményes hátterét 1989-től már a Nemzeti Egészségvédelmi Intézet és a Magyar Karitász biztosította. Az okleveleket 1990-től 2002-ig a Magyar Testnevelési Egyetem bocsátotta ki.</p>
<p style="text-align: justify">A hatályos felsőoktatási törvény nyomán átdolgozott programot 1996-ban &#8211; a szakterületen elsőként &#8211; az Országos Akkreditációs Bizottság akkreditálta. Benyújtója a Magyar Testnevelési Egyetem volt, kidolgozói Tomcsányi Teodóra és munkatársai, a hozzá fűződő követelményrendszert pedig a művelődési és közoktatási miniszter rendeletben állapította meg; ez a 9/1997. (II. 18.) <a href="https://semmelweis.hu/mental/files/2018/06/mkm_rendelet.pdf" target="_blank" rel="noopener">MKM rendelet</a> melyet a 10/2006. (IX. 25.) OKM rendelet (több más szakirányú továbbképzés követelményeit meghatározó rendelettel együtt) hatályon kívül helyezett.</p>
<p style="text-align: justify">A rendelet értelmében szakirányú képzéseket az új szabályok figyelembe vételével, szabályos szaklétesítés után lehet indítani. A képzés tudományos elismertségéhez fontos eredményességvizsgálat néhány év múltán készült el (Tomcsányi T.: <em>Mentálhygiéné és pasztorálpszichológia</em>. Kandidátusi értekezés, 1994).</p>
<p style="text-align: justify">Ezt az eredményességvizsgálatot több követte (ld. Tomcsányi T.:<em>Mentálhigiénés képzés a Semmelweis Egyetemen. Egy sokoldalú, tudományközi program elmélete, gyakorlata és eredményessége</em>. Animula, Budapest, 2002; valamint Tomcsányi T. &#8211; Csáky-Pallavicini R. &#8211; Ittzés G. &#8211; Semsey G. &#8211; Török P.: <em>Health promotion strategy and primary prevention program at Semmelweis University</em>, in: European Journal of Mental Health, 2006. 1-2. sz. 25-44. o.). (András Ittzés, Roger Csáky-Pallavicini, Teodóra Tomcsányi: <em>Methodological Contribution to Effectivity Studies of Training Programs in Community Mental Health Promotion</em>, in: European Journal of Mental Health, 2007. 1. sz. 49-65. o.).</p>
<hr />
<p><strong>További információk a mentálhigiéné szakirányú továbbképzési szakról:</strong></p>
<ul class="children" style="list-style-type: square">
<li class="page_item page-item-71"><a href="https://semmelweis.hu/mental/szakiranyu-kepzesek/mentalhigiene-tovabbkepzes/a-kepzes-tortenete/">A képzés története</a></li>
<li class="page_item page-item-72"><a href="https://semmelweis.hu/mental/szakiranyu-kepzesek/mentalhigiene-tovabbkepzes/tanulmanyi-program/">Tanulmányi program</a></li>
<li class="page_item page-item-73"><a href="https://semmelweis.hu/mental/szakiranyu-kepzesek/mentalhigiene-tovabbkepzes/kontaktszemelyek/">Kontaktszemélyek</a></li>
<li class="page_item page-item-75"><a href="https://semmelweis.hu/mental/szakiranyu-kepzesek/mentalhigiene-tovabbkepzes/alumni/">Antropos Mentálhygiénés Egyesület</a></li>
</ul>

<p>A mentálhigiéné szakirányú továbbképzési szak történte 1986-ban készítette el Tomcsányi Teodóra az iskolai rendszerű, posztgraduális mentálhigiénés képzés első koncepcióját, és benyújtotta javaslattételre a Klinikai Pszichológiai Szakmai Kollégiumhoz, engedélyezésre pedig az Országos Szakképzési Bizottsághoz. E dokumentum alapján indította el a Művelődési Minisztérium Vezetőképző Intézete, valamint az Orvostovábbképző Egyetem pszichoterápiás programjának keretében 1987-ben az első képzési kurzust, &hellip;</p>
