{"id":6519,"date":"2023-06-23T11:35:54","date_gmt":"2023-06-23T09:35:54","guid":{"rendered":"https:\/\/semmelweis.hu\/mental\/?page_id=6519"},"modified":"2026-01-23T10:12:53","modified_gmt":"2026-01-23T09:12:53","slug":"aktualis","status":"publish","type":"page","link":"https:\/\/semmelweis.hu\/mental\/mesterkepzesek\/interdiszciplinaris-csaladtudomany\/aktualis\/","title":{"rendered":"Aktu\u00e1lis"},"content":{"rendered":"<div><strong>INTERDISZCIPLIN\u00c1RIS CSAL\u00c1DTUDOM\u00c1NYI MESTERK\u00c9PZ\u00c9SI SZAK<\/strong><\/div>\n<div>\u00a0<\/div>\n<div><strong>Az oktat\u00e1s helysz\u00edne: Ferenc t\u00e9r (Budapest, 1094)<\/strong><\/div>\n<p>\u0150szi f\u00e9l\u00e9v szorgalmi id\u0151szak:<strong> 2026. szeptember 1. &#8211; 2026. december 12.<\/strong><\/p>\n<p>\u0150szi f\u00e9l\u00e9v k\u00e9pz\u00e9si alkalmai (h\u00e9tf\u0151 \u00e9s kedd):<\/p>\n<p><strong>2026. szeptember 14-15.<br \/><\/strong><\/p>\n<p><strong>2026. okt\u00f3ber 5-6.<br \/><\/strong><\/p>\n<p><strong>2026. okt\u00f3ber 19-20.<br \/><\/strong><\/p>\n<p><strong>2026. november 16-17.<br \/><\/strong><\/p>\n<p><strong>2026. december 7-8.<br \/><\/strong><\/p>\n<hr \/>\n<p><strong>Tov\u00e1bbi inform\u00e1ci\u00f3k az interdiszciplin\u00e1ris csal\u00e1dtudom\u00e1nyi mesterk\u00e9pz\u00e9si szakr\u00f3l<\/strong><\/p>\n<ul class=\"children\" style=\"list-style-type: square\">\n<li class=\"page_item page-item-62 current_page_item\"><a href=\"https:\/\/semmelweis.hu\/mental\/mesterkepzesek\/interdiszciplinaris-csaladtudomany\/kepzes-bemutatasa\/\" target=\"_blank\" rel=\"noopener\">K\u00e9pz\u00e9s bemutat\u00e1sa<\/a><\/li>\n<li class=\"page_item page-item-63\"><a href=\"https:\/\/semmelweis.hu\/mental\/mesterkepzesek\/interdiszciplinaris-csaladtudomany\/tanulmanyi-program\/\" target=\"_blank\" rel=\"noopener\">Tanulm\u00e1nyi program<\/a><\/li>\n<li class=\"page_item page-item-64\"><a href=\"https:\/\/semmelweis.hu\/mental\/mesterkepzesek\/interdiszciplinaris-csaladtudomany\/kontaktszemelyek\/\" target=\"_blank\" rel=\"noopener\">Kontaktszem\u00e9lyek<\/a><\/li>\n<li class=\"page_item page-item-65\"><a href=\"https:\/\/semmelweis.hu\/mental\/mesterkepzesek\/interdiszciplinaris-csaladtudomany\/hasznos-informaciok\/\" target=\"_blank\" rel=\"noopener\">Hasznos inform\u00e1ci\u00f3k<\/a><\/li>\n<\/ul>\n","protected":false},"excerpt":{"rendered":"<p>INTERDISZCIPLIN\u00c1RIS CSAL\u00c1DTUDOM\u00c1NYI MESTERK\u00c9PZ\u00c9SI SZAK \u00a0 Az oktat\u00e1s helysz\u00edne: Ferenc t\u00e9r (Budapest, 1094) \u0150szi f\u00e9l\u00e9v szorgalmi id\u0151szak: 2026. szeptember 1. &#8211; 2026. december 12. \u0150szi f\u00e9l\u00e9v k\u00e9pz\u00e9si alkalmai (h\u00e9tf\u0151 \u00e9s kedd): 2026. szeptember 14-15. 2026. okt\u00f3ber 5-6. 2026. okt\u00f3ber 19-20. 2026. november 16-17. 2026. december 7-8. Tov\u00e1bbi inform\u00e1ci\u00f3k az interdiszciplin\u00e1ris csal\u00e1dtudom\u00e1nyi mesterk\u00e9pz\u00e9si szakr\u00f3l <a href=\"https:\/\/semmelweis.hu\/mental\/mesterkepzesek\/interdiszciplinaris-csaladtudomany\/kepzes-bemutatasa\/\" target=\"_blank\" rel=\"noopener\">K\u00e9pz\u00e9s bemutat\u00e1sa<\/a> <a href=\"https:\/\/semmelweis.hu\/mental\/mesterkepzesek\/interdiszciplinaris-csaladtudomany\/tanulmanyi-program\/\" target=\"_blank\" rel=\"noopener\">Tanulm\u00e1nyi program<\/a> <a href=\"https:\/\/semmelweis.hu\/mental\/mesterkepzesek\/interdiszciplinaris-csaladtudomany\/kontaktszemelyek\/\" target=\"_blank\" rel=\"noopener\">Kontaktszem\u00e9lyek<\/a> &hellip;<\/p>\n","protected":false},"author":102011,"featured_media":0,"parent":8,"menu_order":6,"comment_status":"closed","ping_status":"closed","template":"","meta":{"_acf_changed":false,"footnotes":""},"categories":[],"tags":[],"class_list":["post-6519","page","type-page","status-publish","hentry"],"acf":[],"_links":{"self":[{"href":"https:\/\/semmelweis.hu\/mental\/wp-json\/wp\/v2\/pages\/6519","targetHints":{"allow":["GET"]}}],"collection":[{"href":"https:\/\/semmelweis.hu\/mental\/wp-json\/wp\/v2\/pages"}],"about":[{"href":"https:\/\/semmelweis.hu\/mental\/wp-json\/wp\/v2\/types\/page"}],"author":[{"embeddable":true,"href":"https:\/\/semmelweis.hu\/mental\/wp-json\/wp\/v2\/users\/102011"}],"replies":[{"embeddable":true,"href":"https:\/\/semmelweis.hu\/mental\/wp-json\/wp\/v2\/comments?post=6519"}],"version-history":[{"count":11,"href":"https:\/\/semmelweis.hu\/mental\/wp-json\/wp\/v2\/pages\/6519\/revisions"}],"predecessor-version":[{"id":8796,"href":"https:\/\/semmelweis.hu\/mental\/wp-json\/wp\/v2\/pages\/6519\/revisions\/8796"}],"up":[{"embeddable":true,"href":"https:\/\/semmelweis.hu\/mental\/wp-json\/wp\/v2\/pages\/8"}],"wp:attachment":[{"href":"https:\/\/semmelweis.hu\/mental\/wp-json\/wp\/v2\/media?parent=6519"}],"wp:term":[{"taxonomy":"category","embeddable":true,"href":"https:\/\/semmelweis.hu\/mental\/wp-json\/wp\/v2\/categories?post=6519"},{"taxonomy":"post_tag","embeddable":true,"href":"https:\/\/semmelweis.hu\/mental\/wp-json\/wp\/v2\/tags?post=6519"}],"curies":[{"name":"wp","href":"https:\/\/api.w.org\/{rel}","templated":true}]}}