{"id":63,"date":"2018-06-12T15:53:28","date_gmt":"2018-06-12T13:53:28","guid":{"rendered":"http:\/\/semmelweis.hu\/mental\/?page_id=63"},"modified":"2026-04-08T15:00:17","modified_gmt":"2026-04-08T13:00:17","slug":"tanulmanyi-program","status":"publish","type":"page","link":"https:\/\/semmelweis.hu\/mental\/mesterkepzesek\/interdiszciplinaris-csaladtudomany\/tanulmanyi-program\/","title":{"rendered":"Tanulm\u00e1nyi program"},"content":{"rendered":"<p><strong>INTERDISZCIPLIN\u00c1RIS CSAL\u00c1DTUDOM\u00c1NYI MESTERK\u00c9PZ\u00c9SI SZAK<\/strong><\/p>\n<div class=\"fontos_div w-100\">\n<p style=\"text-align: justify\">A k\u00e9pz\u00e9st\u00a0<strong>levelez\u0151<\/strong>\u00a0tagozaton\u00a0<strong>\u00e1llami \u00f6szt\u00f6nd\u00edjas<\/strong>\u00a0\u00e9s\u00a0<strong>\u00f6nk\u00f6lts\u00e9ges<\/strong> form\u00e1ban ind\u00edtjuk 2026. szeptember\u00e9ben. A szakra a <a href=\"http:\/\/www.felvi.hu\" target=\"_blank\" rel=\"noopener\"><strong>www.felvi.hu <\/strong><\/a>weboldalon kereszt\u00fcl lehet jelentkezni 2026. febru\u00e1r 15-ig.<\/p>\n<\/div>\n<p style=\"text-align: justify\"><strong>\u00d6nk\u00f6lts\u00e9g \u00f6sszege <\/strong>(amennyiben nem az \u00e1llami \u00f6szt\u00f6nd\u00edjas): 420 000 Ft\/f\u00e9l\u00e9v<\/p>\n<p style=\"text-align: justify\"><strong>A k\u00e9pz\u00e9s id\u0151tartama:<\/strong>\u00a04 f\u00e9l\u00e9v<\/p>\n<p style=\"text-align: justify\"><strong>K\u00e9pz\u00e9si napok:<\/strong> f\u00e9l\u00e9vente 5 k\u00e9pz\u00e9si alkalom, minden alkalommal 2 napon (h\u00e9tf\u0151 \u00e9s kedd)<\/p>\n<p style=\"text-align: justify\"><strong>A szakmai ismeretek jellemz\u0151i az Interdiszciplin\u00e1ris csal\u00e1dtudom\u00e1nyi mesterk\u00e9pz\u00e9si szakon:<\/strong><\/p>\n<p style=\"text-align: justify\">A szakk\u00e9pzetts\u00e9ghez vezet\u0151 tudom\u00e1ny\u00e1gak, szakter\u00fcletek, amelyekb\u0151l a szak fel\u00e9p\u00fcl:<\/p>\n<p style=\"text-align: justify\">&#8211; t\u00e1rsadalomtudom\u00e1nyok (csal\u00e1dtudom\u00e1ny, szociol\u00f3gia, csal\u00e1djog, csal\u00e1dpolitika, szoci\u00e1lpolitika, kultur\u00e1lis antropol\u00f3gia, n\u00e9prajz, hum\u00e1n\u00f6kol\u00f3gia,) 30-40 kredit;<\/p>\n<p style=\"text-align: justify\">&#8211; b\u00f6lcs\u00e9szettudom\u00e1ny (pszichol\u00f3giai \u00e9s ment\u00e1lhigi\u00e9n\u00e9s ismeretek) 20-30 kredit;<\/p>\n<p style=\"text-align: justify\">&#8211; tov\u00e1bbi tudom\u00e1nyter\u00fcletek csal\u00e1dra vonatkoz\u00f3 alapismeretei (jogtudom\u00e1ny, etika, k\u00f6zgazdas\u00e1gtudom\u00e1ny, eg\u00e9szs\u00e9gtudom\u00e1ny, m\u0171szaki tudom\u00e1nyok) 20-30 kredit;<\/p>\n<p style=\"text-align: justify\">&#8211; kutat\u00e1sm\u00f3dszertan (m\u00f3dszertani alapok, kvantitat\u00edv \u00e9s kvalitat\u00edv kutat\u00e1sok, irodalomkutat\u00e1s m\u00f3dszertana, szakirodalomfeldolgoz\u00e1s) 15-20 kredit;<\/p>\n<p style=\"text-align: justify\">&#8211; v\u00e1laszhat\u00f3 speci\u00e1lis programok 10-15 kredit.<\/p>\n<hr \/>\n<p><strong>Tov\u00e1bbi inform\u00e1ci\u00f3k az interdiszciplin\u00e1ris csal\u00e1dtudom\u00e1nyi mesterk\u00e9pz\u00e9si szakr\u00f3l<\/strong><\/p>\n<ul style=\"list-style-type: square\">\n<li><a href=\"https:\/\/semmelweis.hu\/mental\/mesterkepzesek\/interdiszciplinaris-csaladtudomany\/kepzes-bemutatasa\/\" target=\"_blank\" rel=\"noopener\">K\u00e9pz\u00e9s bemutat\u00e1sa<\/a><\/li>\n<li><a href=\"https:\/\/semmelweis.hu\/mental\/mesterkepzesek\/interdiszciplinaris-csaladtudomany\/kontaktszemelyek\/\" target=\"_blank\" rel=\"noopener\">Kontaktszem\u00e9lyek<\/a><\/li>\n<li><a href=\"https:\/\/semmelweis.hu\/mental\/mesterkepzesek\/interdiszciplinaris-csaladtudomany\/hasznos-informaciok\/\" target=\"_blank\" rel=\"noopener\">Hasznos inform\u00e1ci\u00f3k<\/a><\/li>\n<li><a href=\"https:\/\/semmelweis.hu\/mental\/mesterkepzesek\/interdiszciplinaris-csaladtudomany\/felvetel-a-kepzesre-csalad-2\/\" target=\"_blank\" rel=\"noopener\">Felv\u00e9tel a k\u00e9pz\u00e9sre<\/a><\/li>\n<li><a href=\"https:\/\/semmelweis.hu\/mental\/mesterkepzesek\/interdiszciplinaris-csaladtudomany\/aktualis\/\" target=\"_blank\" rel=\"noopener\">Aktu\u00e1lis<\/a><\/li>\n<\/ul>\n","protected":false},"excerpt":{"rendered":"<p>INTERDISZCIPLIN\u00c1RIS CSAL\u00c1DTUDOM\u00c1NYI MESTERK\u00c9PZ\u00c9SI SZAK A k\u00e9pz\u00e9st\u00a0levelez\u0151\u00a0tagozaton\u00a0\u00e1llami \u00f6szt\u00f6nd\u00edjas\u00a0\u00e9s\u00a0\u00f6nk\u00f6lts\u00e9ges form\u00e1ban ind\u00edtjuk 2026. szeptember\u00e9ben. A szakra a <a href=\"http:\/\/www.felvi.hu\" target=\"_blank\" rel=\"noopener\">www.felvi.hu <\/a> weboldalon kereszt\u00fcl lehet jelentkezni 2026. febru\u00e1r 15-ig. \u00d6nk\u00f6lts\u00e9g \u00f6sszege (amennyiben nem az \u00e1llami \u00f6szt\u00f6nd\u00edjas): 420 000 Ft\/f\u00e9l\u00e9v A k\u00e9pz\u00e9s id\u0151tartama:\u00a04 f\u00e9l\u00e9v K\u00e9pz\u00e9si napok: f\u00e9l\u00e9vente 5 k\u00e9pz\u00e9si alkalom, minden alkalommal 2 napon (h\u00e9tf\u0151 \u00e9s kedd) A szakmai ismeretek jellemz\u0151i az Interdiszciplin\u00e1ris csal\u00e1dtudom\u00e1nyi &hellip;<\/p>\n","protected":false},"author":101614,"featured_media":0,"parent":8,"menu_order":2,"comment_status":"closed","ping_status":"closed","template":"","meta":{"_acf_changed":false,"footnotes":""},"categories":[],"tags":[],"class_list":["post-63","page","type-page","status-publish","hentry"],"acf":[],"_links":{"self":[{"href":"https:\/\/semmelweis.hu\/mental\/wp-json\/wp\/v2\/pages\/63","targetHints":{"allow":["GET"]}}],"collection":[{"href":"https:\/\/semmelweis.hu\/mental\/wp-json\/wp\/v2\/pages"}],"about":[{"href":"https:\/\/semmelweis.hu\/mental\/wp-json\/wp\/v2\/types\/page"}],"author":[{"embeddable":true,"href":"https:\/\/semmelweis.hu\/mental\/wp-json\/wp\/v2\/users\/101614"}],"replies":[{"embeddable":true,"href":"https:\/\/semmelweis.hu\/mental\/wp-json\/wp\/v2\/comments?post=63"}],"version-history":[{"count":13,"href":"https:\/\/semmelweis.hu\/mental\/wp-json\/wp\/v2\/pages\/63\/revisions"}],"predecessor-version":[{"id":9220,"href":"https:\/\/semmelweis.hu\/mental\/wp-json\/wp\/v2\/pages\/63\/revisions\/9220"}],"up":[{"embeddable":true,"href":"https:\/\/semmelweis.hu\/mental\/wp-json\/wp\/v2\/pages\/8"}],"wp:attachment":[{"href":"https:\/\/semmelweis.hu\/mental\/wp-json\/wp\/v2\/media?parent=63"}],"wp:term":[{"taxonomy":"category","embeddable":true,"href":"https:\/\/semmelweis.hu\/mental\/wp-json\/wp\/v2\/categories?post=63"},{"taxonomy":"post_tag","embeddable":true,"href":"https:\/\/semmelweis.hu\/mental\/wp-json\/wp\/v2\/tags?post=63"}],"curies":[{"name":"wp","href":"https:\/\/api.w.org\/{rel}","templated":true}]}}