{"id":6209,"date":"2023-02-15T13:04:44","date_gmt":"2023-02-15T12:04:44","guid":{"rendered":"https:\/\/semmelweis.hu\/mental\/?page_id=6209"},"modified":"2026-02-16T16:51:35","modified_gmt":"2026-02-16T15:51:35","slug":"aktualis-tajekoztatok-orarendek","status":"publish","type":"page","link":"https:\/\/semmelweis.hu\/mental\/szakiranyu-kepzesek\/munkahelyi-mentalhigiene-szakiranyu-tovabbkepzes\/aktualis-tajekoztatok-orarendek\/","title":{"rendered":"Aktu\u00e1lis t\u00e1j\u00e9koztat\u00f3k"},"content":{"rendered":"<p><a href=\"https:\/\/semmelweis.hu\/mental\/szakiranyu-kepzesek\/munkahelyi-mentalhigiene-szakiranyu-tovabbkepzes\/\" target=\"_blank\" rel=\"noopener\"><strong>Munkahelyi ment\u00e1lhigi\u00e9n\u00e9 szakir\u00e1ny\u00fa tov\u00e1bbk\u00e9pz\u00e9s<\/strong><\/a><\/p>\n<p><strong>A 2026\/2027-es tan\u00e9v k\u00e9pz\u00e9si alkalmai a k\u00f6vetkez\u0151k:<\/strong><\/p>\n<table style=\"width: 73.4307%;height: 363px\" width=\"155\">\n<tbody>\n<tr style=\"height: 30px\">\n<td style=\"height: 30px;width: 100%\" width=\"155\"><strong>1. f\u00e9l\u00e9v:<\/strong><\/td>\n<\/tr>\n<tr style=\"height: 33px\">\n<td style=\"width: 100%;height: 33px\" width=\"112\">2026. szeptember 3-4.<\/td>\n<\/tr>\n<tr style=\"height: 30px\">\n<td style=\"height: 30px;width: 100%\">2026. szeptember 24-25.<\/td>\n<\/tr>\n<tr style=\"height: 30px\">\n<td style=\"height: 30px;width: 100%\">2026. okt\u00f3ber 15-16.<\/td>\n<\/tr>\n<tr style=\"height: 30px\">\n<td style=\"height: 30px;width: 100%\">2026. november 19-20.<\/td>\n<\/tr>\n<tr style=\"height: 30px\">\n<td style=\"height: 30px;width: 100%\">2026. december 3-4.<\/td>\n<\/tr>\n<tr style=\"height: 30px\">\n<td style=\"height: 30px;width: 100%\"><strong>2. f\u00e9l\u00e9v:<\/strong><\/td>\n<\/tr>\n<tr style=\"height: 30px\">\n<td style=\"height: 30px;width: 100%\">2027. febru\u00e1r 4-5.<\/td>\n<\/tr>\n<tr style=\"height: 30px\">\n<td style=\"height: 30px;width: 100%\">2027. febru\u00e1r 18-19.<\/td>\n<\/tr>\n<tr style=\"height: 30px\">\n<td style=\"height: 30px;width: 100%\">2027. m\u00e1rcius 11-12.<\/td>\n<\/tr>\n<tr style=\"height: 30px\">\n<td style=\"height: 30px;width: 100%\">2027. \u00e1prilis 15-16.<\/td>\n<\/tr>\n<tr style=\"height: 30px\">\n<td style=\"height: 30px;width: 100%\">2027. m\u00e1jus 6-7.<\/td>\n<\/tr>\n<\/tbody>\n<\/table>\n<p>&nbsp;<\/p>\n<p><strong>Intenz\u00edv tr\u00e9ning<\/strong>: 2027. janu\u00e1r, k\u00fcls\u0151 helysz\u00ednen 2 \u00e9jszaka (a sz\u00e1ll\u00e1s \u00e9s \u00e9tkez\u00e9s \u00f6nk\u00f6lts\u00e9ges)<\/p>\n","protected":false},"excerpt":{"rendered":"<p><a href=\"https:\/\/semmelweis.hu\/mental\/szakiranyu-kepzesek\/munkahelyi-mentalhigiene-szakiranyu-tovabbkepzes\/\" target=\"_blank\" rel=\"noopener\">Munkahelyi ment\u00e1lhigi\u00e9n\u00e9 szakir\u00e1ny\u00fa tov\u00e1bbk\u00e9pz\u00e9s<\/a> A 2026\/2027-es tan\u00e9v k\u00e9pz\u00e9si alkalmai a k\u00f6vetkez\u0151k: 1. f\u00e9l\u00e9v: 2026. szeptember 3-4. 2026. szeptember 24-25. 2026. okt\u00f3ber 15-16. 2026. november 19-20. 2026. december 3-4. 2. f\u00e9l\u00e9v: 2027. febru\u00e1r 4-5. 2027. febru\u00e1r 18-19. 2027. m\u00e1rcius 11-12. 2027. \u00e1prilis 15-16. 2027. m\u00e1jus 6-7. &nbsp; Intenz\u00edv tr\u00e9ning: 2027. janu\u00e1r, k\u00fcls\u0151 helysz\u00ednen 2 \u00e9jszaka (a sz\u00e1ll\u00e1s \u00e9s \u00e9tkez\u00e9s &hellip;<\/p>\n","protected":false},"author":102011,"featured_media":0,"parent":6147,"menu_order":4,"comment_status":"closed","ping_status":"closed","template":"","meta":{"_acf_changed":false,"footnotes":""},"categories":[],"tags":[],"class_list":["post-6209","page","type-page","status-publish","hentry"],"acf":[],"_links":{"self":[{"href":"https:\/\/semmelweis.hu\/mental\/wp-json\/wp\/v2\/pages\/6209","targetHints":{"allow":["GET"]}}],"collection":[{"href":"https:\/\/semmelweis.hu\/mental\/wp-json\/wp\/v2\/pages"}],"about":[{"href":"https:\/\/semmelweis.hu\/mental\/wp-json\/wp\/v2\/types\/page"}],"author":[{"embeddable":true,"href":"https:\/\/semmelweis.hu\/mental\/wp-json\/wp\/v2\/users\/102011"}],"replies":[{"embeddable":true,"href":"https:\/\/semmelweis.hu\/mental\/wp-json\/wp\/v2\/comments?post=6209"}],"version-history":[{"count":10,"href":"https:\/\/semmelweis.hu\/mental\/wp-json\/wp\/v2\/pages\/6209\/revisions"}],"predecessor-version":[{"id":9039,"href":"https:\/\/semmelweis.hu\/mental\/wp-json\/wp\/v2\/pages\/6209\/revisions\/9039"}],"up":[{"embeddable":true,"href":"https:\/\/semmelweis.hu\/mental\/wp-json\/wp\/v2\/pages\/6147"}],"wp:attachment":[{"href":"https:\/\/semmelweis.hu\/mental\/wp-json\/wp\/v2\/media?parent=6209"}],"wp:term":[{"taxonomy":"category","embeddable":true,"href":"https:\/\/semmelweis.hu\/mental\/wp-json\/wp\/v2\/categories?post=6209"},{"taxonomy":"post_tag","embeddable":true,"href":"https:\/\/semmelweis.hu\/mental\/wp-json\/wp\/v2\/tags?post=6209"}],"curies":[{"name":"wp","href":"https:\/\/api.w.org\/{rel}","templated":true}]}}

Aktuális tájékoztatók

<p><a href="https://semmelweis.hu/mental/szakiranyu-kepzesek/munkahelyi-mentalhigiene-szakiranyu-tovabbkepzes/" target="_blank" rel="noopener"><strong>Munkahelyi mentálhigiéné szakirányú továbbképzés</strong></a></p>
<p><strong>A 2026/2027-es tanév képzési alkalmai a következők:</strong></p>
<table style="width: 73.4307%;height: 363px" width="155">
<tbody>
<tr style="height: 30px">
<td style="height: 30px;width: 100%" width="155"><strong>1. félév:</strong></td>
</tr>
<tr style="height: 33px">
<td style="width: 100%;height: 33px" width="112">2026. szeptember 3-4.</td>
</tr>
<tr style="height: 30px">
<td style="height: 30px;width: 100%">2026. szeptember 24-25.</td>
</tr>
<tr style="height: 30px">
<td style="height: 30px;width: 100%">2026. október 15-16.</td>
</tr>
<tr style="height: 30px">
<td style="height: 30px;width: 100%">2026. november 19-20.</td>
</tr>
<tr style="height: 30px">
<td style="height: 30px;width: 100%">2026. december 3-4.</td>
</tr>
<tr style="height: 30px">
<td style="height: 30px;width: 100%"><strong>2. félév:</strong></td>
</tr>
<tr style="height: 30px">
<td style="height: 30px;width: 100%">2027. február 4-5.</td>
</tr>
<tr style="height: 30px">
<td style="height: 30px;width: 100%">2027. február 18-19.</td>
</tr>
<tr style="height: 30px">
<td style="height: 30px;width: 100%">2027. március 11-12.</td>
</tr>
<tr style="height: 30px">
<td style="height: 30px;width: 100%">2027. április 15-16.</td>
</tr>
<tr style="height: 30px">
<td style="height: 30px;width: 100%">2027. május 6-7.</td>
</tr>
</tbody>
</table>
<p>&nbsp;</p>
<p><strong>Intenzív tréning</strong>: 2027. január, külső helyszínen 2 éjszaka (a szállás és étkezés önköltséges)</p>

<p><a href="https://semmelweis.hu/mental/szakiranyu-kepzesek/munkahelyi-mentalhigiene-szakiranyu-tovabbkepzes/" target="_blank" rel="noopener">Munkahelyi mentálhigiéné szakirányú továbbképzés</a> A 2026/2027-es tanév képzési alkalmai a következők: 1. félév: 2026. szeptember 3-4. 2026. szeptember 24-25. 2026. október 15-16. 2026. november 19-20. 2026. december 3-4. 2. félév: 2027. február 4-5. 2027. február 18-19. 2027. március 11-12. 2027. április 15-16. 2027. május 6-7. &nbsp; Intenzív tréning: 2027. január, külső helyszínen 2 éjszaka (a szállás és étkezés &hellip;</p>
