{"id":61,"date":"2018-06-08T00:00:00","date_gmt":"2018-06-07T22:00:00","guid":{"rendered":"http:\/\/semmelweis.hu\/mental\/felvetel-a-kepzesre\/"},"modified":"2026-03-16T14:07:11","modified_gmt":"2026-03-16T13:07:11","slug":"felvetel-a-kepzesre","status":"publish","type":"page","link":"https:\/\/semmelweis.hu\/mental\/mesterkepzesek\/szocialis-munka\/felvetel-a-kepzesre\/","title":{"rendered":"Felv\u00e9tel a k\u00e9pz\u00e9sre"},"content":{"rendered":"<h6 style=\"text-align: justify\"><strong>Inform\u00e1ci\u00f3k a szoci\u00e1lis munka mesterk\u00e9pz\u00e9si szak felv\u00e9teli elj\u00e1r\u00e1s\u00e1r\u00f3l<\/strong><\/h6>\n<p style=\"text-align: justify\">A Semmelweis Egyetem Ment\u00e1lhigi\u00e9n\u00e9 Int\u00e9zete <strong>szoci\u00e1lis munka mesterk\u00e9pz\u00e9st<\/strong> hirdet 2026 szeptember\u00e9t\u0151l. A k\u00e9pz\u00e9st <strong>levelez\u0151<\/strong> tagozaton <strong>\u00e1llami \u00f6szt\u00f6nd\u00edjas<\/strong> \u00e9s <strong>\u00f6nk\u00f6lts\u00e9ges<\/strong> form\u00e1ban ind\u00edtjuk.<\/p>\n<p><strong>A jelentkez\u00e9s m\u00f3dja:<\/strong> A k\u00e9pz\u00e9sre val\u00f3 jelentkez\u00e9s a Fels\u0151oktat\u00e1si Felv\u00e9teli elj\u00e1r\u00e1s keret\u00e9ben t\u00f6rt\u00e9nik e-felv\u00e9telivel a <a href=\"https:\/\/www.felvi.hu\/felveteli\/efelveteli\" target=\"_blank\" rel=\"noopener\">felvi.hu<\/a>-n kereszt\u00fcl.<\/p>\n<p><strong><span style=\"color: #ff0000\">A jelentkez\u00e9s hat\u00e1rideje: 2026. febru\u00e1r 15.<\/span><\/strong><\/p>\n<div class=\"x14z9mp xat24cr x1lziwak x1vvkbs xtlvy1s x126k92a\">\n<div class=\"keretes w-100\">\n<p><strong>Online ny\u00edlt nap a Szoci\u00e1lis munka \u00e9s az Interdiszciplin\u00e1ris csal\u00e1dtudom\u00e1nyi mesterk\u00e9pz\u00e9seinkr\u0151l:<br \/><\/strong>Id\u0151pont: 2026. janu\u00e1r 19. (h\u00e9tf\u0151) 16:00\u201317:30.<br \/>Helysz\u00edn: <strong><a href=\"https:\/\/semmelweis.zoom.us\/j\/94764938026\" target=\"_blank\" rel=\"noopener\">Ide kattintva tud becsatlakozni az esem\u00e9nyre<\/a>.<\/strong><\/p>\n<\/div>\n<div class=\"w-100\">\n<p><strong style=\"text-align: justify;background-color: #ffffff;font-size: 1rem\">A k\u00e9pz\u00e9s vezet\u0151je:<\/strong><span style=\"text-align: justify;background-color: #ffffff;font-size: 1rem\"> Dr. Pilinszki Attila egyetemi docens<\/span><\/p>\n<\/div>\n<\/div>\n<p style=\"text-align: justify\"><strong>A k\u00e9pz\u00e9s id\u0151tartama:<\/strong> 4 f\u00e9l\u00e9v (120 kredit)<\/p>\n<p style=\"text-align: justify\"><strong>A k\u00e9pz\u00e9s nyelve:<\/strong> magyar<\/p>\n<p style=\"text-align: justify\"><strong>A k\u00e9pz\u00e9s c\u00e9lja:<\/strong> A k\u00e9pz\u00e9s f\u0151bb c\u00e9lkit\u0171z\u00e9sei a K\u00e9pz\u00e9si \u00e9s kimeneti k\u00f6vetelm\u00e9nyekhez igazodva el\u0151seg\u00edteni a hallgat\u00f3k szakmai fejl\u0151d\u00e9s\u00e9t az al\u00e1bbi ter\u00fcleteken: <strong>seg\u00edt\u0151k j\u00f3ll\u00e9te<\/strong>; <strong>szoci\u00e1lis munka m\u00f3dszerei<\/strong>nek \u00e9s eszk\u00f6zeinek professzion\u00e1lis haszn\u00e1lata; <strong>szolg\u00e1ltat\u00e1sfejleszt\u00e9s \u00e9s innov\u00e1ci\u00f3<\/strong>.<br \/>A mesterk\u00e9pz\u00e9s egyetemi oklev\u00e9llel z\u00e1rul, amelyben a felt\u00fcntetett szakk\u00e9pzetts\u00e9g: okleveles szoci\u00e1lis munk\u00e1s.<\/p>\n<p style=\"text-align: justify\"><strong>K\u00f6lts\u00e9gt\u00e9r\u00edt\u00e9s:<\/strong> az \u00f6nk\u00f6lts\u00e9ges form\u00e1ban a fizetend\u0151 d\u00edja 420.000 Ft\/f\u00e9l\u00e9v.<\/p>\n<p style=\"text-align: justify\">Akik beadj\u00e1k a jelentkez\u00e9s\u00fcket, azokat e-mailben fogjuk t\u00e1j\u00e9koztatni a tov\u00e1bbi teend\u0151kr\u0151l a sz\u00f3beli felv\u00e9teli el\u0151tt. (k\u00e9rj\u00fck ellen\u0151rizze a lev\u00e9lszem\u00e9t mapp\u00e1t is)<\/p>\n<p style=\"text-align: justify\">A mesterk\u00e9pz\u00e9sbe t\u00f6rt\u00e9n\u0151 bel\u00e9p\u00e9sn\u00e9l el\u0151zm\u00e9nyk\u00e9nt elfogadhat\u00f3 szakok a teljes kredit\u00e9rt\u00e9k besz\u00e1m\u00edt\u00e1s\u00e1val: a <strong>szoci\u00e1lis munka<\/strong> \u00e9s a <strong>szoci\u00e1lpedag\u00f3gia<\/strong> f\u0151iskolai (BA) szakok.<\/p>\n<p style=\"text-align: justify\">A nem szoci\u00e1lis munka illetve szoci\u00e1lpedag\u00f3gia f\u0151iskolai v\u00e9gzetts\u00e9ggel rendelkez\u0151k sz\u00e1m\u00e1ra is nyitva \u00e1ll a jelentkez\u00e9s lehet\u0151s\u00e9ge, ebben ez esetben viszont sz\u00fcks\u00e9g lesz egy <strong>kreditelismer\u0151 k\u00e9rv\u00e9ny<\/strong> beny\u00fajt\u00e1s\u00e1ra.<\/p>\n<p style=\"text-align: justify\">A k\u00e9relem formanyomtatv\u00e1nya <a href=\"https:\/\/semmelweis.hu\/mental\/files\/2026\/03\/SzocMA_Kreditelimeresi-kerveny_2026-tavasz.docx\">itt<\/a> \u00e9rhet\u0151 el.<\/p>\n<p style=\"text-align: justify\"><em>Az els\u0151 oldalon tal\u00e1lhat\u00f3 a kit\u00f6lt\u00e9si \u00fatmutat\u00f3, k\u00e9rj\u00fck, hogy ez alapj\u00e1n t\u00f6ltse ki a dokumentumot.<\/em><\/p>\n<p style=\"text-align: justify\">A bek\u00fcld\u00e9s m\u00f3dja: <strong>e-mailben, word form\u00e1tumban<\/strong> Sz\u00e9plaki-K\u00f6ll\u0151d Borb\u00e1la oktat\u00e1sszervez\u0151 r\u00e9sz\u00e9re a <a href=\"mailto:szeplaki.kollod.borbala@semmelweis.hu\" target=\"_blank\" rel=\"noopener\">szeplaki.kollod.borbala@semmelweis.hu<\/a> c\u00edmre, <strong>valamint al\u00e1\u00edrva, pap\u00edr alapon <\/strong>szem\u00e9lyesen vagy postai \u00faton az al\u00e1bbi c\u00edmre:<\/p>\n<p style=\"text-align: justify\">Semmelweis Egyetem, EKK, Ment\u00e1lhigi\u00e9n\u00e9 Int\u00e9zet <br \/>1428 Budapest, Pf. 2. <br \/>A bor\u00edt\u00e9kon k\u00e9rj\u00fck felt\u00fcnteni, hogy BIZALMAS.<\/p>\n<p><strong>A bek\u00fcld\u00e9s hat\u00e1rideje: <\/strong>a szem\u00e9lyes beny\u00fajt\u00e1s hat\u00e1rideje legk\u00e9s\u0151bb a sz\u00f3beli elbesz\u00e9lget\u00e9s id\u0151pontja.<\/p>\n<p style=\"text-align: justify\"><strong>Felv\u00e9teli k\u00f6vetelm\u00e9ny<\/strong><\/p>\n<p style=\"text-align: justify\">A felv\u00e9teli elbesz\u00e9lget\u00e9sen a jelentkez\u0151 szakmai alkalmass\u00e1g\u00e1t, motiv\u00e1ci\u00f3j\u00e1t, a k\u00fcl\u00f6nb\u00f6z\u0151 t\u00e1rsadalmi jelens\u00e9gek elemz\u00e9s\u00e9nek k\u00e9pess\u00e9g\u00e9t, valamint tudom\u00e1nyos kutat\u00f3munka ir\u00e1nti \u00e9rdekl\u0151d\u00e9s\u00e9t vizsg\u00e1lja a felv\u00e9teli bizotts\u00e1g. Fontos szempontk\u00e9nt jelenik meg a szakmai tapasztalat \u00e9s a rendszerben val\u00f3 gondolkod\u00e1s.<\/p>\n<p style=\"text-align: justify\">A szem\u00e9lyes felv\u00e9teli id\u0151pontja v\u00e1rhat\u00f3an: 2026. \u00e1prilis 16, \u00e1prilis 20. A pontos id\u0151ponttal kapcsolatban minden jelentkez\u0151t k\u00fcl\u00f6n t\u00e1j\u00e9koztatunk!<\/p>\n<p style=\"text-align: justify\">A felv\u00e9teli k\u00e9t r\u00e9szb\u0151l, egy csoportos r\u00e9szb\u0151l \u00e9s egy szem\u00e9lyes szakmai elbesz\u00e9lget\u00e9sb\u0151l \u00e1ll. A felv\u00e9teli a szakmai gondolkod\u00e1s, valamint a kritikai hozz\u00e1\u00e1ll\u00e1s vizsg\u00e1lat\u00e1ra ir\u00e1nyul, ez\u00e9rt felk\u00e9sz\u00fcl\u00e9shez sz\u00fcks\u00e9ges irodalmat nem adunk meg. D\u00e9lel\u0151tt a csoportos felv\u00e9telivel kezd\u00fcnk. A d\u00e9lut\u00e1ni egy\u00e9ni besz\u00e9lget\u00e9s sor\u00e1n minden jelentkez\u0151 v\u00e1laszt egy t\u00e9m\u00e1t (pl: hajl\u00e9ktalans\u00e1g, szenved\u00e9lybetegs\u00e9g\u2026), \u00edgy mindenki a sz\u00e1m\u00e1ra legink\u00e1bb otthonos ter\u00fcletet mutathatja be a megadott szempontok alapj\u00e1n. A felv\u00e9teli csak akkor \u00e9rv\u00e9nyes, ha a d\u00e9lel\u0151tti \u00e9s a d\u00e9lut\u00e1ni r\u00e9szen is r\u00e9szt vesz a jelentkez\u0151.<\/p>\n<p style=\"text-align: justify\">A felv\u00e9teli <strong>elj\u00e1r\u00e1si d\u00edj\u00a0 \u00f6sszege 4000 Ft<\/strong>, melyet az e-mailben megadott online jelentkez\u00e9si fel\u00fcleten kereszt\u00fcl tud befizetni, bankk\u00e1rty\u00e1s fizet\u00e9ssel vagy \u00e1tutal\u00e1ssal.<\/p>\n<p style=\"text-align: justify\">Nyelvvizsg\u00e1val kapcsolatos inform\u00e1ci\u00f3: A fels\u0151oktat\u00e1si tv. alapj\u00e1n: 40 \u00a7 (4) &#8222;Mesterk\u00e9pz\u00e9sre az vehet\u0151 fel, aki alapk\u00e9pz\u00e9sben fokozatot \u00e9s szakk\u00e9pzetts\u00e9get tan\u00fas\u00edt\u00f3 oklevelet szerzett.&#8221; <strong>A bemenethez teh\u00e1t nem sz\u00fcks\u00e9ges nyelvvizsga.<\/strong><\/p>\n<p style=\"text-align: justify\">T\u00f6bbletpontk\u00e9nt elfogadhat\u00f3 szakir\u00e1ny\u00fa tov\u00e1bbk\u00e9pz\u00e9sek &#8211; addiktol\u00f3giai konzulens, gyermek- \u00e9s ifj\u00fas\u00e1gv\u00e9delmi tan\u00e1csad\u00f3, ifj\u00fas\u00e1gseg\u00edt\u0151, igazs\u00e1g\u00fcgyi szoci\u00e1lis tan\u00e1csad\u00f3, lelkigondoz\u00f3 (szoci\u00e1lis \u00e9s csal\u00e1dseg\u00edt\u0151, sport \u00e9s ifj\u00fas\u00e1gi, k\u00f3rh\u00e1zi lelkigondoz\u00f3i szakir\u00e1ny), medi\u00e1tor, ment\u00e1lhigi\u00e9n\u00e9s szakir\u00e1ny\u00fa tov\u00e1bbk\u00e9pz\u00e9s, szoci\u00e1lis terepgyakorlat-vezet\u00e9s, szoci\u00e1lis igazgat\u00e1s, szoci\u00e1lis menedzser, szupervizor, iskolai szoci\u00e1lis munka, id\u0151s\u00fcgyi interakt\u00edv \u00e9let\u00fat-tan\u00e1csad\u00f3, alkalmazott szoci\u00e1lis gerontol\u00f3gia szakir\u00e1ny\u00fa tov\u00e1bbk\u00e9pz\u00e9s.<\/p>\n<p style=\"text-align: justify\"><strong>Felv\u00e9teli pontok sz\u00e1m\u00edt\u00e1sa:<\/strong> Mesterk\u00e9pz\u00e9sben legfeljebb 100 pont szerezhet\u0151, mely tartalmazza a t\u00f6bbletpontokat is.<\/p>\n<p style=\"text-align: justify\"><strong>\u00d6sszpontsz\u00e1m:<\/strong><\/p>\n<ul style=\"text-align: justify\">\n<li>szakmai \u00e9s motiv\u00e1ci\u00f3s besz\u00e9lget\u00e9sen szerezhet\u0151: maximum 95 pont<\/li>\n<li>t\u00f6bbletpontok: maximum 5 pont<\/li>\n<\/ul>\n<p style=\"text-align: justify\"><strong>T\u00f6bbletpontok:<\/strong><\/p>\n<ul>\n<li style=\"text-align: justify\">Es\u00e9lyegyenl\u0151s\u00e9gi maxim\u00e1lis pont: 1 pont\n<ul>\n<li>fogyat\u00e9koss\u00e1g: 1 pont<\/li>\n<li>gyermekgondoz\u00e1s: 1 pont<\/li>\n<li>h\u00e1tr\u00e1nyos helyzet: 1 pont<\/li>\n<\/ul>\n<\/li>\n<li style=\"text-align: justify\">1. nyelvvizsga \/ fels\u0151fok\u00fa (C1) komplex: 1 pont<\/li>\n<li style=\"text-align: justify\">2. nyelvvizsga \/ k\u00f6z\u00e9pfok\u00fa (B2): 1 pont <span style=\"font-size: 14pt\">(csak az 1. fels\u0151fok\u00fa nyelvvizsga mellett!)<\/span><\/li>\n<li style=\"text-align: justify\">OTDK r\u00e9szv\u00e9tel: 3 pont<\/li>\n<li style=\"text-align: justify\">szakir\u00e1ny\u00fa tov\u00e1bbk\u00e9pz\u00e9s: 3 pont<\/li>\n<li style=\"text-align: justify\">szakmai publik\u00e1ci\u00f3: 3 pont<\/li>\n<li style=\"text-align: justify\">szoci\u00e1lis szakvizsga: 3 pont<\/li>\n<\/ul>\n<hr \/>\n<p><strong>Tov\u00e1bbi inform\u00e1ci\u00f3k a szoci\u00e1lis munka mesterk\u00e9pz\u00e9si szakr\u00f3l<\/strong><\/p>\n<ul class=\"children\" style=\"list-style-type: square\">\n<li class=\"page_item page-item-7 current_page_item\"><a href=\"https:\/\/semmelweis.hu\/mental\/mesterkepzesek\/szocialis-munka\/kepzes-bemutatasa\/\" target=\"_blank\" rel=\"noopener\">K\u00e9pz\u00e9s bemutat\u00e1sa<\/a><\/li>\n<li class=\"page_item page-item-59\"><a href=\"https:\/\/semmelweis.hu\/mental\/mesterkepzesek\/szocialis-munka\/tanulmanyi-program\/\" target=\"_blank\" rel=\"noopener\">Tanulm\u00e1nyi program<\/a><\/li>\n<li class=\"page_item page-item-60\"><a href=\"https:\/\/semmelweis.hu\/mental\/mesterkepzesek\/szocialis-munka\/kontaktszemelyek\/\" target=\"_blank\" rel=\"noopener\">Kontaktszem\u00e9lyek<\/a><\/li>\n<li class=\"page_item page-item-3341\"><a href=\"https:\/\/semmelweis.hu\/mental\/mesterkepzesek\/szocialis-munka\/praktikus-informaciok\/\" target=\"_blank\" rel=\"noopener\">Praktikus inform\u00e1ci\u00f3k felv\u00e9teliz\u0151knek<\/a><\/li>\n<li class=\"page_item page-item-3721\"><a href=\"https:\/\/semmelweis.hu\/mental\/mesterkepzesek\/szocialis-munka\/aktualis-tajekoztatok-hallgatoknak\/\" target=\"_blank\" rel=\"noopener\">Aktu\u00e1lis t\u00e1j\u00e9koztat\u00f3k hallgat\u00f3knak<\/a><\/li>\n<\/ul>\n","protected":false},"excerpt":{"rendered":"<p>Inform\u00e1ci\u00f3k a szoci\u00e1lis munka mesterk\u00e9pz\u00e9si szak felv\u00e9teli elj\u00e1r\u00e1s\u00e1r\u00f3l A Semmelweis Egyetem Ment\u00e1lhigi\u00e9n\u00e9 Int\u00e9zete szoci\u00e1lis munka mesterk\u00e9pz\u00e9st hirdet 2026 szeptember\u00e9t\u0151l. A k\u00e9pz\u00e9st levelez\u0151 tagozaton \u00e1llami \u00f6szt\u00f6nd\u00edjas \u00e9s \u00f6nk\u00f6lts\u00e9ges form\u00e1ban ind\u00edtjuk. A jelentkez\u00e9s m\u00f3dja: A k\u00e9pz\u00e9sre val\u00f3 jelentkez\u00e9s a Fels\u0151oktat\u00e1si Felv\u00e9teli elj\u00e1r\u00e1s keret\u00e9ben t\u00f6rt\u00e9nik e-felv\u00e9telivel a <a href=\"https:\/\/www.felvi.hu\/felveteli\/efelveteli\" target=\"_blank\" rel=\"noopener\">felvi.hu<\/a> -n kereszt\u00fcl. A jelentkez\u00e9s hat\u00e1rideje: 2026. febru\u00e1r 15. Online ny\u00edlt nap &hellip;<\/p>\n","protected":false},"author":101614,"featured_media":0,"parent":1122,"menu_order":4,"comment_status":"closed","ping_status":"closed","template":"","meta":{"_acf_changed":false,"footnotes":""},"categories":[],"tags":[],"class_list":["post-61","page","type-page","status-publish","hentry"],"acf":[],"_links":{"self":[{"href":"https:\/\/semmelweis.hu\/mental\/wp-json\/wp\/v2\/pages\/61","targetHints":{"allow":["GET"]}}],"collection":[{"href":"https:\/\/semmelweis.hu\/mental\/wp-json\/wp\/v2\/pages"}],"about":[{"href":"https:\/\/semmelweis.hu\/mental\/wp-json\/wp\/v2\/types\/page"}],"author":[{"embeddable":true,"href":"https:\/\/semmelweis.hu\/mental\/wp-json\/wp\/v2\/users\/101614"}],"replies":[{"embeddable":true,"href":"https:\/\/semmelweis.hu\/mental\/wp-json\/wp\/v2\/comments?post=61"}],"version-history":[{"count":14,"href":"https:\/\/semmelweis.hu\/mental\/wp-json\/wp\/v2\/pages\/61\/revisions"}],"predecessor-version":[{"id":9167,"href":"https:\/\/semmelweis.hu\/mental\/wp-json\/wp\/v2\/pages\/61\/revisions\/9167"}],"up":[{"embeddable":true,"href":"https:\/\/semmelweis.hu\/mental\/wp-json\/wp\/v2\/pages\/1122"}],"wp:attachment":[{"href":"https:\/\/semmelweis.hu\/mental\/wp-json\/wp\/v2\/media?parent=61"}],"wp:term":[{"taxonomy":"category","embeddable":true,"href":"https:\/\/semmelweis.hu\/mental\/wp-json\/wp\/v2\/categories?post=61"},{"taxonomy":"post_tag","embeddable":true,"href":"https:\/\/semmelweis.hu\/mental\/wp-json\/wp\/v2\/tags?post=61"}],"curies":[{"name":"wp","href":"https:\/\/api.w.org\/{rel}","templated":true}]}}