{"id":5922,"date":"2022-11-09T11:37:02","date_gmt":"2022-11-09T10:37:02","guid":{"rendered":"https:\/\/semmelweis.hu\/mental\/?page_id=5922"},"modified":"2024-10-07T11:43:42","modified_gmt":"2024-10-07T09:43:42","slug":"sarmasy-orsolya","status":"publish","type":"page","link":"https:\/\/semmelweis.hu\/mental\/az-intezet\/munkatarsak\/sarmasy-orsolya\/","title":{"rendered":"S\u00e1rm\u00e1sy Orsolya"},"content":{"rendered":"<table style=\"width: 73.9145%;height: 184px\" border=\"0\" cellspacing=\"5\" cellpadding=\"5\" align=\"center\">\n<tbody>\n<tr style=\"height: 41px\">\n<td style=\"height: 41px\">\u00a0<\/td>\n<td style=\"height: 41px\"><strong>S\u00e1rm\u00e1sy Orsolya<\/strong><\/td>\n<\/tr>\n<tr style=\"height: 61px\">\n<td style=\"height: 61px\">\n<p><strong>Beoszt\u00e1s<\/strong><\/p>\n<\/td>\n<td style=\"height: 61px\">\n<p>adminisztrat\u00edv koordin\u00e1tor, EJMH szerkeszt\u0151s\u00e9gi titk\u00e1r<\/p>\n<\/td>\n<\/tr>\n<tr style=\"height: 41px\">\n<td style=\"height: 41px\"><strong>Egyetemi mell\u00e9k:<\/strong><\/td>\n<td style=\"height: 41px\">\u00a0<\/td>\n<\/tr>\n<tr style=\"height: 41px\">\n<td style=\"height: 41px\"><strong>E-mail:<\/strong>\u00a0<\/td>\n<td style=\"height: 41px\">ejmh-editor@semmelweis.hu<\/td>\n<\/tr>\n<\/tbody>\n<\/table>\n","protected":false},"excerpt":{"rendered":"<p>\u00a0<br \/>\nS\u00e1rm\u00e1sy Orsolya<\/p>\n<p>Beoszt\u00e1s<\/p>\n<p>adminisztrat\u00edv koordin\u00e1tor, EJMH szerkeszt\u0151s\u00e9gi titk\u00e1r<\/p>\n<p>Egyetemi mell\u00e9k:<br \/>\n\u00a0<\/p>\n<p>E-mail:\u00a0<br \/>\nejmh-editor@semmelweis.hu<\/p>\n","protected":false},"author":101898,"featured_media":0,"parent":19,"menu_order":0,"comment_status":"closed","ping_status":"closed","template":"","meta":{"_acf_changed":false,"footnotes":""},"categories":[],"tags":[],"class_list":["post-5922","page","type-page","status-publish","hentry"],"acf":[],"_links":{"self":[{"href":"https:\/\/semmelweis.hu\/mental\/wp-json\/wp\/v2\/pages\/5922","targetHints":{"allow":["GET"]}}],"collection":[{"href":"https:\/\/semmelweis.hu\/mental\/wp-json\/wp\/v2\/pages"}],"about":[{"href":"https:\/\/semmelweis.hu\/mental\/wp-json\/wp\/v2\/types\/page"}],"author":[{"embeddable":true,"href":"https:\/\/semmelweis.hu\/mental\/wp-json\/wp\/v2\/users\/101898"}],"replies":[{"embeddable":true,"href":"https:\/\/semmelweis.hu\/mental\/wp-json\/wp\/v2\/comments?post=5922"}],"version-history":[{"count":4,"href":"https:\/\/semmelweis.hu\/mental\/wp-json\/wp\/v2\/pages\/5922\/revisions"}],"predecessor-version":[{"id":6455,"href":"https:\/\/semmelweis.hu\/mental\/wp-json\/wp\/v2\/pages\/5922\/revisions\/6455"}],"up":[{"embeddable":true,"href":"https:\/\/semmelweis.hu\/mental\/wp-json\/wp\/v2\/pages\/19"}],"wp:attachment":[{"href":"https:\/\/semmelweis.hu\/mental\/wp-json\/wp\/v2\/media?parent=5922"}],"wp:term":[{"taxonomy":"category","embeddable":true,"href":"https:\/\/semmelweis.hu\/mental\/wp-json\/wp\/v2\/categories?post=5922"},{"taxonomy":"post_tag","embeddable":true,"href":"https:\/\/semmelweis.hu\/mental\/wp-json\/wp\/v2\/tags?post=5922"}],"curies":[{"name":"wp","href":"https:\/\/api.w.org\/{rel}","templated":true}]}}