{"id":4828,"date":"2021-07-05T17:02:24","date_gmt":"2021-07-05T15:02:24","guid":{"rendered":"https:\/\/semmelweis.hu\/mental\/?page_id=4828"},"modified":"2024-10-07T12:04:43","modified_gmt":"2024-10-07T10:04:43","slug":"fruzsina-albert-phd","status":"publish","type":"page","link":"https:\/\/semmelweis.hu\/mental\/en\/home\/teaching-and-research-staff\/fruzsina-albert-phd\/","title":{"rendered":"Fruzsina ALBERT, PhD"},"content":{"rendered":"<p>&nbsp;<\/p>\n<table style=\"width: 100%\" width=\"100%\">\n<tbody>\n<tr>\n<td style=\"width: 22%\" width=\"22%\">\n<p><strong>Position <\/strong><\/p>\n<\/td>\n<td style=\"width: 77%\" width=\"77%\">\n<p>professor<\/p>\n<\/td>\n<\/tr>\n<tr>\n<td style=\"width: 22%\" width=\"22%\">\n<p><strong>Telephone:<\/strong><\/p>\n<\/td>\n<td style=\"width: 77%\">\n<p>&nbsp;<\/p>\n<p>+36709401765<\/p>\n<\/td>\n<\/tr>\n<tr>\n<td style=\"width: 22%\" width=\"22%\">\n<p><strong>E-mail:<\/strong>\u00a0<\/p>\n<\/td>\n<td style=\"width: 77%\"><span id=\"cloak27295\">albert.ildiko@semmelweis.hu<\/span><\/td>\n<\/tr>\n<tr>\n<td style=\"width: 22%\" width=\"22%\">\n<p><strong>Qualifications<\/strong><\/p>\n<\/td>\n<td style=\"width: 77%\" width=\"433\">\u00a01987-1993 MA Degree in Sociology, MA Degree in English Language and Literature, E\u00f6tv\u00f6s Lor\u00e1nd University<\/td>\n<\/tr>\n<tr>\n<td style=\"width: 22%\" width=\"22%\">\n<p><strong>Doctoral degree<\/strong><\/p>\n<\/td>\n<td style=\"width: 77%\" width=\"433\">2000 &#8211; Ph. D. degree in Sociology, E\u00f6tv\u00f6s Lor\u00e1nd University;<\/td>\n<\/tr>\n<tr>\n<td style=\"width: 22%\" width=\"22%\">\n<p><strong>List of Publications<\/strong>\u00a0\u00a0<\/p>\n<\/td>\n<td style=\"width: 77%\" width=\"77%\">\n<p><a href=\"https:\/\/m2.mtmt.hu\/gui2\/?type=authors&amp;mode=browse&amp;sel=10010938\" target=\"_blank\" rel=\"noopener noreferrer\">Hungarian Scientific Bibliography<\/a><\/p>\n<\/td>\n<\/tr>\n<tr>\n<td style=\"width: 22%\" width=\"22%\">\n<p><strong>Researchgate, ORCID<\/strong><\/p>\n<\/td>\n<td style=\"width: 77%\" width=\"433\">\n<p>Orchid: 0000-0003-1372-7164,<\/p>\n<p>Researchgate: Fruzsina_Albert<\/p>\n<\/td>\n<\/tr>\n<tr>\n<td style=\"width: 22%\" width=\"22%\">\n<p><strong>Memberships and activities<\/strong><\/p>\n<\/td>\n<td style=\"width: 77%\" width=\"433\">\n<p>INSNA, IARR, ESA,<\/p>\n<p>Hungarian Sociological Association\u00a0<\/p>\n<\/td>\n<\/tr>\n<tr>\n<td style=\"width: 22%\" width=\"22%\">\n<p><strong>Professional and research interest<\/strong><\/p>\n<\/td>\n<td style=\"width: 77%\" width=\"433\">social network analysis, family and friendship ties, social exclusion, gender, ageing<\/td>\n<\/tr>\n<tr>\n<td style=\"width: 22%\" width=\"22%\">\n<p><strong>Current research<\/strong>\u00a0\u00a0<\/p>\n<\/td>\n<td style=\"width: 77%\" width=\"433\">\n<p>The social impacts of the COVID epidemic;<\/p>\n<p>Relationship structure\u00a0 and relationship quality<\/p>\n<\/td>\n<\/tr>\n<tr>\n<td style=\"width: 22%\" width=\"22%\">\n<p><strong>Other professional interest<\/strong><\/p>\n<\/td>\n<td style=\"width: 77%\" width=\"433\">Country expert &#8211; Member of the EU Network of Independent Experts on Social Inclusion, from 2014 on the European Social Policy Network. Country coordinator<\/td>\n<\/tr>\n<tr>\n<td style=\"width: 22%\" width=\"22%\">\n<p><strong>Main publications<\/strong><\/p>\n<\/td>\n<td style=\"width: 77%\" width=\"433\">\n<p>Albert F, Koltai J, D\u00e1vid B (2021) The increasing importance of friends: Changes in core discussion network composition in post-communist Hungary between 1997 \u2013 2015. Social Networks, Volume 66, pp. 139-145. https:\/\/doi.org\/10.1016\/j.socnet.2021.02.005<\/p>\n<p>Albert F, D\u00e1vid B, Hajdu G, Huszti \u00c9 (2020) Egocentric Contact Networks of Older Adults: Featuring Quantity, Strength and Function of Ties.\u00a0 The Sociological Quarterly \u00a0DOI:\u00a010.1080\/00380253.2020.1787111<\/p>\n<p>Albert F, Hajdu G (2020)\u00a0Association between poverty indicators and social relations. Journal of Poverty and Social Justice, vol xx, no xx, 1\u201323, DOI: 10.1332\/175982720X15966472176159. IF 0,952, Q1<\/p>\n<p>Albert F, D\u00e1vid B (2018) Interpersonal relationships in Hungary \u2013 an overview. Metszetek, 7(2):72-93. DOI 10.18392\/metsz\/2018\/2\/6<br \/>Kmetty Z, Tardos R, Albert F, D\u00e1vid B (2018) Mapping social milieus and cohesion patterns between 1997 and 2014.: Exploiting the potential of the occupational position generator SOCIAL NETWORKS 55:(10) pp. 116-129.\u00a0<\/p>\n<p>Albert F, D\u00e1vid B, Kmetty Z, Krist\u00f3f L, R\u00f3bert P, Szab\u00f3 A (2018) Mapping the Post-communist Class Structure: Findings from a New Multidimensional Hungarian Class Survey EAST EUROPEAN POLITICS AND SOCIETIES pp. 1-22.\u00a0<\/p>\n<p>Albert F, D\u00e1vid B (2016) Interpersonal Relationships in Hungary. In: Zhaoke Bin (Ed.) : Beyond the Transition: Social Change in China and Central-Eastern Europe. Social Science Academic Press. 139-160. (in Chinese)<\/p>\n<p>Albert F (2015) Summary of the results . In: Albert F. (ed.) \u00c9letkeretek a b\u00f6rt\u00f6n\u00f6n innen \u00e9s t\u00fal: Szubjekt\u00edv reszocializ\u00e1ci\u00f3s es\u00e9lyek (Life chances in and out of prison: subjective chances of reinsertion) Budapest: MTA T\u00e1rsadalomtudom\u00e1nyi Kutat\u00f3k\u00f6zpont Szociol\u00f3giai Int\u00e9zet, 2015. 178 p. Szociol\u00f3giai Tanulm\u00e1nyok; 2015\/2.) (ISBN: 978-963-8302-47-2) 113-142.<\/p>\n<p>Albert F, T\u00f3th O (2013) Youth Drug and Crime Prevention Practices in Hungary as Reflected in the Opinions of Students and Professionals VARSTVOSLOVJE (ISSN: 1580-0253) 4: pp. 460-479.<\/p>\n<p>Albert F, D\u00e1vid B. (2007) Embert bar\u00e1tj\u00e1r\u00f3l. A bar\u00e1ts\u00e1g szociol\u00f3gi\u00e1ja. (Birds of a feather. The sociology of friendship) Sz\u00e1zadv\u00e9g. Budapest, p. 272<\/p>\n<p>Albert F, D\u00e1vid B. (2001) Ha elszakad a h\u00e1l\u00f3. A magyarorsz\u00e1gi hajl\u00e9ktalans\u00e1g kapcsolath\u00e1l\u00f3zati megk\u00f6zel\u00edt\u00e9sben. (If the net breaks. Homelessness in Hungary from a network perspective). \u00daj Mand\u00e1tum kiad\u00f3, Budapest, p. 158<\/p>\n<\/td>\n<\/tr>\n<\/tbody>\n<\/table>\n","protected":false},"excerpt":{"rendered":"<p>&nbsp; Position professor Telephone: &nbsp; +36709401765 E-mail:\u00a0 albert.ildiko@semmelweis.hu Qualifications \u00a01987-1993 MA Degree in Sociology, MA Degree in English Language and Literature, E\u00f6tv\u00f6s Lor\u00e1nd University Doctoral degree 2000 &#8211; Ph. D. degree in Sociology, E\u00f6tv\u00f6s Lor\u00e1nd University; List of Publications\u00a0\u00a0 <a href=\"https:\/\/m2.mtmt.hu\/gui2\/?type=authors&amp;mode=browse&amp;sel=10010938\" target=\"_blank\" rel=\"noopener noreferrer\">Hungarian Scientific Bibliography<\/a> Researchgate, ORCID Orchid: 0000-0003-1372-7164, Researchgate: Fruzsina_Albert Memberships and activities INSNA, IARR, ESA, Hungarian Sociological Association\u00a0 Professional &hellip;<\/p>\n","protected":false},"author":101898,"featured_media":0,"parent":43,"menu_order":7,"comment_status":"closed","ping_status":"closed","template":"","meta":{"_acf_changed":false,"footnotes":""},"categories":[],"tags":[],"class_list":["post-4828","page","type-page","status-publish","hentry"],"acf":[],"_links":{"self":[{"href":"https:\/\/semmelweis.hu\/mental\/wp-json\/wp\/v2\/pages\/4828","targetHints":{"allow":["GET"]}}],"collection":[{"href":"https:\/\/semmelweis.hu\/mental\/wp-json\/wp\/v2\/pages"}],"about":[{"href":"https:\/\/semmelweis.hu\/mental\/wp-json\/wp\/v2\/types\/page"}],"author":[{"embeddable":true,"href":"https:\/\/semmelweis.hu\/mental\/wp-json\/wp\/v2\/users\/101898"}],"replies":[{"embeddable":true,"href":"https:\/\/semmelweis.hu\/mental\/wp-json\/wp\/v2\/comments?post=4828"}],"version-history":[{"count":6,"href":"https:\/\/semmelweis.hu\/mental\/wp-json\/wp\/v2\/pages\/4828\/revisions"}],"predecessor-version":[{"id":6782,"href":"https:\/\/semmelweis.hu\/mental\/wp-json\/wp\/v2\/pages\/4828\/revisions\/6782"}],"up":[{"embeddable":true,"href":"https:\/\/semmelweis.hu\/mental\/wp-json\/wp\/v2\/pages\/43"}],"wp:attachment":[{"href":"https:\/\/semmelweis.hu\/mental\/wp-json\/wp\/v2\/media?parent=4828"}],"wp:term":[{"taxonomy":"category","embeddable":true,"href":"https:\/\/semmelweis.hu\/mental\/wp-json\/wp\/v2\/categories?post=4828"},{"taxonomy":"post_tag","embeddable":true,"href":"https:\/\/semmelweis.hu\/mental\/wp-json\/wp\/v2\/tags?post=4828"}],"curies":[{"name":"wp","href":"https:\/\/api.w.org\/{rel}","templated":true}]}}

<p>&nbsp;</p>
<table style="width: 100%" width="100%">
<tbody>
<tr>
<td style="width: 22%" width="22%">
<p><strong>Position </strong></p>
</td>
<td style="width: 77%" width="77%">
<p>professor</p>
</td>
</tr>
<tr>
<td style="width: 22%" width="22%">
<p><strong>Telephone:</strong></p>
</td>
<td style="width: 77%">
<p>&nbsp;</p>
<p>+36709401765</p>
</td>
</tr>
<tr>
<td style="width: 22%" width="22%">
<p><strong>E-mail:</strong> </p>
</td>
<td style="width: 77%"><span id="cloak27295">albert.ildiko@semmelweis.hu</span></td>
</tr>
<tr>
<td style="width: 22%" width="22%">
<p><strong>Qualifications</strong></p>
</td>
<td style="width: 77%" width="433"> 1987-1993 MA Degree in Sociology, MA Degree in English Language and Literature, Eötvös Loránd University</td>
</tr>
<tr>
<td style="width: 22%" width="22%">
<p><strong>Doctoral degree</strong></p>
</td>
<td style="width: 77%" width="433">2000 &#8211; Ph. D. degree in Sociology, Eötvös Loránd University;</td>
</tr>
<tr>
<td style="width: 22%" width="22%">
<p><strong>List of Publications</strong>  </p>
</td>
<td style="width: 77%" width="77%">
<p><a href="https://m2.mtmt.hu/gui2/?type=authors&amp;mode=browse&amp;sel=10010938" target="_blank" rel="noopener noreferrer">Hungarian Scientific Bibliography</a></p>
</td>
</tr>
<tr>
<td style="width: 22%" width="22%">
<p><strong>Researchgate, ORCID</strong></p>
</td>
<td style="width: 77%" width="433">
<p>Orchid: 0000-0003-1372-7164,</p>
<p>Researchgate: Fruzsina_Albert</p>
</td>
</tr>
<tr>
<td style="width: 22%" width="22%">
<p><strong>Memberships and activities</strong></p>
</td>
<td style="width: 77%" width="433">
<p>INSNA, IARR, ESA,</p>
<p>Hungarian Sociological Association </p>
</td>
</tr>
<tr>
<td style="width: 22%" width="22%">
<p><strong>Professional and research interest</strong></p>
</td>
<td style="width: 77%" width="433">social network analysis, family and friendship ties, social exclusion, gender, ageing</td>
</tr>
<tr>
<td style="width: 22%" width="22%">
<p><strong>Current research</strong>  </p>
</td>
<td style="width: 77%" width="433">
<p>The social impacts of the COVID epidemic;</p>
<p>Relationship structure  and relationship quality</p>
</td>
</tr>
<tr>
<td style="width: 22%" width="22%">
<p><strong>Other professional interest</strong></p>
</td>
<td style="width: 77%" width="433">Country expert &#8211; Member of the EU Network of Independent Experts on Social Inclusion, from 2014 on the European Social Policy Network. Country coordinator</td>
</tr>
<tr>
<td style="width: 22%" width="22%">
<p><strong>Main publications</strong></p>
</td>
<td style="width: 77%" width="433">
<p>Albert F, Koltai J, Dávid B (2021) The increasing importance of friends: Changes in core discussion network composition in post-communist Hungary between 1997 – 2015. Social Networks, Volume 66, pp. 139-145. https://doi.org/10.1016/j.socnet.2021.02.005</p>
<p>Albert F, Dávid B, Hajdu G, Huszti É (2020) Egocentric Contact Networks of Older Adults: Featuring Quantity, Strength and Function of Ties.  The Sociological Quarterly  DOI: 10.1080/00380253.2020.1787111</p>
<p>Albert F, Hajdu G (2020) Association between poverty indicators and social relations. Journal of Poverty and Social Justice, vol xx, no xx, 1–23, DOI: 10.1332/175982720X15966472176159. IF 0,952, Q1</p>
<p>Albert F, Dávid B (2018) Interpersonal relationships in Hungary – an overview. Metszetek, 7(2):72-93. DOI 10.18392/metsz/2018/2/6<br />Kmetty Z, Tardos R, Albert F, Dávid B (2018) Mapping social milieus and cohesion patterns between 1997 and 2014.: Exploiting the potential of the occupational position generator SOCIAL NETWORKS 55:(10) pp. 116-129. </p>
<p>Albert F, Dávid B, Kmetty Z, Kristóf L, Róbert P, Szabó A (2018) Mapping the Post-communist Class Structure: Findings from a New Multidimensional Hungarian Class Survey EAST EUROPEAN POLITICS AND SOCIETIES pp. 1-22. </p>
<p>Albert F, Dávid B (2016) Interpersonal Relationships in Hungary. In: Zhaoke Bin (Ed.) : Beyond the Transition: Social Change in China and Central-Eastern Europe. Social Science Academic Press. 139-160. (in Chinese)</p>
<p>Albert F (2015) Summary of the results . In: Albert F. (ed.) Életkeretek a börtönön innen és túl: Szubjektív reszocializációs esélyek (Life chances in and out of prison: subjective chances of reinsertion) Budapest: MTA Társadalomtudományi Kutatóközpont Szociológiai Intézet, 2015. 178 p. Szociológiai Tanulmányok; 2015/2.) (ISBN: 978-963-8302-47-2) 113-142.</p>
<p>Albert F, Tóth O (2013) Youth Drug and Crime Prevention Practices in Hungary as Reflected in the Opinions of Students and Professionals VARSTVOSLOVJE (ISSN: 1580-0253) 4: pp. 460-479.</p>
<p>Albert F, Dávid B. (2007) Embert barátjáról. A barátság szociológiája. (Birds of a feather. The sociology of friendship) Századvég. Budapest, p. 272</p>
<p>Albert F, Dávid B. (2001) Ha elszakad a háló. A magyarországi hajléktalanság kapcsolathálózati megközelítésben. (If the net breaks. Homelessness in Hungary from a network perspective). Új Mandátum kiadó, Budapest, p. 158</p>
</td>
</tr>
</tbody>
</table>

<p>&nbsp; Position professor Telephone: &nbsp; +36709401765 E-mail:  albert.ildiko@semmelweis.hu Qualifications  1987-1993 MA Degree in Sociology, MA Degree in English Language and Literature, Eötvös Loránd University Doctoral degree 2000 &#8211; Ph. D. degree in Sociology, Eötvös Loránd University; List of Publications   <a href="https://m2.mtmt.hu/gui2/?type=authors&amp;mode=browse&amp;sel=10010938" target="_blank" rel="noopener noreferrer">Hungarian Scientific Bibliography</a> Researchgate, ORCID Orchid: 0000-0003-1372-7164, Researchgate: Fruzsina_Albert Memberships and activities INSNA, IARR, ESA, Hungarian Sociological Association  Professional &hellip;</p>
