{"id":4721,"date":"2021-06-30T14:05:29","date_gmt":"2021-06-30T12:05:29","guid":{"rendered":"https:\/\/semmelweis.hu\/mental\/?page_id=4721"},"modified":"2024-10-07T12:02:44","modified_gmt":"2024-10-07T10:02:44","slug":"attila-pilinszki","status":"publish","type":"page","link":"https:\/\/semmelweis.hu\/mental\/en\/home\/teaching-and-research-staff\/attila-pilinszki\/","title":{"rendered":"Attila Pilinszki, PhD"},"content":{"rendered":"<p><img loading=\"lazy\" decoding=\"async\" class=\"alignnone size-full wp-image-829\" src=\"https:\/\/semmelweis.hu\/mental\/files\/2018\/06\/Pilinszki-Attila-97x133.jpg\" alt=\"\" width=\"97\" height=\"133\" \/><\/p>\n<table style=\"width: 100%;height: 1058px\" width=\"100%\">\n<tbody>\n<tr style=\"height: 43px\">\n<td style=\"width: 22%;height: 43px\" width=\"22%\">\n<p><strong>Position <\/strong><\/p>\n<\/td>\n<td style=\"width: 77%;height: 43px\" width=\"77%\">\n<p>Associate professor, deputy director<\/p>\n<\/td>\n<\/tr>\n<tr style=\"height: 43px\">\n<td style=\"width: 22%;height: 43px\" width=\"22%\">\n<p><strong>Telephone and university extension<\/strong><\/p>\n<\/td>\n<td style=\"width: 77%;height: 43px\">06-1-266-0878\/ <strong>56534<\/strong><\/td>\n<\/tr>\n<tr style=\"height: 43px\">\n<td style=\"width: 22%;height: 43px\" width=\"22%\">\n<p><strong>E-mail:<\/strong>\u00a0<\/p>\n<\/td>\n<td style=\"width: 77%;height: 43px\" width=\"77%\">\n<p><span id=\"cloak73534\">pilinszki.attila@semmelweis.hu<\/span><\/p>\n<\/td>\n<\/tr>\n<tr style=\"height: 83px\">\n<td style=\"width: 22%;height: 83px\" width=\"22%\">\n<p><strong>Qualifications<\/strong><\/p>\n<\/td>\n<td style=\"width: 77%;height: 83px\" width=\"77%\">\n<p>Sociologist (2005)<\/p>\n<p>Social worker (2001)<\/p>\n<\/td>\n<\/tr>\n<tr style=\"height: 67px\">\n<td style=\"width: 22%;height: 67px\" width=\"22%\">\n<p><strong>Doctoral degree<\/strong><\/p>\n<\/td>\n<td style=\"width: 77%;height: 67px\" width=\"77%\">\n<p>PhD in Sociology, 2014<\/p>\n<\/td>\n<\/tr>\n<tr style=\"height: 67px\">\n<td style=\"width: 22%;height: 67px\" width=\"22%\">\n<p><strong>List of Publications<\/strong>\u00a0\u00a0<\/p>\n<\/td>\n<td style=\"width: 77%;height: 67px\" width=\"77%\">\n<p><a href=\"http:\/\/vm.mtmt.hu\/\/search\/slist.php?lang=0&amp;AuthorID=10022453\" target=\"_blank\" rel=\"noopener noreferrer\"><span style=\"color: #1e2326\">Magyar Tudom\u00e1nyos M\u0171vek T\u00e1ra<\/span><\/a><\/p>\n<\/td>\n<\/tr>\n<tr style=\"height: 67px\">\n<td style=\"width: 22%;height: 67px\" width=\"22%\">\n<p><strong>Researchgate, ORCID<\/strong><\/p>\n<\/td>\n<td style=\"width: 77%;height: 67px\" width=\"77%\">\n<p>ORCID: 0000-0002-7665-3695<\/p>\n<\/td>\n<\/tr>\n<tr style=\"height: 147px\">\n<td style=\"width: 22%;height: 147px\" width=\"22%\">\n<p><strong>Memberships and activities<\/strong><\/p>\n<\/td>\n<td style=\"width: 77%;height: 147px\" width=\"77%\">\n<p>Hungarian Sociological Association<\/p>\n<p><span class=\"Y2IQFc\" lang=\"en\">Association for the Training of Hungarian Social (member of the board)<\/span><\/p>\n<p>Elek F\u00e9nyes Social Statistics Association<\/p>\n<\/td>\n<\/tr>\n<tr style=\"height: 163px\">\n<td style=\"width: 22%;height: 163px\" width=\"22%\">\n<p><strong>Professional and research interest<\/strong><\/p>\n<\/td>\n<td style=\"width: 77%;height: 163px\" width=\"77%\">\n<p>Quality of relationships and relationship instability<\/p>\n<p>Family conflicts<\/p>\n<p>Alternative conflict management methods<\/p>\n<p>Application of mediation in the social field<\/p>\n<\/td>\n<\/tr>\n<tr style=\"height: 67px\">\n<td style=\"width: 22%;height: 67px\" width=\"22%\">\n<p><strong>Current research<\/strong>\u00a0\u00a0<\/p>\n<\/td>\n<td style=\"width: 77%;height: 67px\" width=\"77%\">\n<p>Shared parenting after divorce <a href=\"https:\/\/semmelweis.hu\/mental\/kozos-szuloseg-a-valas-utan\/\"><span style=\"color: #1e2326\">(OTKA-PD 131671)<\/span><\/a><\/p>\n<p>Mediation as a special service provided to families by family and child welfare centers\u00a0<\/p>\n<p>Examination of the well-being and changed life situation of helping professionals in the COVID-19 epidemic in Hungary<\/p>\n<p>21st century nursery\u00a0<\/p>\n<\/td>\n<\/tr>\n<tr style=\"height: 91px\">\n<td style=\"width: 22%;height: 91px\" width=\"22%\">\n<p><strong>Other professional interest<\/strong><\/p>\n<\/td>\n<td style=\"width: 77%;height: 91px\" width=\"77%\">\n<p>&nbsp;<\/p>\n<\/td>\n<\/tr>\n<tr style=\"height: 67px\">\n<td style=\"width: 22%;height: 67px\" width=\"22%\">\n<p><strong>Main publications<\/strong><\/p>\n<\/td>\n<td style=\"width: 77%;height: 67px\" width=\"77%\">\n<div>\n<div class=\"authors\"><span class=\"author-name\">Pilinszki, Attila\u00a0<\/span>;\u00a0<span class=\"author-name\">Buly\u00e1ki, T\u00fcnde\u00a0<\/span>;\u00a0<span class=\"author-name\">Kr\u00e9mer, Andr\u00e1s\u00a0<\/span>;\u00a0<span class=\"author-name\">R\u00e1k\u00f3czy, Zsuzsanna (2020) <\/span>Honnan, hov\u00e1, hogyan? &#8211; Medi\u00e1ci\u00f3s c\u00e9lok \u00e9s st\u00edlusok <span class=\"journal-title\">ES\u00c9LY: T\u00c1RSADALOM \u00c9S SZOCI\u00c1LPOLITIKAI FOLY\u00d3IRAT<\/span>\u00a0<span class=\"journal-volume\">31<\/span>\u00a0:\u00a0<span class=\"journal-issue\">1<\/span>\u00a0<span class=\"page\">pp. 93-114.<\/span><\/div>\n<\/div>\n<div>\u00a0<\/div>\n<div class=\"authors\"><span class=\"author-name\">Danis, I.<\/span>;\u00a0<span class=\"author-name\">B\u00f3n\u00e9, V.<\/span>;\u00a0<span class=\"author-name\">Heged\u00fcs, R.<\/span>;\u00a0<span class=\"author-name\">Pilinszki, A.<\/span>;\u00a0<span class=\"author-name\">Szab\u00f3, T<\/span>;\u00a0<span class=\"author-name\">D\u00e1vid, B. <span class=\"year\">(2020) <\/span><\/span><span style=\"font-family: inherit;font-size: inherit\">Infancy in 21st Century Hungary &#8211; A Project Introduction<\/span><span class=\"subTitle\" style=\"font-family: inherit;font-size: inherit\">: Policy, Theoretical and Methodological Framework and Objectives of the First National Representative Parent Survey on Infant and Early Childhood Mental Health.\u00a0<\/span><span class=\"journal-title\">EUROPEAN JOURNAL OF MENTAL HEALTH<\/span>\u00a0<span class=\"journal-volume\">15<\/span>:\u00a0<span class=\"journal-issue\">2<\/span>\u00a0<span class=\"page\">pp. 111-144.<\/span><\/div>\n<div>\u00a0<\/div>\n<div>\n<div class=\"authors\"><span class=\"author-name\">Pilinszki, Attila<\/span>;\u00a0<span class=\"author-name\">Buly\u00e1ki, T\u00fcnde<\/span>;\u00a0<span class=\"author-name\">R\u00e1czn\u00e9, N\u00e9meth Teod\u00f3ra<\/span>;\u00a0<span class=\"author-name\">Goldmann, R\u00f3bert (2019) <\/span>Utak. \u00datkeres\u00e9s. \u00datmutat\u00e1s? &#8211; medi\u00e1ci\u00f3s gyakorlat a szoci\u00e1lis alapszolg\u00e1ltat\u00e1sban.\u00a0<span class=\"journal-title\">P\u00c1RBESZ\u00c9D SZOCI\u00c1LIS MUNKA FOLY\u00d3IRAT<\/span>\u00a0<span class=\"journal-volume\">6<\/span>\u00a0:\u00a0<span class=\"journal-issue\">2<\/span>\u00a0<span class=\"page\">Paper: 3223<\/span><\/div>\n<\/div>\n<div>\u00a0<\/div>\n<div>\n<div class=\"authors\"><span class=\"author-name\">In\u00e1ncsi, Tam\u00e1s<\/span>;\u00a0<span class=\"author-name\">Pilinszki, Attila<\/span>;\u00a0<span class=\"author-name\">Pa\u00e1l, T\u00fcnde<\/span>;\u00a0<span class=\"author-name\">L\u00e1ng, Andr\u00e1s (2018) <\/span>Perceptions of close relationship through the Machiavellians\u00b4 dark glasses: Negativity, distrust, self-protection against risk and dissatisfaction.\u00a0<span class=\"journal-title\">EUROPES JOURNAL OF PSYCHOLOGY<\/span>\u00a0<span class=\"journal-volume\">14<\/span>\u00a0:\u00a0<span class=\"journal-issue\">4<\/span>\u00a0<span class=\"page\">pp. 806-830.\u00a0<\/span><\/div>\n<\/div>\n<div>\u00a0<\/div>\n<div>\n<div class=\"authors\"><span class=\"author-name\">Ittz\u00e9s, G\u00e1bor<\/span>;\u00a0<span class=\"author-name\">Sipos-Bielochradszky, Bernadett<\/span>;\u00a0<span class=\"author-name\">B\u00e9res, Orsolya<\/span>;\u00a0<span class=\"author-name\">Pilinszki, Attila (2017) <\/span>Salvation and Religiosity<span class=\"subTitle\">: The Predictive Strength and Limitations of a Rokeach Value Survey Item. <\/span><span class=\"journal-title\">EUROPEAN JOURNAL OF MENTAL HEALTH<\/span>\u00a0<span class=\"journal-volume\">12<\/span>:\u00a0<span class=\"journal-issue\">1<\/span>\u00a0<span class=\"page\">pp. 3-24.\u00a0<\/span><\/div>\n<\/div>\n<\/td>\n<\/tr>\n<\/tbody>\n<\/table>\n<p>&nbsp;<\/p>\n","protected":false},"excerpt":{"rendered":"<p>Position Associate professor, deputy director Telephone and university extension 06-1-266-0878\/ 56534 E-mail:\u00a0 pilinszki.attila@semmelweis.hu Qualifications Sociologist (2005) Social worker (2001) Doctoral degree PhD in Sociology, 2014 List of Publications\u00a0\u00a0 <a href=\"http:\/\/vm.mtmt.hu\/\/search\/slist.php?lang=0&amp;AuthorID=10022453\" target=\"_blank\" rel=\"noopener noreferrer\">Magyar Tudom\u00e1nyos M\u0171vek T\u00e1ra<\/a> Researchgate, ORCID ORCID: 0000-0002-7665-3695 Memberships and activities Hungarian Sociological Association Association for the Training of Hungarian Social (member of the board) Elek F\u00e9nyes Social Statistics Association Professional &hellip;<\/p>\n","protected":false},"author":101898,"featured_media":0,"parent":43,"menu_order":3,"comment_status":"closed","ping_status":"closed","template":"","meta":{"_acf_changed":false,"footnotes":""},"categories":[],"tags":[],"class_list":["post-4721","page","type-page","status-publish","hentry"],"acf":[],"_links":{"self":[{"href":"https:\/\/semmelweis.hu\/mental\/wp-json\/wp\/v2\/pages\/4721","targetHints":{"allow":["GET"]}}],"collection":[{"href":"https:\/\/semmelweis.hu\/mental\/wp-json\/wp\/v2\/pages"}],"about":[{"href":"https:\/\/semmelweis.hu\/mental\/wp-json\/wp\/v2\/types\/page"}],"author":[{"embeddable":true,"href":"https:\/\/semmelweis.hu\/mental\/wp-json\/wp\/v2\/users\/101898"}],"replies":[{"embeddable":true,"href":"https:\/\/semmelweis.hu\/mental\/wp-json\/wp\/v2\/comments?post=4721"}],"version-history":[{"count":7,"href":"https:\/\/semmelweis.hu\/mental\/wp-json\/wp\/v2\/pages\/4721\/revisions"}],"predecessor-version":[{"id":6780,"href":"https:\/\/semmelweis.hu\/mental\/wp-json\/wp\/v2\/pages\/4721\/revisions\/6780"}],"up":[{"embeddable":true,"href":"https:\/\/semmelweis.hu\/mental\/wp-json\/wp\/v2\/pages\/43"}],"wp:attachment":[{"href":"https:\/\/semmelweis.hu\/mental\/wp-json\/wp\/v2\/media?parent=4721"}],"wp:term":[{"taxonomy":"category","embeddable":true,"href":"https:\/\/semmelweis.hu\/mental\/wp-json\/wp\/v2\/categories?post=4721"},{"taxonomy":"post_tag","embeddable":true,"href":"https:\/\/semmelweis.hu\/mental\/wp-json\/wp\/v2\/tags?post=4721"}],"curies":[{"name":"wp","href":"https:\/\/api.w.org\/{rel}","templated":true}]}}