{"id":3190,"date":"2019-03-13T10:23:50","date_gmt":"2019-03-13T09:23:50","guid":{"rendered":"http:\/\/semmelweis.hu\/mental\/?page_id=3190"},"modified":"2026-02-04T10:25:16","modified_gmt":"2026-02-04T09:25:16","slug":"dr-somosine-tesenyi-timea","status":"publish","type":"page","link":"https:\/\/semmelweis.hu\/mental\/az-intezet\/munkatarsak\/dr-somosine-tesenyi-timea\/","title":{"rendered":"Dr. Somosin\u00e9 T\u00e9senyi T\u00edmea"},"content":{"rendered":"<figure id=\"attachment_607\" aria-describedby=\"caption-attachment-607\" style=\"width: 150px\" class=\"wp-caption alignnone\"><a href=\"https:\/\/semmelweis.hu\/mental\/files\/2018\/06\/Tsenyi-Timi.jpg\"><img loading=\"lazy\" decoding=\"async\" class=\"wp-image-607 size-thumbnail\" src=\"https:\/\/semmelweis.hu\/mental\/files\/2018\/06\/Tsenyi-Timi-150x150.jpg\" alt=\"\" width=\"150\" height=\"150\" \/><\/a><figcaption id=\"caption-attachment-607\" class=\"wp-caption-text\">Dr. Somosin\u00e9 T\u00e9senyi T\u00edmea<\/figcaption><\/figure>\n<p>&nbsp;<\/p>\n<table style=\"height: 2271px;width: 90.7404%\" border=\"0\" cellspacing=\"5\" cellpadding=\"5\" align=\"center\">\n<tbody>\n<tr style=\"height: 41px\">\n<td style=\"height: 41px\"><a class=\"modal thumbnail\" href=\"\/images\/Tsenyi%20Timi.JPG\" rel=\"{handler: 'image', marginImage: {x: 50, y: 50}}\"><img loading=\"lazy\" decoding=\"async\" src=\"\/images\/thumbnails\/images\/Tsenyi Timi-100x133.JPG\" width=\"100\" height=\"133\" border=\"0\" \/><\/a><\/td>\n<td style=\"height: 41px\"><strong>Dr. SOMOSIN\u00c9 T\u00c9SENYI TIMEA<\/strong><\/td>\n<\/tr>\n<tr style=\"height: 61px\">\n<td style=\"height: 61px\">\n<p><strong>Beoszt\u00e1s<\/strong><\/p>\n<\/td>\n<td style=\"height: 61px\">egyetemi adjunktus<\/td>\n<\/tr>\n<tr style=\"height: 71px\">\n<td style=\"height: 71px\"><span class=\"Apple-style-span\" style=\"font-weight: 800\"><strong>Egyetemi mell\u00e9k:<\/strong><\/span><\/td>\n<td style=\"height: 71px\">06-1-459-1500 \/ <strong>56543<\/strong><\/td>\n<\/tr>\n<tr style=\"height: 251px\">\n<td style=\"height: 10px\"><strong><strong>E-mail:<\/strong><\/strong>\u00a0<\/td>\n<td style=\"height: 10px\">tesenyi.timea@semmelweis.hu<\/td>\n<\/tr>\n<tr style=\"height: 361px\">\n<td style=\"height: 361px\"><strong><strong>V\u00e9gzetts\u00e9gek<\/strong><\/strong><\/td>\n<td style=\"height: 361px\">\n<p>Matematika tan\u00e1r (1995)<\/p>\n<p>Hittan\u00e1r<\/p>\n<p>N\u00e9met szakford\u00edt\u00f3<\/p>\n<p>Ment\u00e1lhigi\u00e9n\u00e9s szakember (2000)<\/p>\n<p>K\u00f3rh\u00e1zi lelkigondoz\u00f3 (2004)<\/p>\n<p>Pszichodr\u00e1ma vezet\u0151 (2015)<\/p>\n<p>Bibliodr\u00e1ma asszisztens (2010)<\/p>\n<\/td>\n<\/tr>\n<tr style=\"height: 71px\">\n<td style=\"height: 71px\"><strong><strong>Doktori fokozat<\/strong><\/strong><\/td>\n<td style=\"height: 71px\">\n<p>PhD, szoci\u00e1lpolitika<\/p>\n<\/td>\n<\/tr>\n<tr style=\"height: 111px\">\n<td style=\"height: 111px\"><strong>Publik\u00e1ci\u00f3s lista<\/strong>\u00a0\u00a0<\/td>\n<td style=\"height: 111px\">\n<p><a href=\"http:\/\/vm.mtmt.hu\/\/search\/slist.php?lang=0&amp;AuthorID=10022456\" target=\"_blank\" rel=\"noopener noreferrer\">Magyar Tudom\u00e1nyos M\u0171vek T\u00e1ra<\/a><\/p>\n<p>MTMT azonos\u00edt\u00f3: 10022456<\/p>\n<\/td>\n<\/tr>\n<tr style=\"height: 61px\">\n<td style=\"height: 61px\"><strong>ORCID<\/strong><\/td>\n<td style=\"height: 61px\">\n<p>0000-0003-2436-2500<\/p>\n<\/td>\n<\/tr>\n<tr style=\"height: 291px\">\n<td style=\"height: 291px\"><strong><strong>T\u00e1rsas\u00e1gi,\u00a0<br \/>egyes\u00fcleti tags\u00e1gok<\/strong><\/strong><\/td>\n<td style=\"height: 291px\">\n<p>Antropos Ment\u00e1lhigi\u00e9n\u00e9s Egyes\u00fclet (eln\u00f6k)<\/p>\n<p>Magyar Pasztor\u00e1lpszichol\u00f3giai T\u00e1rsas\u00e1g<\/p>\n<p>Magyar Pszichodr\u00e1ma Egyeses\u00fclet<\/p>\n<p>Dial\u00f3gus (P\u00e1rbesz\u00e9d) Alap\u00edtv\u00e1ny<\/p>\n<p>Magyar M\u00e1ltai Szeretetszolg\u00e1lat Iskola Alap\u00edtv\u00e1ny (kurat\u00f3riumi tag)<\/p>\n<\/td>\n<\/tr>\n<tr style=\"height: 131px\">\n<td style=\"height: 131px\"><strong><strong>Szakmai \u00e9rdekl\u0151d\u00e9s, kutat\u00e1si ter\u00fcletek<\/strong><\/strong><\/td>\n<td style=\"height: 131px\">\n<p>Testi lelki eg\u00e9szs\u00e9g \u00f6sszef\u00fcgg\u00e9sei, k\u00f3rh\u00e1zi lelkigondoz\u00e1s, ki\u00e9g\u00e9s<\/p>\n<\/td>\n<\/tr>\n<tr style=\"height: 171px\">\n<td style=\"height: 171px\"><strong><strong>Aktu\u00e1lis kutat\u00e1sok<\/strong><\/strong><\/td>\n<td style=\"height: 171px\">\n<p>K\u00e9pz\u00e9seink hat\u00e1sa az \u00f6negy\u00fctt\u00e9rz\u00e9sre<\/p>\n<p>Seg\u00edt\u0151 szakemberek j\u00f3ll\u00e9t\u00e9nek \u00e9s megv\u00e1ltozott \u00e9lethelyzet\u00e9nek vizsg\u00e1lata a magyarorsz\u00e1gi COVID-19 j\u00e1rv\u00e1ny kezdeti szakasz\u00e1ban<\/p>\n<\/td>\n<\/tr>\n<tr style=\"height: 891px\">\n<td style=\"height: 891px\"><strong><strong>Legfontosabb publik\u00e1ci\u00f3k<\/strong><\/strong><\/td>\n<td style=\"height: 891px\">\n<p>T\u00e9senyi, T; Luk\u00e1cs, \u00c1; J\u00e1ray, M; Luk\u00e1cs, G. (2017): Kapcsolath\u00e1l\u00f3zati kutat\u00e1s magyarorsz\u00e1gi k\u00f3rh\u00e1zi lelkigondoz\u00f3k k\u00f6r\u00e9ben. In: <em>Embert\u00e1rs<\/em><br \/>\u00a02017 : 1 pp. 5-22.\u00a0<\/p>\n<p>T\u00e9senyi, T. (2016): Magyarorsz\u00e1gi lelkigondoz\u00f3 szolg\u00e1latok h\u00e1l\u00f3zatos egy\u00fcttm\u0171k\u00f6d\u00e9s\u00e9nek lehet\u0151s\u00e9gei \u00e9s kih\u00edv\u00e1sai In: Karlovitz, J., T. (szerk.) <em>T\u00e1rsadalom, kultur\u00e1lis h\u00e1tt\u00e9r, gazdas\u00e1g<\/em> : IV. IRI T\u00e1rsadalomtudom\u00e1nyi Konferencia<br \/>Kom\u00e1rno, Szlov\u00e1kia : International Research Institute, (2016) pp. 307-314. , 9 p. 3.<\/p>\n<p>T\u00e9senyi, T: A modern k\u00f3rh\u00e1zi lelkigondoz\u00f3i szeml\u00e9let kialakul\u00e1sa. In: <em>Cura mentis &#8211; Salus populi: Ment\u00e1lhigi\u00e9n\u00e9 a t\u00e1rsadalom szolg\u00e1lat\u00e1ban<\/em>, SE MHI, 2013. 4.<\/p>\n<p>T\u00f6r\u00f6k, G; Tomcs\u00e1nyi, T ; Ittz\u00e9s, A; Martos, T ; Semsey, G.; Szab\u00f3, T ; T\u00e9senyi, T <span style=\"font-family: inherit;font-size: inherit\">(2012)<\/span><span style=\"font-family: inherit;font-size: inherit\">: Ein \u00f6kumenisches Modell der Weiterbildung in Seelsorge: Geschichte und Ergebnisse de Evaluationsforschung der Weiterbildung. <\/span><em style=\"font-family: inherit;font-size: inherit\">European Journal of Mental Health<\/em><span style=\"font-family: inherit;font-size: inherit\"> 7 : 1 pp. 24-56., 33 p.\u00a0 5.<\/span><\/p>\n<p>Semsey, G. (szerk.); T\u00e9senyi, T. (szerk.); Pilinszki, Attila (szerk.) <span style=\"font-family: inherit;font-size: inherit\">(2012)<\/span><span style=\"font-family: inherit;font-size: inherit\">:<\/span><em style=\"font-family: inherit;font-size: inherit\"> Seg\u00edt\u0151 tal\u00e1lkoz\u00e1sok ment\u00e1lhigi\u00e9n\u00e9s szeml\u00e9letben: Esetgy\u0171jtem\u00e9ny.<\/em><span style=\"font-family: inherit;font-size: inherit\"> Budapest, P\u00e1rbesz\u00e9d (Dial\u00f3gus) Alap\u00edtv\u00e1ny, Semmelweis Egyetem Ment\u00e1lhigi\u00e9n\u00e9 Int\u00e9zet, 192 p.<\/span><\/p>\n<\/td>\n<\/tr>\n<\/tbody>\n<\/table>\n<p>&nbsp;<\/p>\n","protected":false},"excerpt":{"rendered":"<p>&nbsp; <a class=\"modal thumbnail\" href=\"\/images\/Tsenyi%20Timi.JPG\" rel=\"{handler: 'image', marginImage: {x: 50, y: 50}}\"><\/a> Dr. SOMOSIN\u00c9 T\u00c9SENYI TIMEA Beoszt\u00e1s egyetemi adjunktus Egyetemi mell\u00e9k: 06-1-459-1500 \/ 56543 E-mail:\u00a0 tesenyi.timea@semmelweis.hu V\u00e9gzetts\u00e9gek Matematika tan\u00e1r (1995) Hittan\u00e1r N\u00e9met szakford\u00edt\u00f3 Ment\u00e1lhigi\u00e9n\u00e9s szakember (2000) K\u00f3rh\u00e1zi lelkigondoz\u00f3 (2004) Pszichodr\u00e1ma vezet\u0151 (2015) Bibliodr\u00e1ma asszisztens (2010) Doktori fokozat PhD, szoci\u00e1lpolitika Publik\u00e1ci\u00f3s lista\u00a0\u00a0 <a href=\"http:\/\/vm.mtmt.hu\/\/search\/slist.php?lang=0&amp;AuthorID=10022456\" target=\"_blank\" rel=\"noopener noreferrer\">Magyar Tudom\u00e1nyos M\u0171vek T\u00e1ra<\/a> MTMT azonos\u00edt\u00f3: 10022456 ORCID 0000-0003-2436-2500 T\u00e1rsas\u00e1gi,\u00a0egyes\u00fcleti tags\u00e1gok Antropos Ment\u00e1lhigi\u00e9n\u00e9s Egyes\u00fclet (eln\u00f6k) Magyar Pasztor\u00e1lpszichol\u00f3giai T\u00e1rsas\u00e1g Magyar &hellip;<\/p>\n","protected":false},"author":101614,"featured_media":0,"parent":19,"menu_order":28,"comment_status":"closed","ping_status":"closed","template":"","meta":{"_acf_changed":false,"footnotes":""},"categories":[],"tags":[],"class_list":["post-3190","page","type-page","status-publish","hentry"],"acf":[],"_links":{"self":[{"href":"https:\/\/semmelweis.hu\/mental\/wp-json\/wp\/v2\/pages\/3190","targetHints":{"allow":["GET"]}}],"collection":[{"href":"https:\/\/semmelweis.hu\/mental\/wp-json\/wp\/v2\/pages"}],"about":[{"href":"https:\/\/semmelweis.hu\/mental\/wp-json\/wp\/v2\/types\/page"}],"author":[{"embeddable":true,"href":"https:\/\/semmelweis.hu\/mental\/wp-json\/wp\/v2\/users\/101614"}],"replies":[{"embeddable":true,"href":"https:\/\/semmelweis.hu\/mental\/wp-json\/wp\/v2\/comments?post=3190"}],"version-history":[{"count":10,"href":"https:\/\/semmelweis.hu\/mental\/wp-json\/wp\/v2\/pages\/3190\/revisions"}],"predecessor-version":[{"id":8905,"href":"https:\/\/semmelweis.hu\/mental\/wp-json\/wp\/v2\/pages\/3190\/revisions\/8905"}],"up":[{"embeddable":true,"href":"https:\/\/semmelweis.hu\/mental\/wp-json\/wp\/v2\/pages\/19"}],"wp:attachment":[{"href":"https:\/\/semmelweis.hu\/mental\/wp-json\/wp\/v2\/media?parent=3190"}],"wp:term":[{"taxonomy":"category","embeddable":true,"href":"https:\/\/semmelweis.hu\/mental\/wp-json\/wp\/v2\/categories?post=3190"},{"taxonomy":"post_tag","embeddable":true,"href":"https:\/\/semmelweis.hu\/mental\/wp-json\/wp\/v2\/tags?post=3190"}],"curies":[{"name":"wp","href":"https:\/\/api.w.org\/{rel}","templated":true}]}}