{"id":3186,"date":"2019-03-13T10:18:43","date_gmt":"2019-03-13T09:18:43","guid":{"rendered":"http:\/\/semmelweis.hu\/mental\/?page_id=3186"},"modified":"2024-10-09T10:42:29","modified_gmt":"2024-10-09T08:42:29","slug":"dr-semsey-gabor","status":"publish","type":"page","link":"https:\/\/semmelweis.hu\/mental\/az-intezet\/munkatarsak\/dr-semsey-gabor\/","title":{"rendered":"Dr. Semsey G\u00e1bor"},"content":{"rendered":"<figure id=\"attachment_574\" aria-describedby=\"caption-attachment-574\" style=\"width: 150px\" class=\"wp-caption alignnone\"><a href=\"https:\/\/semmelweis.hu\/mental\/files\/2018\/06\/Semsey-Gbor.jpg\"><img loading=\"lazy\" decoding=\"async\" class=\"wp-image-574 size-thumbnail\" src=\"https:\/\/semmelweis.hu\/mental\/files\/2018\/06\/Semsey-Gbor-150x150.jpg\" alt=\"\" width=\"150\" height=\"150\" \/><\/a><figcaption id=\"caption-attachment-574\" class=\"wp-caption-text\">Dr. Semsey G\u00e1bor<\/figcaption><\/figure>\n<table border=\"0\" width=\"100%\" cellspacing=\"5\" cellpadding=\"5\">\n<tbody>\n<tr>\n<td>\n<p><strong>Beoszt\u00e1s<\/strong><\/p>\n<\/td>\n<td>mesteroktat\u00f3<\/td>\n<\/tr>\n<tr>\n<td><strong>Egyetemi mell\u00e9k:<\/strong><\/td>\n<td>06-1-459-1500 \/ <strong>56529<\/strong><\/td>\n<\/tr>\n<tr>\n<td><strong>E-mail:<\/strong>\u00a0<\/td>\n<td><span id=\"cloak88247\"><a href=\"mailto:semsey.gabor@public.semmelweis-univ.hu\">semsey.gabor@semmelweis.hu<\/a><\/span><\/td>\n<\/tr>\n<tr>\n<td><strong>V\u00e9gzetts\u00e9gek<\/strong><\/td>\n<td>\n<p>Okleveles matematika tan\u00e1r (2001)<br \/>Okleveles magyar nyelv \u00e9s irodalom szakos b\u00f6lcs\u00e9sz \u00e9s tan\u00e1r (2003)<br \/>Ment\u00e1lhigi\u00e9n\u00e9s szakember (2006)<br \/>Pedag\u00f3gus szakvizsga (2006)<br \/>Pszichodr\u00e1ma vezet\u0151 (2013)<\/p>\n<\/td>\n<\/tr>\n<tr>\n<td><strong>Doktori fokozat<\/strong><\/td>\n<td>PHD, nevel\u00e9studom\u00e1ny, ELTE PPK (2017)<\/td>\n<\/tr>\n<tr>\n<td><strong>Publik\u00e1ci\u00f3s lista<\/strong>\u00a0\u00a0<\/td>\n<td>\n<p><a href=\"https:\/\/m2.mtmt.hu\/gui2\/?type=authors&amp;mode=browse&amp;sel=10022462\" target=\"_blank\" rel=\"noopener noreferrer\">Magyar Tudom\u00e1nyos M\u0171vek T\u00e1ra<\/a><\/p>\n<\/td>\n<\/tr>\n<tr>\n<td><strong>Researchgate, ORCID<\/strong><\/td>\n<td>\n<p>https:\/\/www.researchgate.net\/profile\/Gabor_Semsey<\/p>\n<p>ORCID: 0000-0002-5007-3801<\/p>\n<\/td>\n<\/tr>\n<tr>\n<td><strong>T\u00e1rsas\u00e1gi,\u00a0<br \/>egyes\u00fcleti tags\u00e1gok<\/strong><\/td>\n<td>\n<p>H\u00cdD Alap\u00edtv\u00e1ny kurat\u00f3rium\u00e1nak eln\u00f6ke<br \/>Magyar P\u00e1sztor\u00e1lpszichol\u00f3giai T\u00e1rsas\u00e1g (p\u00e1rtol\u00f3 tag)<\/p>\n<p>Magyar Pszichodr\u00e1ma Egyes\u00fclet (tag)<\/p>\n<\/td>\n<\/tr>\n<tr>\n<td><strong>Szakmai \u00e9rdekl\u0151d\u00e9s,<br \/>kutat\u00e1si ter\u00fcletek<\/strong><\/td>\n<td>\n<p>Iskolai ment\u00e1lhigi\u00e9n\u00e9<br \/>Ifj\u00fas\u00e1gi lelkigondoz\u00e1s<br \/>Szexu\u00e1lis nevel\u00e9s<br \/>Szabadid\u0151-pedag\u00f3gia<\/p>\n<\/td>\n<\/tr>\n<tr>\n<td><strong>Aktu\u00e1lis kutat\u00e1sok<\/strong>\u00a0\u00a0<\/td>\n<td>\n<p>K\u00e9pz\u00e9seink hat\u00e1sa az \u00f6negy\u00fctt\u00e9rz\u00e9sre (Self-Compassion K\u00e9rd\u0151\u00edv magyar v\u00e1ltozat\u00e1nak haszn\u00e1lat\u00e1val \u2013 SCS-H);<\/p>\n<p>XXI. Sz\u00e1zadi gyerekszoba<\/p>\n<\/td>\n<\/tr>\n<tr>\n<td><strong>Egy\u00e9b szakmai tev\u00e9kenys\u00e9g<\/strong><\/td>\n<td>\n<p>K\u00f6z\u00e9piskolai ment\u00e1lhigi\u00e9n\u00e9s feladatok, oszt\u00e1lyf\u0151n\u00f6ki \u00f3r\u00e1k tart\u00e1sa<\/p>\n<p>Szabadid\u0151-pedag\u00f3giai el\u0151ad\u00e1sok<\/p>\n<p>Ifj\u00fas\u00e1gi csoportok vezet\u00e9se, csoportvezet\u0151k k\u00e9pz\u00e9se (A Regnum Marianum Katolikus K\u00f6z\u00f6ss\u00e9g Egyes\u00fclete keret\u00e9ben)\u00a0<\/p>\n<\/td>\n<\/tr>\n<tr>\n<td><strong>Legfontosabb publik\u00e1ci\u00f3k<\/strong><\/td>\n<td>\n<p>Tomcs\u00e1nyi, T; Cs\u00e1ky-Pallavicini, R; Ittz\u00e9s, G; Semsey, G ; T\u00f6r\u00f6k, P: Health Promotion Strategy and Primary Prevention Program at Semmelweis University. EUROPEAN JOURNAL OF MENTAL HEALTH 1 : 1-2 pp. 25-44., 20 p. (2006)<\/p>\n<p>Semsey, G; T\u00f6r\u00f6k, G; Cs\u00e1ky-Pallavicini, Zs; Horv\u00e1th-Szab\u00f3, K: Die Praxis und die Wirksamkeit der Wertevermittlung in der Katolischen Gemeinschaft Regnum Marianum EUROPEAN JOURNAL OF MENTAL HEALTH 2 : 1 pp. 25-48., 24 p. (2007)<\/p>\n<p>T\u00f6r\u00f6k, G; Tomcs\u00e1nyi, T; Ittz\u00e9s, A; Martos, T; Semsey, G; Szab\u00f3, T; T\u00e9senyi, T: Ein \u00f6kumenisches Modell der Weiterbildung in Seelsorge: Geschichte und Ergebnisse de Evaluationsforschung der Weiterbildung. EUROPEAN JOURNAL OF MENTAL HEALTH 7 : 1 pp. 24-56., 33 p. (2012)<\/p>\n<p>Semsey, G (szerk.) ; T\u00e9senyi, T(szerk.) ; Pilinszki, A (szerk.): Seg\u00edt\u0151 tal\u00e1lkoz\u00e1sok ment\u00e1lhigi\u00e9n\u00e9s szeml\u00e9letben: Esetgy\u0171jtem\u00e9ny. Budapest, P\u00e1rbesz\u00e9d (Dial\u00f3gus) Alap\u00edtv\u00e1ny, Semmelweis Egyetem Ment\u00e1lhigi\u00e9n\u00e9 Int\u00e9zet (2012) , 192 p.<\/p>\n<p>Semsey, G\u00e1bor: A szexu\u00e1lis nevel\u00e9s gyakorlata a magyarorsz\u00e1gi gimn\u00e1ziumokban 216 p. ELTE PPK Nevel\u00e9studom\u00e1nyi DI, Disszert\u00e1ci\u00f3, 2017 6. Semsey, G\u00e1bor: Szexu\u00e1lis nevel\u00e9s az iskol\u00e1ban. ISKOLAKULT\u00daRA: PEDAG\u00d3GUSOK SZAKMAI-TUDOM\u00c1NYOS FOLY\u00d3IRATA 29 : 12 pp. 17-34., 18 p. (2019)<\/p>\n<\/td>\n<\/tr>\n<\/tbody>\n<\/table>\n","protected":false},"excerpt":{"rendered":"<p>Beoszt\u00e1s mesteroktat\u00f3 Egyetemi mell\u00e9k: 06-1-459-1500 \/ 56529 E-mail:\u00a0 <a href=\"mailto:semsey.gabor@public.semmelweis-univ.hu\">semsey.gabor@semmelweis.hu<\/a> V\u00e9gzetts\u00e9gek Okleveles matematika tan\u00e1r (2001)Okleveles magyar nyelv \u00e9s irodalom szakos b\u00f6lcs\u00e9sz \u00e9s tan\u00e1r (2003)Ment\u00e1lhigi\u00e9n\u00e9s szakember (2006)Pedag\u00f3gus szakvizsga (2006)Pszichodr\u00e1ma vezet\u0151 (2013) Doktori fokozat PHD, nevel\u00e9studom\u00e1ny, ELTE PPK (2017) Publik\u00e1ci\u00f3s lista\u00a0\u00a0 <a href=\"https:\/\/m2.mtmt.hu\/gui2\/?type=authors&amp;mode=browse&amp;sel=10022462\" target=\"_blank\" rel=\"noopener noreferrer\">Magyar Tudom\u00e1nyos M\u0171vek T\u00e1ra<\/a> Researchgate, ORCID https:\/\/www.researchgate.net\/profile\/Gabor_Semsey ORCID: 0000-0002-5007-3801 T\u00e1rsas\u00e1gi,\u00a0egyes\u00fcleti tags\u00e1gok H\u00cdD Alap\u00edtv\u00e1ny kurat\u00f3rium\u00e1nak eln\u00f6keMagyar P\u00e1sztor\u00e1lpszichol\u00f3giai T\u00e1rsas\u00e1g (p\u00e1rtol\u00f3 tag) Magyar Pszichodr\u00e1ma Egyes\u00fclet &hellip;<\/p>\n","protected":false},"author":101790,"featured_media":0,"parent":19,"menu_order":27,"comment_status":"closed","ping_status":"closed","template":"","meta":{"_acf_changed":false,"footnotes":""},"categories":[],"tags":[],"class_list":["post-3186","page","type-page","status-publish","hentry"],"acf":[],"_links":{"self":[{"href":"https:\/\/semmelweis.hu\/mental\/wp-json\/wp\/v2\/pages\/3186","targetHints":{"allow":["GET"]}}],"collection":[{"href":"https:\/\/semmelweis.hu\/mental\/wp-json\/wp\/v2\/pages"}],"about":[{"href":"https:\/\/semmelweis.hu\/mental\/wp-json\/wp\/v2\/types\/page"}],"author":[{"embeddable":true,"href":"https:\/\/semmelweis.hu\/mental\/wp-json\/wp\/v2\/users\/101790"}],"replies":[{"embeddable":true,"href":"https:\/\/semmelweis.hu\/mental\/wp-json\/wp\/v2\/comments?post=3186"}],"version-history":[{"count":10,"href":"https:\/\/semmelweis.hu\/mental\/wp-json\/wp\/v2\/pages\/3186\/revisions"}],"predecessor-version":[{"id":7494,"href":"https:\/\/semmelweis.hu\/mental\/wp-json\/wp\/v2\/pages\/3186\/revisions\/7494"}],"up":[{"embeddable":true,"href":"https:\/\/semmelweis.hu\/mental\/wp-json\/wp\/v2\/pages\/19"}],"wp:attachment":[{"href":"https:\/\/semmelweis.hu\/mental\/wp-json\/wp\/v2\/media?parent=3186"}],"wp:term":[{"taxonomy":"category","embeddable":true,"href":"https:\/\/semmelweis.hu\/mental\/wp-json\/wp\/v2\/categories?post=3186"},{"taxonomy":"post_tag","embeddable":true,"href":"https:\/\/semmelweis.hu\/mental\/wp-json\/wp\/v2\/tags?post=3186"}],"curies":[{"name":"wp","href":"https:\/\/api.w.org\/{rel}","templated":true}]}}

Dr. Semsey Gábor

<figure id="attachment_574" aria-describedby="caption-attachment-574" style="width: 150px" class="wp-caption alignnone"><a href="https://semmelweis.hu/mental/files/2018/06/Semsey-Gbor.jpg"><img loading="lazy" decoding="async" class="wp-image-574 size-thumbnail" src="https://semmelweis.hu/mental/files/2018/06/Semsey-Gbor-150x150.jpg" alt="" width="150" height="150" /></a><figcaption id="caption-attachment-574" class="wp-caption-text">Dr. Semsey Gábor</figcaption></figure>
<table border="0" width="100%" cellspacing="5" cellpadding="5">
<tbody>
<tr>
<td>
<p><strong>Beosztás</strong></p>
</td>
<td>mesteroktató</td>
</tr>
<tr>
<td><strong>Egyetemi mellék:</strong></td>
<td>06-1-459-1500 / <strong>56529</strong></td>
</tr>
<tr>
<td><strong>E-mail:</strong> </td>
<td><span id="cloak88247"><a href="mailto:semsey.gabor@public.semmelweis-univ.hu">semsey.gabor@semmelweis.hu</a></span></td>
</tr>
<tr>
<td><strong>Végzettségek</strong></td>
<td>
<p>Okleveles matematika tanár (2001)<br />Okleveles magyar nyelv és irodalom szakos bölcsész és tanár (2003)<br />Mentálhigiénés szakember (2006)<br />Pedagógus szakvizsga (2006)<br />Pszichodráma vezető (2013)</p>
</td>
</tr>
<tr>
<td><strong>Doktori fokozat</strong></td>
<td>PHD, neveléstudomány, ELTE PPK (2017)</td>
</tr>
<tr>
<td><strong>Publikációs lista</strong>  </td>
<td>
<p><a href="https://m2.mtmt.hu/gui2/?type=authors&amp;mode=browse&amp;sel=10022462" target="_blank" rel="noopener noreferrer">Magyar Tudományos Művek Tára</a></p>
</td>
</tr>
<tr>
<td><strong>Researchgate, ORCID</strong></td>
<td>
<p>https://www.researchgate.net/profile/Gabor_Semsey</p>
<p>ORCID: 0000-0002-5007-3801</p>
</td>
</tr>
<tr>
<td><strong>Társasági, <br />egyesületi tagságok</strong></td>
<td>
<p>HÍD Alapítvány kuratóriumának elnöke<br />Magyar Pásztorálpszichológiai Társaság (pártoló tag)</p>
<p>Magyar Pszichodráma Egyesület (tag)</p>
</td>
</tr>
<tr>
<td><strong>Szakmai érdeklődés,<br />kutatási területek</strong></td>
<td>
<p>Iskolai mentálhigiéné<br />Ifjúsági lelkigondozás<br />Szexuális nevelés<br />Szabadidő-pedagógia</p>
</td>
</tr>
<tr>
<td><strong>Aktuális kutatások</strong>  </td>
<td>
<p>Képzéseink hatása az önegyüttérzésre (Self-Compassion Kérdőív magyar változatának használatával – SCS-H);</p>
<p>XXI. Századi gyerekszoba</p>
</td>
</tr>
<tr>
<td><strong>Egyéb szakmai tevékenység</strong></td>
<td>
<p>Középiskolai mentálhigiénés feladatok, osztályfőnöki órák tartása</p>
<p>Szabadidő-pedagógiai előadások</p>
<p>Ifjúsági csoportok vezetése, csoportvezetők képzése (A Regnum Marianum Katolikus Közösség Egyesülete keretében) </p>
</td>
</tr>
<tr>
<td><strong>Legfontosabb publikációk</strong></td>
<td>
<p>Tomcsányi, T; Csáky-Pallavicini, R; Ittzés, G; Semsey, G ; Török, P: Health Promotion Strategy and Primary Prevention Program at Semmelweis University. EUROPEAN JOURNAL OF MENTAL HEALTH 1 : 1-2 pp. 25-44., 20 p. (2006)</p>
<p>Semsey, G; Török, G; Csáky-Pallavicini, Zs; Horváth-Szabó, K: Die Praxis und die Wirksamkeit der Wertevermittlung in der Katolischen Gemeinschaft Regnum Marianum EUROPEAN JOURNAL OF MENTAL HEALTH 2 : 1 pp. 25-48., 24 p. (2007)</p>
<p>Török, G; Tomcsányi, T; Ittzés, A; Martos, T; Semsey, G; Szabó, T; Tésenyi, T: Ein ökumenisches Modell der Weiterbildung in Seelsorge: Geschichte und Ergebnisse de Evaluationsforschung der Weiterbildung. EUROPEAN JOURNAL OF MENTAL HEALTH 7 : 1 pp. 24-56., 33 p. (2012)</p>
<p>Semsey, G (szerk.) ; Tésenyi, T(szerk.) ; Pilinszki, A (szerk.): Segítő találkozások mentálhigiénés szemléletben: Esetgyűjtemény. Budapest, Párbeszéd (Dialógus) Alapítvány, Semmelweis Egyetem Mentálhigiéné Intézet (2012) , 192 p.</p>
<p>Semsey, Gábor: A szexuális nevelés gyakorlata a magyarországi gimnáziumokban 216 p. ELTE PPK Neveléstudományi DI, Disszertáció, 2017 6. Semsey, Gábor: Szexuális nevelés az iskolában. ISKOLAKULTÚRA: PEDAGÓGUSOK SZAKMAI-TUDOMÁNYOS FOLYÓIRATA 29 : 12 pp. 17-34., 18 p. (2019)</p>
</td>
</tr>
</tbody>
</table>

<p>Beosztás mesteroktató Egyetemi mellék: 06-1-459-1500 / 56529 E-mail:  <a href="mailto:semsey.gabor@public.semmelweis-univ.hu">semsey.gabor@semmelweis.hu</a> Végzettségek Okleveles matematika tanár (2001)Okleveles magyar nyelv és irodalom szakos bölcsész és tanár (2003)Mentálhigiénés szakember (2006)Pedagógus szakvizsga (2006)Pszichodráma vezető (2013) Doktori fokozat PHD, neveléstudomány, ELTE PPK (2017) Publikációs lista   <a href="https://m2.mtmt.hu/gui2/?type=authors&amp;mode=browse&amp;sel=10022462" target="_blank" rel="noopener noreferrer">Magyar Tudományos Művek Tára</a> Researchgate, ORCID https://www.researchgate.net/profile/Gabor_Semsey ORCID: 0000-0002-5007-3801 Társasági, egyesületi tagságok HÍD Alapítvány kuratóriumának elnökeMagyar Pásztorálpszichológiai Társaság (pártoló tag) Magyar Pszichodráma Egyesület &hellip;</p>
