{"id":3159,"date":"2019-03-13T09:47:53","date_gmt":"2019-03-13T08:47:53","guid":{"rendered":"http:\/\/semmelweis.hu\/mental\/?page_id=3159"},"modified":"2024-10-07T11:38:11","modified_gmt":"2024-10-07T09:38:11","slug":"jaki-zsuzsanna","status":"publish","type":"page","link":"https:\/\/semmelweis.hu\/mental\/az-intezet\/munkatarsak\/jaki-zsuzsanna\/","title":{"rendered":"Dr. Szab\u00f3-J\u00e1ki Zsuzsanna"},"content":{"rendered":"<p><span style=\"color: #ff0000\"><img loading=\"lazy\" decoding=\"async\" class=\"alignnone  wp-image-4335\" src=\"https:\/\/semmelweis.hu\/mental\/files\/2021\/02\/J\u00e1ki_Zsuzsanna-300x200.png\" alt=\"\" width=\"236\" height=\"157\" srcset=\"https:\/\/semmelweis.hu\/mental\/files\/2021\/02\/J\u00e1ki_Zsuzsanna-300x200.png 300w, https:\/\/semmelweis.hu\/mental\/files\/2021\/02\/J\u00e1ki_Zsuzsanna-1024x684.png 1024w, https:\/\/semmelweis.hu\/mental\/files\/2021\/02\/J\u00e1ki_Zsuzsanna-768x513.png 768w, https:\/\/semmelweis.hu\/mental\/files\/2021\/02\/J\u00e1ki_Zsuzsanna-1536x1025.png 1536w, https:\/\/semmelweis.hu\/mental\/files\/2021\/02\/J\u00e1ki_Zsuzsanna-2048x1367.png 2048w, https:\/\/semmelweis.hu\/mental\/files\/2021\/02\/J\u00e1ki_Zsuzsanna-753x503.png 753w, https:\/\/semmelweis.hu\/mental\/files\/2021\/02\/J\u00e1ki_Zsuzsanna-203x135.png 203w\" sizes=\"auto, (max-width: 236px) 100vw, 236px\" \/><\/span><\/p>\n<table style=\"width: 100%;height: 1017px\" border=\"0\" width=\"100%\" cellspacing=\"5\" cellpadding=\"5\">\n<tbody>\n<tr style=\"height: 51px\">\n<td style=\"width: 28.8%;height: 51px\">\n<p><strong>Beoszt\u00e1s:\u00a0<\/strong><\/p>\n<\/td>\n<td style=\"width: 71.1273%;height: 51px\"><strong>egyetemi adjunktus<\/strong><\/td>\n<\/tr>\n<tr style=\"height: 59px\">\n<td style=\"width: 28.8%;height: 59px\"><strong>Egyetemi mell\u00e9k:\u00a0<\/strong><\/td>\n<td style=\"width: 71.1273%;height: 59px\">06-1-459-1500 \/ <strong>56532<\/strong><\/td>\n<\/tr>\n<tr style=\"height: 51px\">\n<td style=\"width: 28.8%;height: 51px\"><strong>E-mail:<\/strong>\u00a0<\/td>\n<td style=\"width: 71.1273%;height: 51px\">\n<p>jaki.zsuzsa@semmelweis.hu<\/p>\n<\/td>\n<\/tr>\n<tr style=\"height: 75px\">\n<td style=\"width: 28.8%;height: 75px\"><strong>V\u00e9gzetts\u00e9gek:\u00a0<\/strong><\/td>\n<td style=\"width: 71.1273%;height: 75px\">\n<p><strong>klinikai szakpszichol\u00f3gus, katolikus hitoktat\u00f3<\/strong><\/p>\n<\/td>\n<\/tr>\n<tr style=\"height: 155px\">\n<td style=\"width: 28.8%;height: 155px\"><strong><strong>Doktori fokozat:\u00a0<\/strong><\/strong><\/p>\n<p>&nbsp;<\/p>\n<\/td>\n<td style=\"width: 71.1273%;height: 155px\">\u00a0 PhD, Semmelweis Egyetem 4\/3 doktori iskola, 2020, a disszert\u00e1ci\u00f3 t\u00e9m\u00e1ja:<br \/>A spiritualit\u00e1s megjelen\u00e9se a pszichoterapeut\u00e1k k\u00e9pz\u00e9s\u00e9ben, szakmai kapcsolataiban \u00e9s a lelkivezet\u0151kkel val\u00f3 egy\u00fcttm\u0171k\u00f6d\u00e9s\u00fckben<\/td>\n<\/tr>\n<tr style=\"height: 59px\">\n<td style=\"width: 28.8%;height: 59px\"><strong>Publik\u00e1ci\u00f3s lista<\/strong> \u00a0<\/td>\n<td style=\"width: 71.1273%;height: 59px\"><a href=\"https:\/\/m2.mtmt.hu\/gui2\/?type=authors&amp;mode=browse&amp;sel=authors10044185\">Magyar Tudom\u00e1nyos M\u0171vek T\u00e1ra<\/a><\/td>\n<\/tr>\n<tr style=\"height: 91px\">\n<td style=\"width: 28.8%;height: 91px\"><strong>Researchgate, ORCID<\/strong><\/td>\n<td style=\"width: 71.1273%;height: 91px\" width=\"375\">\n<p>ORCID: 0000-0001-6405-1219\u00a0<\/p>\n<p>Researcher ID: 2917856<\/p>\n<\/td>\n<\/tr>\n<tr style=\"height: 171px\">\n<td style=\"width: 28.8%;height: 171px\"><strong>T\u00e1rsas\u00e1gi,\u00a0<br \/>egyes\u00fcleti tags\u00e1gok<\/strong><\/td>\n<td style=\"width: 71.1273%;height: 171px\" width=\"375\">\n<p>Magyar Orvosi Kamara,<\/p>\n<p>Magyar Csal\u00e1dter\u00e1pi\u00e1s Egyes\u00fclet,<\/p>\n<p>Antropos Ment\u00e1lhygi\u00e9n\u00e9s Egyes\u00fclet,<\/p>\n<p>Magyar Pasztor\u00e1lpszichol\u00f3giai T\u00e1rsas\u00e1g<\/p>\n<\/td>\n<\/tr>\n<tr style=\"height: 59px\">\n<td style=\"width: 28.8%;height: 59px\"><strong>Aktu\u00e1lis kutat\u00e1sok<\/strong> \u00a0<strong>\u00a0<\/strong><\/td>\n<td style=\"width: 71.1273%;height: 59px\" width=\"375\">Ment\u00e1lhigi\u00e9n\u00e9s seg\u00edt\u0151 kapcsolatok hat\u00e1svizsg\u00e1lata<\/td>\n<\/tr>\n<tr style=\"height: 107px\">\n<td style=\"width: 28.8%;height: 107px\"><strong>Szakmai \u00e9rdekl\u0151d\u00e9s,<br \/>kutat\u00e1si ter\u00fcletek<\/strong><\/td>\n<td style=\"width: 71.1273%;height: 107px\" width=\"375\">vall\u00e1sl\u00e9lektan, ment\u00e1lhigi\u00e9n\u00e9s seg\u00edt\u0151 kapcsolatok hat\u00e1svizsg\u00e1lata<\/td>\n<\/tr>\n<tr style=\"height: 59px\">\n<td style=\"width: 28.8%;height: 59px\"><strong>Egy\u00e9b szakmai \u00e9rdekl\u0151d\u00e9s<\/strong><\/td>\n<td style=\"width: 71.1273%;height: 59px\">\u00a0<\/td>\n<\/tr>\n<tr style=\"height: 0px\">\n<td style=\"width: 28.8%;height: 10px\"><strong>Fontosabb publik\u00e1ci\u00f3k<\/strong><\/td>\n<td style=\"width: 71.1273%;height: 10px\" width=\"375\">J\u00e1ki, Zsuzsanna ; Tomcs\u00e1nyi, Teod\u00f3ra ; Kiri, Edit ; Sallay, Viola ; Ittz\u00e9s, Andr\u00e1s (2019):\u00a0<br \/>A spiritualit\u00e1s megjelen\u00e9se a pszichoterapeut\u00e1k k\u00f6z\u00f6tti szakmai kapcsolatokban &#8211; egy hazai kvalitat\u00edv kutat\u00e1s eredm\u00e9nyei [The appearance of spirituality in the professional relations of<br \/>psychotherapists \u2013 outcomes of a Hungarian qualitative study] IN: PSZICHOTER\u00c1PIA 28 : 2 pp. 106-116.,11 p.\u00a0<br \/>J\u00e1ki, Zsuzsanna; Ittz\u00e9s, Andr\u00e1s; Kiri A., Edith ; Sallay, Viola; K\u0151v\u00e1ri, Magdolna; Tomcs\u00e1nyi, Teod\u00f3ra (2019): Hungarian psychotherapists\u2019 experiences of the cooperation with spiritual directors and pastoral counselors.: A Qualitative Study IN: EUROPEAN JOURNAL OF MENTAL HEALTH 14: 1 pp.78-108., 31p.<br \/>Tomcs\u00e1nyi, Teod\u00f3ra; Sallay, Viola; J\u00e1ki, Zsuzsanna; T\u00f6r\u00f6k, P\u00e9ter; Szab\u00f3, T\u00fcnde; Ittz\u00e9s, Andr\u00e1s; Cs\u00e1ky-<br \/>Pallavicini, Krisztina; Kiri, Edith A ; Horv\u00e1th-Szab\u00f3, Katalin; Martos, Tam\u00e1s et al. (2017)<br \/>Spirituality in Psychotherapy. An Analysis of Hungarian Psychoterapists\u2019 Experiences \u2013 A Grounded Theory Study. IN: ARCHIVE FOR THE PSYCHOLOGY OF RELIGION-ARCHIV FUR RELIGIONSPSYCHOLOGIE 39 : 3 pp. 235-262. , 28 p.<br \/>J\u00e1ki Zs, Tomcs\u00e1nyi T, Ittz\u00e9s A. (2016): Spiritualit\u00e1s, vall\u00e1s \u00e9s pszichoterapeuta k\u00e9pz\u00e9s: mit, mi\u00e9rt, hogyan? [Spirituality, religion and psychotherapeutic training: what, why, how?] In: PSZICHOTER\u00c1PIA, 2016: 25 (4), 291-300.<\/td>\n<\/tr>\n<\/tbody>\n<\/table>\n","protected":false},"excerpt":{"rendered":"<p>Beoszt\u00e1s:\u00a0 egyetemi adjunktus Egyetemi mell\u00e9k:\u00a0 06-1-459-1500 \/ 56532 E-mail:\u00a0 jaki.zsuzsa@semmelweis.hu V\u00e9gzetts\u00e9gek:\u00a0 klinikai szakpszichol\u00f3gus, katolikus hitoktat\u00f3 Doktori fokozat:\u00a0 &nbsp; \u00a0 PhD, Semmelweis Egyetem 4\/3 doktori iskola, 2020, a disszert\u00e1ci\u00f3 t\u00e9m\u00e1ja:A spiritualit\u00e1s megjelen\u00e9se a pszichoterapeut\u00e1k k\u00e9pz\u00e9s\u00e9ben, szakmai kapcsolataiban \u00e9s a lelkivezet\u0151kkel val\u00f3 egy\u00fcttm\u0171k\u00f6d\u00e9s\u00fckben Publik\u00e1ci\u00f3s lista \u00a0 <a href=\"https:\/\/m2.mtmt.hu\/gui2\/?type=authors&amp;mode=browse&amp;sel=authors10044185\">Magyar Tudom\u00e1nyos M\u0171vek T\u00e1ra<\/a> Researchgate, ORCID ORCID: 0000-0001-6405-1219\u00a0 Researcher ID: 2917856 T\u00e1rsas\u00e1gi,\u00a0egyes\u00fcleti tags\u00e1gok Magyar Orvosi &hellip;<\/p>\n","protected":false},"author":101790,"featured_media":0,"parent":19,"menu_order":17,"comment_status":"closed","ping_status":"closed","template":"","meta":{"_acf_changed":false,"footnotes":""},"categories":[],"tags":[],"class_list":["post-3159","page","type-page","status-publish","hentry"],"acf":[],"_links":{"self":[{"href":"https:\/\/semmelweis.hu\/mental\/wp-json\/wp\/v2\/pages\/3159","targetHints":{"allow":["GET"]}}],"collection":[{"href":"https:\/\/semmelweis.hu\/mental\/wp-json\/wp\/v2\/pages"}],"about":[{"href":"https:\/\/semmelweis.hu\/mental\/wp-json\/wp\/v2\/types\/page"}],"author":[{"embeddable":true,"href":"https:\/\/semmelweis.hu\/mental\/wp-json\/wp\/v2\/users\/101790"}],"replies":[{"embeddable":true,"href":"https:\/\/semmelweis.hu\/mental\/wp-json\/wp\/v2\/comments?post=3159"}],"version-history":[{"count":10,"href":"https:\/\/semmelweis.hu\/mental\/wp-json\/wp\/v2\/pages\/3159\/revisions"}],"predecessor-version":[{"id":7251,"href":"https:\/\/semmelweis.hu\/mental\/wp-json\/wp\/v2\/pages\/3159\/revisions\/7251"}],"up":[{"embeddable":true,"href":"https:\/\/semmelweis.hu\/mental\/wp-json\/wp\/v2\/pages\/19"}],"wp:attachment":[{"href":"https:\/\/semmelweis.hu\/mental\/wp-json\/wp\/v2\/media?parent=3159"}],"wp:term":[{"taxonomy":"category","embeddable":true,"href":"https:\/\/semmelweis.hu\/mental\/wp-json\/wp\/v2\/categories?post=3159"},{"taxonomy":"post_tag","embeddable":true,"href":"https:\/\/semmelweis.hu\/mental\/wp-json\/wp\/v2\/tags?post=3159"}],"curies":[{"name":"wp","href":"https:\/\/api.w.org\/{rel}","templated":true}]}}

Dr. Szabó-Jáki Zsuzsanna

<p><span style="color: #ff0000"><img loading="lazy" decoding="async" class="alignnone  wp-image-4335" src="https://semmelweis.hu/mental/files/2021/02/Jáki_Zsuzsanna-300x200.png" alt="" width="236" height="157" srcset="https://semmelweis.hu/mental/files/2021/02/Jáki_Zsuzsanna-300x200.png 300w, https://semmelweis.hu/mental/files/2021/02/Jáki_Zsuzsanna-1024x684.png 1024w, https://semmelweis.hu/mental/files/2021/02/Jáki_Zsuzsanna-768x513.png 768w, https://semmelweis.hu/mental/files/2021/02/Jáki_Zsuzsanna-1536x1025.png 1536w, https://semmelweis.hu/mental/files/2021/02/Jáki_Zsuzsanna-2048x1367.png 2048w, https://semmelweis.hu/mental/files/2021/02/Jáki_Zsuzsanna-753x503.png 753w, https://semmelweis.hu/mental/files/2021/02/Jáki_Zsuzsanna-203x135.png 203w" sizes="auto, (max-width: 236px) 100vw, 236px" /></span></p>
<table style="width: 100%;height: 1017px" border="0" width="100%" cellspacing="5" cellpadding="5">
<tbody>
<tr style="height: 51px">
<td style="width: 28.8%;height: 51px">
<p><strong>Beosztás: </strong></p>
</td>
<td style="width: 71.1273%;height: 51px"><strong>egyetemi adjunktus</strong></td>
</tr>
<tr style="height: 59px">
<td style="width: 28.8%;height: 59px"><strong>Egyetemi mellék: </strong></td>
<td style="width: 71.1273%;height: 59px">06-1-459-1500 / <strong>56532</strong></td>
</tr>
<tr style="height: 51px">
<td style="width: 28.8%;height: 51px"><strong>E-mail:</strong> </td>
<td style="width: 71.1273%;height: 51px">
<p>jaki.zsuzsa@semmelweis.hu</p>
</td>
</tr>
<tr style="height: 75px">
<td style="width: 28.8%;height: 75px"><strong>Végzettségek: </strong></td>
<td style="width: 71.1273%;height: 75px">
<p><strong>klinikai szakpszichológus, katolikus hitoktató</strong></p>
</td>
</tr>
<tr style="height: 155px">
<td style="width: 28.8%;height: 155px"><strong><strong>Doktori fokozat: </strong></strong></p>
<p>&nbsp;</p>
</td>
<td style="width: 71.1273%;height: 155px">  PhD, Semmelweis Egyetem 4/3 doktori iskola, 2020, a disszertáció témája:<br />A spiritualitás megjelenése a pszichoterapeuták képzésében, szakmai kapcsolataiban és a lelkivezetőkkel való együttműködésükben</td>
</tr>
<tr style="height: 59px">
<td style="width: 28.8%;height: 59px"><strong>Publikációs lista</strong>  </td>
<td style="width: 71.1273%;height: 59px"><a href="https://m2.mtmt.hu/gui2/?type=authors&amp;mode=browse&amp;sel=authors10044185">Magyar Tudományos Művek Tára</a></td>
</tr>
<tr style="height: 91px">
<td style="width: 28.8%;height: 91px"><strong>Researchgate, ORCID</strong></td>
<td style="width: 71.1273%;height: 91px" width="375">
<p>ORCID: 0000-0001-6405-1219 </p>
<p>Researcher ID: 2917856</p>
</td>
</tr>
<tr style="height: 171px">
<td style="width: 28.8%;height: 171px"><strong>Társasági, <br />egyesületi tagságok</strong></td>
<td style="width: 71.1273%;height: 171px" width="375">
<p>Magyar Orvosi Kamara,</p>
<p>Magyar Családterápiás Egyesület,</p>
<p>Antropos Mentálhygiénés Egyesület,</p>
<p>Magyar Pasztorálpszichológiai Társaság</p>
</td>
</tr>
<tr style="height: 59px">
<td style="width: 28.8%;height: 59px"><strong>Aktuális kutatások</strong>  <strong> </strong></td>
<td style="width: 71.1273%;height: 59px" width="375">Mentálhigiénés segítő kapcsolatok hatásvizsgálata</td>
</tr>
<tr style="height: 107px">
<td style="width: 28.8%;height: 107px"><strong>Szakmai érdeklődés,<br />kutatási területek</strong></td>
<td style="width: 71.1273%;height: 107px" width="375">valláslélektan, mentálhigiénés segítő kapcsolatok hatásvizsgálata</td>
</tr>
<tr style="height: 59px">
<td style="width: 28.8%;height: 59px"><strong>Egyéb szakmai érdeklődés</strong></td>
<td style="width: 71.1273%;height: 59px"> </td>
</tr>
<tr style="height: 0px">
<td style="width: 28.8%;height: 10px"><strong>Fontosabb publikációk</strong></td>
<td style="width: 71.1273%;height: 10px" width="375">Jáki, Zsuzsanna ; Tomcsányi, Teodóra ; Kiri, Edit ; Sallay, Viola ; Ittzés, András (2019): <br />A spiritualitás megjelenése a pszichoterapeuták közötti szakmai kapcsolatokban &#8211; egy hazai kvalitatív kutatás eredményei [The appearance of spirituality in the professional relations of<br />psychotherapists – outcomes of a Hungarian qualitative study] IN: PSZICHOTERÁPIA 28 : 2 pp. 106-116.,11 p. <br />Jáki, Zsuzsanna; Ittzés, András; Kiri A., Edith ; Sallay, Viola; Kővári, Magdolna; Tomcsányi, Teodóra (2019): Hungarian psychotherapists’ experiences of the cooperation with spiritual directors and pastoral counselors.: A Qualitative Study IN: EUROPEAN JOURNAL OF MENTAL HEALTH 14: 1 pp.78-108., 31p.<br />Tomcsányi, Teodóra; Sallay, Viola; Jáki, Zsuzsanna; Török, Péter; Szabó, Tünde; Ittzés, András; Csáky-<br />Pallavicini, Krisztina; Kiri, Edith A ; Horváth-Szabó, Katalin; Martos, Tamás et al. (2017)<br />Spirituality in Psychotherapy. An Analysis of Hungarian Psychoterapists’ Experiences – A Grounded Theory Study. IN: ARCHIVE FOR THE PSYCHOLOGY OF RELIGION-ARCHIV FUR RELIGIONSPSYCHOLOGIE 39 : 3 pp. 235-262. , 28 p.<br />Jáki Zs, Tomcsányi T, Ittzés A. (2016): Spiritualitás, vallás és pszichoterapeuta képzés: mit, miért, hogyan? [Spirituality, religion and psychotherapeutic training: what, why, how?] In: PSZICHOTERÁPIA, 2016: 25 (4), 291-300.</td>
</tr>
</tbody>
</table>

<p>Beosztás:  egyetemi adjunktus Egyetemi mellék:  06-1-459-1500 / 56532 E-mail:  jaki.zsuzsa@semmelweis.hu Végzettségek:  klinikai szakpszichológus, katolikus hitoktató Doktori fokozat:  &nbsp;   PhD, Semmelweis Egyetem 4/3 doktori iskola, 2020, a disszertáció témája:A spiritualitás megjelenése a pszichoterapeuták képzésében, szakmai kapcsolataiban és a lelkivezetőkkel való együttműködésükben Publikációs lista   <a href="https://m2.mtmt.hu/gui2/?type=authors&amp;mode=browse&amp;sel=authors10044185">Magyar Tudományos Művek Tára</a> Researchgate, ORCID ORCID: 0000-0001-6405-1219  Researcher ID: 2917856 Társasági, egyesületi tagságok Magyar Orvosi &hellip;</p>
