{"id":3126,"date":"2019-03-13T09:00:39","date_gmt":"2019-03-13T08:00:39","guid":{"rendered":"http:\/\/semmelweis.hu\/mental\/?page_id=3126"},"modified":"2024-10-07T11:19:29","modified_gmt":"2024-10-07T09:19:29","slug":"dr-asztalos-bernadett","status":"publish","type":"page","link":"https:\/\/semmelweis.hu\/mental\/az-intezet\/munkatarsak\/dr-asztalos-bernadett\/","title":{"rendered":"Dr. Asztalos Bernadett"},"content":{"rendered":"<table class=\" alignleft\" style=\"width: 90.7906%\" border=\"0\" cellspacing=\"5\" cellpadding=\"5\" align=\"center\">\n<tbody>\n<tr>\n<td style=\"width: 29.6642%\">\n<p><strong>Beoszt\u00e1s<\/strong><\/p>\n<\/td>\n<td style=\"width: 172.322%\">egyetemi adjunktus<\/td>\n<\/tr>\n<tr>\n<td style=\"width: 29.6642%\"><strong>Egyetemi mell\u00e9k:<\/strong><\/td>\n<td style=\"width: 172.322%\">+36 1 459-1500 \/ <strong>56540<\/strong><\/td>\n<\/tr>\n<tr>\n<td style=\"width: 29.6642%\"><strong>E-mail:<\/strong>\u00a0<\/td>\n<td style=\"width: 172.322%\">\n<p><span id=\"cloak39891\"><a href=\"mailto:asztalos.bernadett@public.semmelweis-univ.hu\">asztalos.bernadett@semmelweis.hu<\/a><\/span>\u00a0<\/p>\n<\/td>\n<\/tr>\n<tr>\n<td style=\"width: 29.6642%\"><strong>V\u00e9gzetts\u00e9gek<\/strong><\/td>\n<td style=\"width: 172.322%\">\n<p><span style=\"line-height: 1.3em\">2006 &#8211; 2008: Semmelweis Egyetem Lelkigondoz\u00f3i Szakir\u00e1ny\u00fa Tov\u00e1bbk\u00e9pz\u00e9s, BP<br \/>2004 &#8211; 2007: Semmelweis Egyetem Ment\u00e1lhigi\u00e9n\u00e9s Szakir\u00e1ny\u00fa Tov\u00e1bbk\u00e9pz\u00e9s, Szeged<br \/>1998 &#8211; 2001:\u00a0P\u00e1zm\u00e1ny P\u00e9ter Katolikus Egyetem Hittan\u00e1ri Levelez\u0151 Tagozat<br \/>1994 &#8211; 2001:\u00a0P\u00e1zm\u00e1ny P\u00e9ter Katolikus Egyetem BTK Szociol\u00f3gia Szak<br \/>1994 &#8211; 2001: P\u00e1zm\u00e1ny P\u00e9ter Katolikus Egyetem BTK T\u00f6rt\u00e9nelem Szak<br \/><\/span><\/p>\n<\/td>\n<\/tr>\n<tr>\n<td style=\"width: 29.6642%\"><strong>Doktori fokozat<\/strong><\/td>\n<td style=\"width: 172.322%\">2001 &#8211; 2011: P\u00e1zm\u00e1ny P\u00e9ter Katolikus Egyetem BTK, Doktori Iskola, Eszmet\u00f6rt\u00e9net PhD \u00a0<\/td>\n<\/tr>\n<tr>\n<td style=\"width: 29.6642%\"><strong>Publik\u00e1ci\u00f3s lista<\/strong>\u00a0\u00a0<\/td>\n<td style=\"width: 172.322%\"><a href=\"https:\/\/vm.mtmt.hu\/\/search\/slist.php?lang=0&amp;AuthorID=10044294\" target=\"_blank\" rel=\"noopener noreferrer\">Magyar Tudom\u00e1nyos M\u0171vek T\u00e1ra<\/a><\/td>\n<\/tr>\n<tr>\n<td style=\"width: 29.6642%\"><strong>T\u00e1rsas\u00e1gi,\u00a0<br \/>egyes\u00fcleti tags\u00e1gok<\/strong><\/td>\n<td style=\"width: 172.322%\">\n<p>Antropos Ment\u00e1lhigi\u00e9n\u00e9s Egyes\u00fclet<\/p>\n<p>Magyar Pasztor\u00e1lpszichol\u00f3giai T\u00e1rsas\u00e1g<\/p>\n<p>Magyar Szociol\u00f3giai T\u00e1rsas\u00e1g<\/p>\n<p>Fiatal Vall\u00e1s \u00e9s \u00c9rt\u00e9k Szociol\u00f3gusok<\/p>\n<p>Klinikai Lelkigondoz\u00f3k \u00d6kumenikus Egyes\u00fclete<\/p>\n<\/td>\n<\/tr>\n<tr>\n<td style=\"width: 29.6642%\"><strong>Szakmai \u00e9rdekl\u0151d\u00e9s,<br \/>kutat\u00e1si ter\u00fcletek<\/strong><\/td>\n<td style=\"width: 172.322%\">\n<p>lelkigondoz\u00e1s, ment\u00e1lhigi\u00e9n\u00e9, szoci\u00e1lis munka, akt\u00edv id\u0151s\u00f6d\u00e9s, ment\u00e1lhigi\u00e9n\u00e9s projekmenedzsment, \u00f6negy\u00fctt\u00e9rz\u00e9s, ki\u00e9g\u00e9s, seg\u00edt\u0151k seg\u00edt\u00e9se, j\u00f3ll\u00e9t, munka-csal\u00e1d egyens\u00faly, spiritualit\u00e1s<\/p>\n<\/td>\n<\/tr>\n<tr>\n<td style=\"width: 29.6642%\"><strong>Aktu\u00e1lis kutat\u00e1sok<\/strong>\u00a0\u00a0<\/td>\n<td style=\"width: 172.322%\">\n<p>ki\u00e9g\u00e9s, \u00f6negy\u00fctt\u00e9rz\u00e9s, akt\u00edv id\u0151s\u00f6d\u00e9s; \u00d6negy\u00fctt\u00e9rz\u00e9s seg\u00edt\u0151 foglalkoz\u00e1s\u00faak k\u00f6r\u00e9ben; Seg\u00edt\u0151 kapcsolat hat\u00e1svizsg\u00e1lat<\/p>\n<\/td>\n<\/tr>\n<tr>\n<td style=\"width: 29.6642%\"><strong>Egy\u00e9b szakmai \u00e9rdekl\u0151d\u00e9s<\/strong><\/td>\n<td style=\"width: 172.322%\">\u00a0kora \u00fajkori \u00e9letm\u00f3d \u00e9s gy\u00f3gy\u00e1szat<\/td>\n<\/tr>\n<tr>\n<td style=\"width: 29.6642%\"><strong>Fontosabb publik\u00e1ci\u00f3k<\/strong><\/td>\n<td style=\"width: 172.322%\">\n<p>Cs\u00e1ky-Pallavicini, R., Asztalos, B., F\u00f6ldv\u00e1ri, M., &amp; Cs\u00e1ky-Pallavicini, Z. (2005). Die gesellschaftliche und religi\u00f6se Entwicklung in Ungarn seit 1945 im Spiegel der seelischen Gesundheit der Bev\u00f6lkerung.\u00a0International journal of practical theology,\u00a09(2), 217.;<\/p>\n<p>Asztalos, B. Ha ma Gerard Caplan \u00e9lne\u2026 Gondolatok, kutat\u00e1sok a csal\u00e1d funkcion\u00e1lis megk\u00f6zel\u00edt\u00e9s\u00e9hez Magyarorsz\u00e1gon. In: Karlovitz, J\u00e1nos Tibor,Torgyik, Judit (szerk.) Szakm\u00f3dszertani \u00e9s m\u00e1s emberk\u00f6zpont\u00fa tanulm\u00e1nyok. Reflexi\u00f3k n\u00e9h\u00e1ny magyarorsz\u00e1gi pedag\u00f3gia- relev\u00e1ns kontextusra, Kom\u00e1rno: International Research Instituta s.r.o. ;<\/p>\n<p>Asztalos, B., L\u00e1donyi, Zs., T\u00e9senyi, T.: LIPI aj\u00e1nl\u00e1sok szoci\u00e1lis szakembereknek: Alacsony Intenzt\u00e1s\u00fa Pszichol\u00f3giai Intervenci\u00f3k tov\u00e1bbi lehet\u0151s\u00e9geinek a felt\u00e1r\u00e1sa In: Karlovitz, J\u00e1nos Tibor (szerk.) Reflexi\u00f3k n\u00e9h\u00e1ny magyarorsz\u00e1gi pedag\u00f3gia- relev\u00e1ns kontextusra, Kom\u00e1rno: International Research Instituta s.r.o. ;<\/p>\n<p>Asztalos, Bernadett (szerk.) ; J\u00e1ray, M\u00e1rton (szerk.) ; Szentj\u00f3bi, Ott\u00f3 (szerk.) \u00c1lom, terv, tett: Gyakorlati \u00fatmutat\u00f3 \u00e9s p\u00e9ldat\u00e1r ment\u00e1lhigi\u00e9n\u00e9s projektekhez, Budapest, Magyarorsz\u00e1g : Antropos Ment\u00e1lhygi\u00e9n\u00e9s Egyes\u00fclet (2017) , 300 p.;<\/p>\n<p>Asztalos, Bernadett ; Tr\u00f3bert, Anett M\u00e1ria: Akt\u00edv id\u0151s\u00f6d\u00e9s \u00e9s ment\u00e1lhigi\u00e9n\u00e9. EMBERT\u00c1RS 17 : 2 pp. 95-101. , 6 p. (2019)<\/p>\n<\/td>\n<\/tr>\n<\/tbody>\n<\/table>\n","protected":false},"excerpt":{"rendered":"<p>Beoszt\u00e1s egyetemi adjunktus Egyetemi mell\u00e9k: +36 1 459-1500 \/ 56540 E-mail:\u00a0 <a href=\"mailto:asztalos.bernadett@public.semmelweis-univ.hu\">asztalos.bernadett@semmelweis.hu<\/a> \u00a0 V\u00e9gzetts\u00e9gek 2006 &#8211; 2008: Semmelweis Egyetem Lelkigondoz\u00f3i Szakir\u00e1ny\u00fa Tov\u00e1bbk\u00e9pz\u00e9s, BP2004 &#8211; 2007: Semmelweis Egyetem Ment\u00e1lhigi\u00e9n\u00e9s Szakir\u00e1ny\u00fa Tov\u00e1bbk\u00e9pz\u00e9s, Szeged1998 &#8211; 2001:\u00a0P\u00e1zm\u00e1ny P\u00e9ter Katolikus Egyetem Hittan\u00e1ri Levelez\u0151 Tagozat1994 &#8211; 2001:\u00a0P\u00e1zm\u00e1ny P\u00e9ter Katolikus Egyetem BTK Szociol\u00f3gia Szak1994 &#8211; 2001: P\u00e1zm\u00e1ny P\u00e9ter Katolikus Egyetem BTK T\u00f6rt\u00e9nelem Szak &hellip;<\/p>\n","protected":false},"author":101614,"featured_media":0,"parent":19,"menu_order":7,"comment_status":"closed","ping_status":"closed","template":"","meta":{"_acf_changed":false,"footnotes":""},"categories":[],"tags":[],"class_list":["post-3126","page","type-page","status-publish","hentry"],"acf":[],"_links":{"self":[{"href":"https:\/\/semmelweis.hu\/mental\/wp-json\/wp\/v2\/pages\/3126","targetHints":{"allow":["GET"]}}],"collection":[{"href":"https:\/\/semmelweis.hu\/mental\/wp-json\/wp\/v2\/pages"}],"about":[{"href":"https:\/\/semmelweis.hu\/mental\/wp-json\/wp\/v2\/types\/page"}],"author":[{"embeddable":true,"href":"https:\/\/semmelweis.hu\/mental\/wp-json\/wp\/v2\/users\/101614"}],"replies":[{"embeddable":true,"href":"https:\/\/semmelweis.hu\/mental\/wp-json\/wp\/v2\/comments?post=3126"}],"version-history":[{"count":11,"href":"https:\/\/semmelweis.hu\/mental\/wp-json\/wp\/v2\/pages\/3126\/revisions"}],"predecessor-version":[{"id":6546,"href":"https:\/\/semmelweis.hu\/mental\/wp-json\/wp\/v2\/pages\/3126\/revisions\/6546"}],"up":[{"embeddable":true,"href":"https:\/\/semmelweis.hu\/mental\/wp-json\/wp\/v2\/pages\/19"}],"wp:attachment":[{"href":"https:\/\/semmelweis.hu\/mental\/wp-json\/wp\/v2\/media?parent=3126"}],"wp:term":[{"taxonomy":"category","embeddable":true,"href":"https:\/\/semmelweis.hu\/mental\/wp-json\/wp\/v2\/categories?post=3126"},{"taxonomy":"post_tag","embeddable":true,"href":"https:\/\/semmelweis.hu\/mental\/wp-json\/wp\/v2\/tags?post=3126"}],"curies":[{"name":"wp","href":"https:\/\/api.w.org\/{rel}","templated":true}]}}

<table class=" alignleft" style="width: 90.7906%" border="0" cellspacing="5" cellpadding="5" align="center">
<tbody>
<tr>
<td style="width: 29.6642%">
<p><strong>Beosztás</strong></p>
</td>
<td style="width: 172.322%">egyetemi adjunktus</td>
</tr>
<tr>
<td style="width: 29.6642%"><strong>Egyetemi mellék:</strong></td>
<td style="width: 172.322%">+36 1 459-1500 / <strong>56540</strong></td>
</tr>
<tr>
<td style="width: 29.6642%"><strong>E-mail:</strong> </td>
<td style="width: 172.322%">
<p><span id="cloak39891"><a href="mailto:asztalos.bernadett@public.semmelweis-univ.hu">asztalos.bernadett@semmelweis.hu</a></span> </p>
</td>
</tr>
<tr>
<td style="width: 29.6642%"><strong>Végzettségek</strong></td>
<td style="width: 172.322%">
<p><span style="line-height: 1.3em">2006 &#8211; 2008: Semmelweis Egyetem Lelkigondozói Szakirányú Továbbképzés, BP<br />2004 &#8211; 2007: Semmelweis Egyetem Mentálhigiénés Szakirányú Továbbképzés, Szeged<br />1998 &#8211; 2001: Pázmány Péter Katolikus Egyetem Hittanári Levelező Tagozat<br />1994 &#8211; 2001: Pázmány Péter Katolikus Egyetem BTK Szociológia Szak<br />1994 &#8211; 2001: Pázmány Péter Katolikus Egyetem BTK Történelem Szak<br /></span></p>
</td>
</tr>
<tr>
<td style="width: 29.6642%"><strong>Doktori fokozat</strong></td>
<td style="width: 172.322%">2001 &#8211; 2011: Pázmány Péter Katolikus Egyetem BTK, Doktori Iskola, Eszmetörténet PhD  </td>
</tr>
<tr>
<td style="width: 29.6642%"><strong>Publikációs lista</strong>  </td>
<td style="width: 172.322%"><a href="https://vm.mtmt.hu//search/slist.php?lang=0&amp;AuthorID=10044294" target="_blank" rel="noopener noreferrer">Magyar Tudományos Művek Tára</a></td>
</tr>
<tr>
<td style="width: 29.6642%"><strong>Társasági, <br />egyesületi tagságok</strong></td>
<td style="width: 172.322%">
<p>Antropos Mentálhigiénés Egyesület</p>
<p>Magyar Pasztorálpszichológiai Társaság</p>
<p>Magyar Szociológiai Társaság</p>
<p>Fiatal Vallás és Érték Szociológusok</p>
<p>Klinikai Lelkigondozók Ökumenikus Egyesülete</p>
</td>
</tr>
<tr>
<td style="width: 29.6642%"><strong>Szakmai érdeklődés,<br />kutatási területek</strong></td>
<td style="width: 172.322%">
<p>lelkigondozás, mentálhigiéné, szociális munka, aktív idősödés, mentálhigiénés projekmenedzsment, önegyüttérzés, kiégés, segítők segítése, jóllét, munka-család egyensúly, spiritualitás</p>
</td>
</tr>
<tr>
<td style="width: 29.6642%"><strong>Aktuális kutatások</strong>  </td>
<td style="width: 172.322%">
<p>kiégés, önegyüttérzés, aktív idősödés; Önegyüttérzés segítő foglalkozásúak körében; Segítő kapcsolat hatásvizsgálat</p>
</td>
</tr>
<tr>
<td style="width: 29.6642%"><strong>Egyéb szakmai érdeklődés</strong></td>
<td style="width: 172.322%"> kora újkori életmód és gyógyászat</td>
</tr>
<tr>
<td style="width: 29.6642%"><strong>Fontosabb publikációk</strong></td>
<td style="width: 172.322%">
<p>Csáky-Pallavicini, R., Asztalos, B., Földvári, M., &amp; Csáky-Pallavicini, Z. (2005). Die gesellschaftliche und religiöse Entwicklung in Ungarn seit 1945 im Spiegel der seelischen Gesundheit der Bevölkerung. International journal of practical theology, 9(2), 217.;</p>
<p>Asztalos, B. Ha ma Gerard Caplan élne… Gondolatok, kutatások a család funkcionális megközelítéséhez Magyarországon. In: Karlovitz, János Tibor,Torgyik, Judit (szerk.) Szakmódszertani és más emberközpontú tanulmányok. Reflexiók néhány magyarországi pedagógia- releváns kontextusra, Komárno: International Research Instituta s.r.o. ;</p>
<p>Asztalos, B., Ládonyi, Zs., Tésenyi, T.: LIPI ajánlások szociális szakembereknek: Alacsony Intenztású Pszichológiai Intervenciók további lehetőségeinek a feltárása In: Karlovitz, János Tibor (szerk.) Reflexiók néhány magyarországi pedagógia- releváns kontextusra, Komárno: International Research Instituta s.r.o. ;</p>
<p>Asztalos, Bernadett (szerk.) ; Járay, Márton (szerk.) ; Szentjóbi, Ottó (szerk.) Álom, terv, tett: Gyakorlati útmutató és példatár mentálhigiénés projektekhez, Budapest, Magyarország : Antropos Mentálhygiénés Egyesület (2017) , 300 p.;</p>
<p>Asztalos, Bernadett ; Tróbert, Anett Mária: Aktív idősödés és mentálhigiéné. EMBERTÁRS 17 : 2 pp. 95-101. , 6 p. (2019)</p>
</td>
</tr>
</tbody>
</table>

<p>Beosztás egyetemi adjunktus Egyetemi mellék: +36 1 459-1500 / 56540 E-mail:  <a href="mailto:asztalos.bernadett@public.semmelweis-univ.hu">asztalos.bernadett@semmelweis.hu</a>   Végzettségek 2006 &#8211; 2008: Semmelweis Egyetem Lelkigondozói Szakirányú Továbbképzés, BP2004 &#8211; 2007: Semmelweis Egyetem Mentálhigiénés Szakirányú Továbbképzés, Szeged1998 &#8211; 2001: Pázmány Péter Katolikus Egyetem Hittanári Levelező Tagozat1994 &#8211; 2001: Pázmány Péter Katolikus Egyetem BTK Szociológia Szak1994 &#8211; 2001: Pázmány Péter Katolikus Egyetem BTK Történelem Szak &hellip;</p>
