{"id":3121,"date":"2019-03-13T08:55:11","date_gmt":"2019-03-13T07:55:11","guid":{"rendered":"http:\/\/semmelweis.hu\/mental\/?page_id=3121"},"modified":"2024-10-09T16:43:31","modified_gmt":"2024-10-09T14:43:31","slug":"prof-dr-nagy-endre","status":"publish","type":"page","link":"https:\/\/semmelweis.hu\/mental\/az-intezet\/munkatarsak\/prof-dr-nagy-endre\/","title":{"rendered":"Prof. Dr. Nagy Endre"},"content":{"rendered":"<figure id=\"attachment_544\" aria-describedby=\"caption-attachment-544\" style=\"width: 150px\" class=\"wp-caption alignnone\"><a href=\"https:\/\/semmelweis.hu\/mental\/files\/2018\/06\/Nagy-Endre.jpg\"><img loading=\"lazy\" decoding=\"async\" class=\"wp-image-544 size-thumbnail\" src=\"https:\/\/semmelweis.hu\/mental\/files\/2018\/06\/Nagy-Endre-150x150.jpg\" alt=\"\" width=\"150\" height=\"150\" \/><\/a><figcaption id=\"caption-attachment-544\" class=\"wp-caption-text\">Prof. Dr. Nagy Endre<\/figcaption><\/figure>\n<p>&nbsp;<\/p>\n<table style=\"width: 81.2143%;height: 1253px\" border=\"0\" cellspacing=\"5\" cellpadding=\"5\" align=\"center\">\n<tbody>\n<tr>\n<td style=\"text-align: left;width: 17.9775%\"><a class=\"modal thumbnail\" href=\"\/images\/Nagy%20Endre.jpg\" rel=\"{handler: 'image', marginImage: {x: 50, y: 50}}\"><img loading=\"lazy\" decoding=\"async\" src=\"\/images\/thumbnails\/images\/Nagy Endre-100x133.jpg\" width=\"100\" height=\"133\" border=\"0\" \/><\/a><\/td>\n<td style=\"width: 66.8257%\"><strong>Prof. Dr. NAGY ENDRE\u00a0<\/strong><\/td>\n<\/tr>\n<tr>\n<td style=\"width: 17.9775%\">\n<p><strong>Beoszt\u00e1s<\/strong><\/p>\n<\/td>\n<td style=\"width: 66.8257%\">Professor Emeritus<\/td>\n<\/tr>\n<tr>\n<td style=\"width: 17.9775%\"><span class=\"Apple-style-span\" style=\"font-weight: 800\"><strong>Egyetemi mell\u00e9k:<\/strong><\/span><\/td>\n<td style=\"width: 66.8257%\">06-1-459-1500 \/ <strong>56541<\/strong><\/td>\n<\/tr>\n<tr>\n<td style=\"width: 17.9775%\"><strong><strong>E-mail:<\/strong><\/strong>\u00a0<\/td>\n<td style=\"width: 66.8257%\"><span id=\"cloak55628\"><a href=\"mailto:nagy.endre@public.semmelweis-univ.hu\">nagy.endre@public.semmelweis-univ.hu<\/a><\/span>\u00a0<\/td>\n<\/tr>\n<tr>\n<td style=\"width: 17.9775%\"><strong><strong>V\u00e9gzetts\u00e9gek<\/strong><\/strong><\/td>\n<td style=\"width: 66.8257%\">\n<p>Szegedi J\u00f3zsef Attila Tudom\u00e1nyegyetem, \u00c1llam-\u00e9s Jogtudom\u00e1nyi Kar (1968)<br \/>T\u00e1rsadalomtudom\u00e1nyi Int\u00e9zet, szociol\u00f3gia (1970)<br \/>\u00d6sszehasonl\u00edt\u00f3 Jog, Strassbourg (1972)<\/p>\n<\/td>\n<\/tr>\n<tr>\n<td style=\"width: 17.9775%\"><strong><strong>Doktori fokozat<\/strong><\/strong><\/td>\n<td style=\"width: 66.8257%\">\n<p>MTA, \u00e1llam-\u00e9s jogtudom\u00e1ny, kandid\u00e1tus (1979)<br \/>Janus Pannonius Tudom\u00e1nyegyetem, habilit\u00e1ci\u00f3 (1994)<\/p>\n<p>MTA doktora, szociol\u00f3gia tudom\u00e1ny (2007)<\/p>\n<\/td>\n<\/tr>\n<tr>\n<td style=\"width: 17.9775%\"><strong>Publik\u00e1ci\u00f3s lista<\/strong>\u00a0\u00a0<\/td>\n<td style=\"width: 66.8257%\"><a href=\"http:\/\/vm.mtmt.hu\/\/search\/slist.php?lang=0&amp;AuthorID=10008948\" target=\"_blank\" rel=\"noopener noreferrer\">Magyar Tudom\u00e1nyos M\u0171vek T\u00e1ra<\/a><\/td>\n<\/tr>\n<tr>\n<td style=\"width: 17.9775%\"><strong><strong>T\u00e1rsas\u00e1gi,\u00a0<br \/>egyes\u00fcleti tags\u00e1gok<\/strong><\/strong><\/td>\n<td style=\"width: 66.8257%\">\n<p>American Polanyi Society<br \/>Pol\u00e1nyi Mih\u00e1ly Szabadelv\u0171 Filoz\u00f3fiai T\u00e1rsas\u00e1g<br \/>Magyar Pax Romana<br \/>PAB Szociol\u00f3giai Munkabizotts\u00e1g<br \/>P\u00e9cs-Baranyai \u00c9rtelmis\u00e9gi Klub<\/p>\n<\/td>\n<\/tr>\n<tr>\n<td style=\"width: 17.9775%\"><strong><strong>Szakmai \u00e9rdekl\u0151d\u00e9s,<br \/>kutat\u00e1si ter\u00fcletek<\/strong><\/strong><\/td>\n<td style=\"width: 66.8257%\">\n<p>Magyar \u00e9s egyetemes eszmet\u00f6rt\u00e9net<br \/>Egyetemes szociol\u00f3gia- \u00e9s filoz\u00f3fiat\u00f6rt\u00e9net<\/p>\n<\/td>\n<\/tr>\n<tr>\n<td style=\"width: 17.9775%\"><strong>Aktu\u00e1lis kutat\u00e1sok<\/strong>\u00a0\u00a0<\/td>\n<td style=\"width: 66.8257%\">Radik\u00e1lis szem\u00e9lyis\u00e9gv\u00e1ltoz\u00e1s (a megt\u00e9r\u00e9s fenomenol\u00f3gi\u00e1ja)<\/td>\n<\/tr>\n<tr>\n<td style=\"width: 17.9775%\"><strong>Egy\u00e9b szakmai \u00e9rdekl\u0151d\u00e9s<\/strong>\u00a0\u00a0<\/td>\n<td style=\"width: 66.8257%\">Jogot tanultam \u00e9s szociol\u00f3gi\u00e1t, \u00e1llam \u00e9s jogtudom\u00e1nyokb\u00f3l kandid\u00e1ltam, t\u00f6rt\u00e9nettudom\u00e1nyb\u00f3l habilit\u00e1ltam, szociol\u00f3gi\u00e1b\u00f3l szereztem az akad\u00e9miai doktori c\u00edmet- de mindig a filoz\u00f3fia \u00e9s az irodalomtudom\u00e1ny \u00e9rdekelt.<\/td>\n<\/tr>\n<\/tbody>\n<\/table>\n","protected":false},"excerpt":{"rendered":"<p>&nbsp; <a class=\"modal thumbnail\" href=\"\/images\/Nagy%20Endre.jpg\" rel=\"{handler: 'image', marginImage: {x: 50, y: 50}}\"><\/a> Prof. Dr. NAGY ENDRE\u00a0 Beoszt\u00e1s Professor Emeritus Egyetemi mell\u00e9k: 06-1-459-1500 \/ 56541 E-mail:\u00a0 <a href=\"mailto:nagy.endre@public.semmelweis-univ.hu\">nagy.endre@public.semmelweis-univ.hu<\/a> \u00a0 V\u00e9gzetts\u00e9gek Szegedi J\u00f3zsef Attila Tudom\u00e1nyegyetem, \u00c1llam-\u00e9s Jogtudom\u00e1nyi Kar (1968)T\u00e1rsadalomtudom\u00e1nyi Int\u00e9zet, szociol\u00f3gia (1970)\u00d6sszehasonl\u00edt\u00f3 Jog, Strassbourg (1972) Doktori fokozat MTA, \u00e1llam-\u00e9s jogtudom\u00e1ny, kandid\u00e1tus (1979)Janus Pannonius Tudom\u00e1nyegyetem, habilit\u00e1ci\u00f3 (1994) MTA doktora, szociol\u00f3gia tudom\u00e1ny (2007) Publik\u00e1ci\u00f3s lista\u00a0\u00a0 <a href=\"http:\/\/vm.mtmt.hu\/\/search\/slist.php?lang=0&amp;AuthorID=10008948\" target=\"_blank\" rel=\"noopener noreferrer\">Magyar Tudom\u00e1nyos M\u0171vek T\u00e1ra<\/a> T\u00e1rsas\u00e1gi,\u00a0egyes\u00fcleti tags\u00e1gok American Polanyi SocietyPol\u00e1nyi Mih\u00e1ly Szabadelv\u0171 &hellip;<\/p>\n","protected":false},"author":101614,"featured_media":0,"parent":19,"menu_order":0,"comment_status":"closed","ping_status":"closed","template":"","meta":{"_acf_changed":false,"footnotes":""},"categories":[],"tags":[],"class_list":["post-3121","page","type-page","status-publish","hentry"],"acf":[],"_links":{"self":[{"href":"https:\/\/semmelweis.hu\/mental\/wp-json\/wp\/v2\/pages\/3121","targetHints":{"allow":["GET"]}}],"collection":[{"href":"https:\/\/semmelweis.hu\/mental\/wp-json\/wp\/v2\/pages"}],"about":[{"href":"https:\/\/semmelweis.hu\/mental\/wp-json\/wp\/v2\/types\/page"}],"author":[{"embeddable":true,"href":"https:\/\/semmelweis.hu\/mental\/wp-json\/wp\/v2\/users\/101614"}],"replies":[{"embeddable":true,"href":"https:\/\/semmelweis.hu\/mental\/wp-json\/wp\/v2\/comments?post=3121"}],"version-history":[{"count":8,"href":"https:\/\/semmelweis.hu\/mental\/wp-json\/wp\/v2\/pages\/3121\/revisions"}],"predecessor-version":[{"id":4962,"href":"https:\/\/semmelweis.hu\/mental\/wp-json\/wp\/v2\/pages\/3121\/revisions\/4962"}],"up":[{"embeddable":true,"href":"https:\/\/semmelweis.hu\/mental\/wp-json\/wp\/v2\/pages\/19"}],"wp:attachment":[{"href":"https:\/\/semmelweis.hu\/mental\/wp-json\/wp\/v2\/media?parent=3121"}],"wp:term":[{"taxonomy":"category","embeddable":true,"href":"https:\/\/semmelweis.hu\/mental\/wp-json\/wp\/v2\/categories?post=3121"},{"taxonomy":"post_tag","embeddable":true,"href":"https:\/\/semmelweis.hu\/mental\/wp-json\/wp\/v2\/tags?post=3121"}],"curies":[{"name":"wp","href":"https:\/\/api.w.org\/{rel}","templated":true}]}}