{"id":22,"date":"2018-06-08T00:00:00","date_gmt":"2018-06-07T22:00:00","guid":{"rendered":"http:\/\/semmelweis.hu\/mental\/antropos-egyesulet\/"},"modified":"2019-02-01T12:22:03","modified_gmt":"2019-02-01T11:22:03","slug":"antropos-egyesulet","status":"publish","type":"page","link":"https:\/\/semmelweis.hu\/mental\/az-intezet\/szakmai-egyuttmukodeseink\/antropos-egyesulet\/","title":{"rendered":"Antropos Egyes\u00fclet"},"content":{"rendered":"<p>Az <strong><a href=\"http:\/\/www.antroposegyesulet.hu\" target=\"_blank\" rel=\"noopener\">Antropos Egyes\u00fclet<\/a><\/strong>\u00a0a Semmelweis Egyetem Ment\u00e1lhigi\u00e9n\u00e9 Int\u00e9zet\u00e9ben v\u00e9gzett k\u00fcl\u00f6nb\u00f6z\u0151 hum\u00e1n foglalkoz\u00e1s\u00fa ment\u00e1lhigi\u00e9n\u00e9s szakembereket \u00e9s lelkigondoz\u00f3kat k\u00e9pvisel\u0151 egyes\u00fclet vagyunk.<\/p>\n<p>Az Egyes\u00fclet c\u00e9lja:<\/p>\n<ul>\n<li>a szakemberek k\u00f6z\u00f6tti egy\u00fcttm\u0171k\u00f6d\u00e9s el\u0151seg\u00edt\u00e9se<\/li>\n<li>orsz\u00e1gos \u00e9s region\u00e1lis h\u00e1l\u00f3zatok l\u00e9trehoz\u00e1sa<\/li>\n<li>a tagok szakmai tov\u00e1bbfejl\u0151d\u00e9s\u00e9nek el\u0151seg\u00edt\u00e9se<\/li>\n<li>a tagok t\u00e1mogat\u00e1sa abban, hogy min\u00e9l hat\u00e9konyabban seg\u00edts\u00e9k el\u0151 saj\u00e1t k\u00f6z\u00f6ss\u00e9geikben \u00e9s tev\u00e9kenys\u00e9gi k\u00f6r\u00fckben a lelki eg\u00e9szs\u00e9gv\u00e9delmet, a k\u00f6z\u00f6ss\u00e9gi ment\u00e1lhigi\u00e9n\u00e9 elterjed\u00e9s\u00e9t, a primer prevenci\u00f3t<\/li>\n<li>kapcsolat kialak\u00edt\u00e1sa a ment\u00e1lhigi\u00e9n\u00e9 ter\u00fclet\u00e9n tev\u00e9kenyked\u0151 hazai \u00e9s k\u00fclf\u00f6ldi szakemberekkel \u00e9s szervezetekkel<\/li>\n<li>ment\u00e1lhigi\u00e9n\u00e9 ter\u00fclet\u00e9n kutat\u00e1sokat v\u00e9gz\u00fcnk, az eredm\u00e9nyeket szakmai k\u00f6rben publik\u00e1ljuk<\/li>\n<li>a ment\u00e1lhigi\u00e9n\u00e9s ismereteket sz\u00e9les k\u00f6rben is \u00e1tadjuk<\/li>\n<\/ul>\n","protected":false},"excerpt":{"rendered":"<p>Az <a href=\"http:\/\/www.antroposegyesulet.hu\" target=\"_blank\" rel=\"noopener\">Antropos Egyes\u00fclet<\/a> \u00a0a Semmelweis Egyetem Ment\u00e1lhigi\u00e9n\u00e9 Int\u00e9zet\u00e9ben v\u00e9gzett k\u00fcl\u00f6nb\u00f6z\u0151 hum\u00e1n foglalkoz\u00e1s\u00fa ment\u00e1lhigi\u00e9n\u00e9s szakembereket \u00e9s lelkigondoz\u00f3kat k\u00e9pvisel\u0151 egyes\u00fclet vagyunk. Az Egyes\u00fclet c\u00e9lja: a szakemberek k\u00f6z\u00f6tti egy\u00fcttm\u0171k\u00f6d\u00e9s el\u0151seg\u00edt\u00e9se orsz\u00e1gos \u00e9s region\u00e1lis h\u00e1l\u00f3zatok l\u00e9trehoz\u00e1sa a tagok szakmai tov\u00e1bbfejl\u0151d\u00e9s\u00e9nek el\u0151seg\u00edt\u00e9se a tagok t\u00e1mogat\u00e1sa abban, hogy min\u00e9l hat\u00e9konyabban seg\u00edts\u00e9k el\u0151 saj\u00e1t k\u00f6z\u00f6ss\u00e9geikben \u00e9s tev\u00e9kenys\u00e9gi k\u00f6r\u00fckben a lelki eg\u00e9szs\u00e9gv\u00e9delmet, a k\u00f6z\u00f6ss\u00e9gi ment\u00e1lhigi\u00e9n\u00e9 &hellip;<\/p>\n","protected":false},"author":101265,"featured_media":0,"parent":1106,"menu_order":1,"comment_status":"closed","ping_status":"closed","template":"","meta":{"_acf_changed":false,"footnotes":""},"categories":[],"tags":[],"class_list":["post-22","page","type-page","status-publish","hentry"],"acf":[],"_links":{"self":[{"href":"https:\/\/semmelweis.hu\/mental\/wp-json\/wp\/v2\/pages\/22","targetHints":{"allow":["GET"]}}],"collection":[{"href":"https:\/\/semmelweis.hu\/mental\/wp-json\/wp\/v2\/pages"}],"about":[{"href":"https:\/\/semmelweis.hu\/mental\/wp-json\/wp\/v2\/types\/page"}],"author":[{"embeddable":true,"href":"https:\/\/semmelweis.hu\/mental\/wp-json\/wp\/v2\/users\/101265"}],"replies":[{"embeddable":true,"href":"https:\/\/semmelweis.hu\/mental\/wp-json\/wp\/v2\/comments?post=22"}],"version-history":[{"count":1,"href":"https:\/\/semmelweis.hu\/mental\/wp-json\/wp\/v2\/pages\/22\/revisions"}],"predecessor-version":[{"id":1109,"href":"https:\/\/semmelweis.hu\/mental\/wp-json\/wp\/v2\/pages\/22\/revisions\/1109"}],"up":[{"embeddable":true,"href":"https:\/\/semmelweis.hu\/mental\/wp-json\/wp\/v2\/pages\/1106"}],"wp:attachment":[{"href":"https:\/\/semmelweis.hu\/mental\/wp-json\/wp\/v2\/media?parent=22"}],"wp:term":[{"taxonomy":"category","embeddable":true,"href":"https:\/\/semmelweis.hu\/mental\/wp-json\/wp\/v2\/categories?post=22"},{"taxonomy":"post_tag","embeddable":true,"href":"https:\/\/semmelweis.hu\/mental\/wp-json\/wp\/v2\/tags?post=22"}],"curies":[{"name":"wp","href":"https:\/\/api.w.org\/{rel}","templated":true}]}}

Antropos Egyesület

<p>Az <strong><a href="http://www.antroposegyesulet.hu" target="_blank" rel="noopener">Antropos Egyesület</a></strong> a Semmelweis Egyetem Mentálhigiéné Intézetében végzett különböző humán foglalkozású mentálhigiénés szakembereket és lelkigondozókat képviselő egyesület vagyunk.</p>
<p>Az Egyesület célja:</p>
<ul>
<li>a szakemberek közötti együttműködés elősegítése</li>
<li>országos és regionális hálózatok létrehozása</li>
<li>a tagok szakmai továbbfejlődésének elősegítése</li>
<li>a tagok támogatása abban, hogy minél hatékonyabban segítsék elő saját közösségeikben és tevékenységi körükben a lelki egészségvédelmet, a közösségi mentálhigiéné elterjedését, a primer prevenciót</li>
<li>kapcsolat kialakítása a mentálhigiéné területén tevékenykedő hazai és külföldi szakemberekkel és szervezetekkel</li>
<li>mentálhigiéné területén kutatásokat végzünk, az eredményeket szakmai körben publikáljuk</li>
<li>a mentálhigiénés ismereteket széles körben is átadjuk</li>
</ul>

<p>Az <a href="http://www.antroposegyesulet.hu" target="_blank" rel="noopener">Antropos Egyesület</a>  a Semmelweis Egyetem Mentálhigiéné Intézetében végzett különböző humán foglalkozású mentálhigiénés szakembereket és lelkigondozókat képviselő egyesület vagyunk. Az Egyesület célja: a szakemberek közötti együttműködés elősegítése országos és regionális hálózatok létrehozása a tagok szakmai továbbfejlődésének elősegítése a tagok támogatása abban, hogy minél hatékonyabban segítsék elő saját közösségeikben és tevékenységi körükben a lelki egészségvédelmet, a közösségi mentálhigiéné &hellip;</p>
