{"id":158,"date":"2018-06-08T00:00:00","date_gmt":"2018-06-07T22:00:00","guid":{"rendered":"http:\/\/semmelweis.hu\/mental\/konyvek\/"},"modified":"2021-07-05T21:46:44","modified_gmt":"2021-07-05T19:46:44","slug":"konyvek","status":"publish","type":"page","link":"https:\/\/semmelweis.hu\/mental\/az-intezet\/kiadvanyok\/konyvek\/","title":{"rendered":"K\u00f6nyvek"},"content":{"rendered":"<p><strong>Hallgat\u00f3ink a P\u00e1rbesz\u00e9d Alap\u00edtv\u00e1ny \u00e9s a Ment\u00e1lhigi\u00e9n\u00e9 Int\u00e9zet \u00e1ltal forgalmazott k\u00f6nyveket k\u00e9pz\u00e9si p\u00e9nteki napokon 8:30-15:45-ig v\u00e1s\u00e1rolhatj\u00e1k meg. <\/strong><\/p>\n<p>A k\u00f6nyvek a k\u00e9pz\u00e9si napokon megtekinthet\u0151k <strong>Vajk\u00f3 Erzs\u00e9betn\u00e9l, a fszt. 74-es szob\u00e1ban<\/strong>, de el\u0151zetesen is k\u00e9rhet\u0151 inform\u00e1ci\u00f3 a megv\u00e1s\u00e1rolhat\u00f3 k\u00f6nyvekr\u0151l a <a href=\"parbeszed.konyv@gmail.com\">parbeszed.konyv@gmail.com<\/a> email c\u00edmen<span style=\"font-size: 1rem\">.<\/span><\/p>\n<p>K\u00e9rj\u00fck, hogy a k\u00f6nyvv\u00e1s\u00e1rl\u00e1si sz\u00e1nd\u00e9kot, lehet\u0151s\u00e9g szerint el\u0151zetesen, a k\u00e9pz\u00e9si h\u00e9t szerd\u00e1j\u00e1ig jelezz\u00e9k Vajk\u00f3 Erzs\u00e9betnek a fent megadott c\u00edmen.<\/p>\n<p>Azok, akik nem hallgat\u00f3ink, v\u00e1s\u00e1rl\u00e1si sz\u00e1nd\u00e9kukat a megadott e-mail c\u00edmen jelezhetik. Az \u00e1tv\u00e9telhez id\u0151pontegyeztet\u00e9s sz\u00fcks\u00e9ges!<\/p>\n<p>K\u00e9rj\u00fck, hogy sz\u00e1mlaig\u00e9ny\u00fcket a megrendel\u00e9skor jelezz\u00e9k, mert ut\u00f3lag nem \u00e1ll m\u00f3dunkban sz\u00e1ml\u00e1t ki\u00e1ll\u00edtani.<\/p>\n<p>&nbsp;<\/p>\n<p><img loading=\"lazy\" decoding=\"async\" class=\" wp-image-2629 aligncenter\" src=\"https:\/\/semmelweis.hu\/mental\/files\/2019\/01\/knyvek-2.jpg\" alt=\"\" width=\"234\" height=\"233\" srcset=\"https:\/\/semmelweis.hu\/mental\/files\/2019\/01\/knyvek-2.jpg 225w, https:\/\/semmelweis.hu\/mental\/files\/2019\/01\/knyvek-2-150x150.jpg 150w\" sizes=\"auto, (max-width: 234px) 100vw, 234px\" \/><\/p>\n","protected":false},"excerpt":{"rendered":"<p>Hallgat\u00f3ink a P\u00e1rbesz\u00e9d Alap\u00edtv\u00e1ny \u00e9s a Ment\u00e1lhigi\u00e9n\u00e9 Int\u00e9zet \u00e1ltal forgalmazott k\u00f6nyveket k\u00e9pz\u00e9si p\u00e9nteki napokon 8:30-15:45-ig v\u00e1s\u00e1rolhatj\u00e1k meg. A k\u00f6nyvek a k\u00e9pz\u00e9si napokon megtekinthet\u0151k Vajk\u00f3 Erzs\u00e9betn\u00e9l, a fszt. 74-es szob\u00e1ban, de el\u0151zetesen is k\u00e9rhet\u0151 inform\u00e1ci\u00f3 a megv\u00e1s\u00e1rolhat\u00f3 k\u00f6nyvekr\u0151l a <a href=\"parbeszed.konyv@gmail.com\">parbeszed.konyv@gmail.com<\/a> email c\u00edmen. K\u00e9rj\u00fck, hogy a k\u00f6nyvv\u00e1s\u00e1rl\u00e1si sz\u00e1nd\u00e9kot, lehet\u0151s\u00e9g szerint el\u0151zetesen, a k\u00e9pz\u00e9si h\u00e9t szerd\u00e1j\u00e1ig jelezz\u00e9k Vajk\u00f3 Erzs\u00e9betnek &hellip;<\/p>\n","protected":false},"author":101790,"featured_media":0,"parent":21,"menu_order":1,"comment_status":"closed","ping_status":"closed","template":"","meta":{"_acf_changed":false,"footnotes":""},"categories":[],"tags":[],"class_list":["post-158","page","type-page","status-publish","hentry"],"acf":[],"_links":{"self":[{"href":"https:\/\/semmelweis.hu\/mental\/wp-json\/wp\/v2\/pages\/158","targetHints":{"allow":["GET"]}}],"collection":[{"href":"https:\/\/semmelweis.hu\/mental\/wp-json\/wp\/v2\/pages"}],"about":[{"href":"https:\/\/semmelweis.hu\/mental\/wp-json\/wp\/v2\/types\/page"}],"author":[{"embeddable":true,"href":"https:\/\/semmelweis.hu\/mental\/wp-json\/wp\/v2\/users\/101790"}],"replies":[{"embeddable":true,"href":"https:\/\/semmelweis.hu\/mental\/wp-json\/wp\/v2\/comments?post=158"}],"version-history":[{"count":10,"href":"https:\/\/semmelweis.hu\/mental\/wp-json\/wp\/v2\/pages\/158\/revisions"}],"predecessor-version":[{"id":4883,"href":"https:\/\/semmelweis.hu\/mental\/wp-json\/wp\/v2\/pages\/158\/revisions\/4883"}],"up":[{"embeddable":true,"href":"https:\/\/semmelweis.hu\/mental\/wp-json\/wp\/v2\/pages\/21"}],"wp:attachment":[{"href":"https:\/\/semmelweis.hu\/mental\/wp-json\/wp\/v2\/media?parent=158"}],"wp:term":[{"taxonomy":"category","embeddable":true,"href":"https:\/\/semmelweis.hu\/mental\/wp-json\/wp\/v2\/categories?post=158"},{"taxonomy":"post_tag","embeddable":true,"href":"https:\/\/semmelweis.hu\/mental\/wp-json\/wp\/v2\/tags?post=158"}],"curies":[{"name":"wp","href":"https:\/\/api.w.org\/{rel}","templated":true}]}}