{"id":13,"date":"2018-06-13T15:29:35","date_gmt":"2018-06-13T13:29:35","guid":{"rendered":"http:\/\/semmelweis.hu\/mental\/?page_id=13"},"modified":"2026-03-02T10:35:02","modified_gmt":"2026-03-02T09:35:02","slug":"kepzes-bemutatasa-mediacio","status":"publish","type":"page","link":"https:\/\/semmelweis.hu\/mental\/szakiranyu-kepzesek\/kozossegi-es-csaladi-mediacio\/kepzes-bemutatasa-mediacio\/","title":{"rendered":"K\u00e9pz\u00e9s bemutat\u00e1sa"},"content":{"rendered":"<p>&nbsp;<\/p>\n<table class=\"mceItemTable\" style=\"height: 1192px;width: 97.472%\" border=\"0\">\n<tbody>\n<tr>\n<td style=\"width: 100%\">\n<p style=\"text-align: justify\"><a href=\"https:\/\/semmelweis.hu\/mental\/files\/2018\/06\/logo-246x171.png\"><img loading=\"lazy\" decoding=\"async\" class=\"alignright\" src=\"https:\/\/semmelweis.hu\/mental\/files\/2018\/06\/logo-246x171.png\" alt=\"\" width=\"246\" height=\"171\" border=\"0\" \/><\/a>A\u00a0<a href=\"https:\/\/semmelweis.hu\/mental\/szakiranyu-kepzesek\/kozossegi-es-csaladi-mediacio\/\" target=\"_blank\" rel=\"noopener\"><strong><em>K\u00f6z\u00f6ss\u00e9gi \u00e9s csal\u00e1di medi\u00e1ci\u00f3<\/em>\u00a0szakir\u00e1ny\u00fa tov\u00e1bbk\u00e9pz\u00e9s<\/strong><\/a> c\u00e9lja olyan szakemberek k\u00e9pz\u00e9se, akik munk\u00e1juk sor\u00e1n csal\u00e1di \u00e9s\/vagy k\u00f6z\u00f6ss\u00e9gi konfliktusokban \u00e9rintetteknek seg\u00edtenek vit\u00e1juk hossz\u00fa t\u00e1v\u00fa rendez\u00e9s\u00e9ben.<\/p>\n<p style=\"text-align: justify\">A 2018\/2019-es tan\u00e9vben indul\u00f3\u00a0k\u00e9pz\u00e9s a Semmelweis Egyetem bassagyarmati sz\u00e9khely\u00e9n, az EFOP-3.4.3-16-2016-00007 sz. p\u00e1ly\u00e1zat keret\u00e9ben szervezt\u00fck, \u00edgy\u00a0a\u00a0<em>r\u00e9szvev\u0151 hallgat\u00f3k sz\u00e1m\u00e1ra a k\u00e9pz\u00e9s ingyenes\u00a0<\/em>volt.<\/p>\n<p style=\"text-align: justify\">A 2020\/2021-es tan\u00e9vt\u0151l \u00f6nk\u00f6lts\u00e9ges form\u00e1ban ind\u00edtjuk k\u00e9pz\u00e9s\u00fcnket.<\/p>\n<hr \/>\n<p style=\"text-align: justify\">A\u00a0<strong><em>medi\u00e1tor<\/em>\u00a0<\/strong>olyan szakember, aki vit\u00e1s helyzetben p\u00e1rtatlanul k\u00f6zvet\u00edt a felek k\u00f6z\u00f6tt: tereli az egyeztet\u00e9s folyamat\u00e1t \u00e9s a megfogalmazott \u00e9rdekek \u00e9s sz\u00fcks\u00e9gletek figyelembev\u00e9tel\u00e9vel seg\u00edt az \u00e9rintetteknek egy olyan meg\u00e1llapod\u00e1st megk\u00f6tni a j\u00f6v\u0151re n\u00e9zve, amely valamennyi f\u00e9l sz\u00e1m\u00e1ra el\u00e9gedetts\u00e9get \u00e9s megnyugv\u00e1st tud eredm\u00e9nyezni.<\/p>\n<p style=\"text-align: justify\">A k\u00e9pz\u00e9s mind tartalm\u00e1ban, mind form\u00e1j\u00e1ban innovat\u00edvnak tekinthet\u0151 az\u00e1ltal, hogy vegy\u00edti a hagyom\u00e1nyos elm\u00e9leti oktat\u00e1st a modern, kiscsoportos, interakt\u00edv \u00e9s tapasztalati elemekre \u00e9p\u00fcl\u0151 tr\u00e9ningm\u00f3dszerekkel. A k\u00e9pz\u00e9s oktat\u00f3i tudom\u00e1nyos tev\u00e9kenys\u00e9g\u00fck mellett terepen dolgoz\u00f3, gyakorl\u00f3 medi\u00e1torok \u00e9s tr\u00e9nerek, \u00edgy kell\u0151 szak\u00e9rtelemmel tudj\u00e1k k\u00f6zvet\u00edteni a gyakorlati ismereteket \u00e9s tapasztalatokat.<\/p>\n<p style=\"text-align: justify\">A k\u00e9pz\u00e9s kiemelt hangs\u00falyt fektet arra, hogy elv\u00e9gz\u00e9s\u00e9t k\u00f6vet\u0151en a hallgat\u00f3k saj\u00e1t k\u00f6rnyezet\u00fckben j\u00f3 es\u00e9llyel ki tudj\u00e1k alak\u00edtani medi\u00e1tori praxisukat, alkalmasakk\u00e1 v\u00e1ljanak a \u201eval\u00f3s \u00e9let\u201d adta helyzetek megold\u00e1s\u00e1ra. Mindv\u00e9gig els\u0151dleges szempont a csoportmunka \u00e9s egy\u00fcttm\u0171k\u00f6d\u00e9s-fejleszt\u00e9s, valamint a hallgat\u00f3k \u00f6nismeret\u00e9nek m\u00e9ly\u00edt\u00e9se. Mindezen elemek egy\u00fcttes v\u00e1rt hat\u00e1sa, hogy a k\u00e9pz\u00e9st elv\u00e9gz\u0151 hallgat\u00f3k a hozz\u00e1juk ker\u00fcl\u0151 esetekben megfelel\u0151 \u00f6nismerettel, a szakmai elveket \u00e9s hat\u00e1rokat pontosan felismer\u0151 m\u00f3don j\u00e1rnak el, \u00e9s mindebben a tanultakat etikusan, innovat\u00edvan \u00e9s kreat\u00edv m\u00f3don alkalmazz\u00e1k.<\/p>\n<p style=\"text-align: justify\">A k\u00e9pz\u00e9s sikeres elv\u00e9gz\u00e9se lehet\u0151s\u00e9get adhat a hallgat\u00f3knak kimondottan olyan munkak\u00f6rben elhelyezkedni (\u00e1llami, \u00f6nkorm\u00e1nyzati vagy civil szervezetekn\u00e9l), ahol a gyakorlatban is specializ\u00e1l\u00f3dhatnak a konfliktuskezel\u0151i tev\u00e9kenys\u00e9gekre. Ez\u00e1ltal nemcsak a hallgat\u00f3kat juttatjuk speci\u00e1lis tud\u00e1shoz. A k\u00e9pz\u00e9s eredm\u00e9nyek\u00e9ppen mind a nagyobb telep\u00fcl\u00e9sek sz\u00e1m\u00e1ra, mind a kisebb, vagy h\u00e1tr\u00e1nyosabb helyzet\u0171 t\u00e9rs\u00e9gek sz\u00e1m\u00e1ra is megn\u0151 annak a lehet\u0151s\u00e9ge, hogy helyben el\u00e9rhet\u0151, speci\u00e1lisan felk\u00e9sz\u00edtett medi\u00e1torokat b\u00edzzanak meg a helyben tapasztalt konfliktusok felold\u00e1sa \u00e9rdek\u00e9ben.\u00a0<\/p>\n<hr \/>\n<p style=\"text-align: justify\"><strong>A k\u00e9pz\u00e9s helysz\u00edne<\/strong>: Nagyv\u00e1rad t\u00e9ri Elm\u00e9leti T\u00f6mb 1089 Budapest, Nagyv\u00e1rad t\u00e9r 4.<\/p>\n<p style=\"text-align: justify\"><strong>A k\u00e9pz\u00e9s id\u0151tartama:<\/strong>\u00a03 f\u00e9l\u00e9v<\/p>\n<p style=\"text-align: justify\"><strong>A k\u00e9pz\u00e9s d\u00edja<\/strong>:<span style=\"color: #000000\"> 255 000 Ft\/f\u00e9l\u00e9v<\/span><\/p>\n<p style=\"text-align: justify\">A K\u00f6z\u00f6ss\u00e9gi \u00e9s csal\u00e1d medi\u00e1ci\u00f3 szakir\u00e1ny\u00fa tov\u00e1bbk\u00e9pz\u00e9s k\u00e9pz\u00e9si \u00e9s kimeneti k\u00f6vetelm\u00e9nyei itt: <a href=\"https:\/\/semmelweis.hu\/mental\/files\/2020\/03\/K\u00e9pz\u00e9si-\u00e9s-kimeneti-k\u00f6vetelm\u00e9nyek.pdf\" target=\"_blank\" rel=\"noopener\">K\u00e9pz\u00e9si \u00e9s kimeneti k\u00f6vetelm\u00e9nyek<\/a><\/p>\n<p><strong>Tov\u00e1bbi inform\u00e1ci\u00f3k a k\u00f6z\u00f6ss\u00e9gi \u00e9s csal\u00e1di medi\u00e1ci\u00f3 szakir\u00e1ny\u00fa tov\u00e1bbk\u00e9pz\u00e9si szakr\u00f3l:<\/strong><\/p>\n<ul class=\"children\" style=\"list-style-type: square\">\n<li class=\"page_item page-item-89\">\n<h6><strong><a href=\"https:\/\/semmelweis.hu\/mental\/szakiranyu-kepzesek\/kozossegi-es-csaladi-mediacio\/tanulmanyi-program-mediacio\/\" target=\"_blank\" rel=\"noopener\">Tanulm\u00e1nyi program<\/a><\/strong><\/h6>\n<\/li>\n<li class=\"page_item page-item-90\">\n<h6><strong><a href=\"https:\/\/semmelweis.hu\/mental\/szakiranyu-kepzesek\/kozossegi-es-csaladi-mediacio\/kontaktszemelyek\/\" target=\"_blank\" rel=\"noopener\">Kontaktszem\u00e9lyek<\/a><\/strong><\/h6>\n<\/li>\n<li class=\"page_item page-item-91\">\n<h6><strong><a href=\"https:\/\/semmelweis.hu\/mental\/szakiranyu-kepzesek\/kozossegi-es-csaladi-mediacio\/felvetel-a-kepzesre-mediacio\/\" target=\"_blank\" rel=\"noopener\">Felv\u00e9tel a k\u00e9pz\u00e9sre<\/a><\/strong><\/h6>\n<\/li>\n<li class=\"page_item page-item-3724\">\n<h6><strong><a href=\"https:\/\/semmelweis.hu\/mental\/szakiranyu-kepzesek\/kozossegi-es-csaladi-mediacio\/aktualis-tajekoztatok-hallgatoknak\/\" target=\"_blank\" rel=\"noopener\">AKTU\u00c1LIS T\u00c1J\u00c9KOZTAT\u00d3K, \u00d3RAREND HALLGAT\u00d3KNAK<\/a><\/strong><\/h6>\n<\/li>\n<\/ul>\n<\/td>\n<\/tr>\n<\/tbody>\n<\/table>\n","protected":false},"excerpt":{"rendered":"<p>&nbsp; <a href=\"https:\/\/semmelweis.hu\/mental\/files\/2018\/06\/logo-246x171.png\"><\/a> A\u00a0 <a href=\"https:\/\/semmelweis.hu\/mental\/szakiranyu-kepzesek\/kozossegi-es-csaladi-mediacio\/\" target=\"_blank\" rel=\"noopener\">K\u00f6z\u00f6ss\u00e9gi \u00e9s csal\u00e1di medi\u00e1ci\u00f3\u00a0szakir\u00e1ny\u00fa tov\u00e1bbk\u00e9pz\u00e9s<\/a> c\u00e9lja olyan szakemberek k\u00e9pz\u00e9se, akik munk\u00e1juk sor\u00e1n csal\u00e1di \u00e9s\/vagy k\u00f6z\u00f6ss\u00e9gi konfliktusokban \u00e9rintetteknek seg\u00edtenek vit\u00e1juk hossz\u00fa t\u00e1v\u00fa rendez\u00e9s\u00e9ben. A 2018\/2019-es tan\u00e9vben indul\u00f3\u00a0k\u00e9pz\u00e9s a Semmelweis Egyetem bassagyarmati sz\u00e9khely\u00e9n, az EFOP-3.4.3-16-2016-00007 sz. p\u00e1ly\u00e1zat keret\u00e9ben szervezt\u00fck, \u00edgy\u00a0a\u00a0r\u00e9szvev\u0151 hallgat\u00f3k sz\u00e1m\u00e1ra a k\u00e9pz\u00e9s ingyenes\u00a0volt. A 2020\/2021-es tan\u00e9vt\u0151l \u00f6nk\u00f6lts\u00e9ges form\u00e1ban ind\u00edtjuk k\u00e9pz\u00e9s\u00fcnket. A\u00a0medi\u00e1tor\u00a0olyan szakember, aki vit\u00e1s helyzetben p\u00e1rtatlanul k\u00f6zvet\u00edt a &hellip;<\/p>\n","protected":false},"author":101614,"featured_media":0,"parent":1407,"menu_order":1,"comment_status":"closed","ping_status":"closed","template":"","meta":{"_acf_changed":false,"footnotes":""},"categories":[],"tags":[],"class_list":["post-13","page","type-page","status-publish","hentry"],"acf":[],"_links":{"self":[{"href":"https:\/\/semmelweis.hu\/mental\/wp-json\/wp\/v2\/pages\/13","targetHints":{"allow":["GET"]}}],"collection":[{"href":"https:\/\/semmelweis.hu\/mental\/wp-json\/wp\/v2\/pages"}],"about":[{"href":"https:\/\/semmelweis.hu\/mental\/wp-json\/wp\/v2\/types\/page"}],"author":[{"embeddable":true,"href":"https:\/\/semmelweis.hu\/mental\/wp-json\/wp\/v2\/users\/101614"}],"replies":[{"embeddable":true,"href":"https:\/\/semmelweis.hu\/mental\/wp-json\/wp\/v2\/comments?post=13"}],"version-history":[{"count":12,"href":"https:\/\/semmelweis.hu\/mental\/wp-json\/wp\/v2\/pages\/13\/revisions"}],"predecessor-version":[{"id":9063,"href":"https:\/\/semmelweis.hu\/mental\/wp-json\/wp\/v2\/pages\/13\/revisions\/9063"}],"up":[{"embeddable":true,"href":"https:\/\/semmelweis.hu\/mental\/wp-json\/wp\/v2\/pages\/1407"}],"wp:attachment":[{"href":"https:\/\/semmelweis.hu\/mental\/wp-json\/wp\/v2\/media?parent=13"}],"wp:term":[{"taxonomy":"category","embeddable":true,"href":"https:\/\/semmelweis.hu\/mental\/wp-json\/wp\/v2\/categories?post=13"},{"taxonomy":"post_tag","embeddable":true,"href":"https:\/\/semmelweis.hu\/mental\/wp-json\/wp\/v2\/tags?post=13"}],"curies":[{"name":"wp","href":"https:\/\/api.w.org\/{rel}","templated":true}]}}

Képzés bemutatása

<p>&nbsp;</p>
<table class="mceItemTable" style="height: 1192px;width: 97.472%" border="0">
<tbody>
<tr>
<td style="width: 100%">
<p style="text-align: justify"><a href="https://semmelweis.hu/mental/files/2018/06/logo-246x171.png"><img loading="lazy" decoding="async" class="alignright" src="https://semmelweis.hu/mental/files/2018/06/logo-246x171.png" alt="" width="246" height="171" border="0" /></a>A <a href="https://semmelweis.hu/mental/szakiranyu-kepzesek/kozossegi-es-csaladi-mediacio/" target="_blank" rel="noopener"><strong><em>Közösségi és családi mediáció</em> szakirányú továbbképzés</strong></a> célja olyan szakemberek képzése, akik munkájuk során családi és/vagy közösségi konfliktusokban érintetteknek segítenek vitájuk hosszú távú rendezésében.</p>
<p style="text-align: justify">A 2018/2019-es tanévben induló képzés a Semmelweis Egyetem bassagyarmati székhelyén, az EFOP-3.4.3-16-2016-00007 sz. pályázat keretében szerveztük, így a <em>részvevő hallgatók számára a képzés ingyenes </em>volt.</p>
<p style="text-align: justify">A 2020/2021-es tanévtől önköltséges formában indítjuk képzésünket.</p>
<hr />
<p style="text-align: justify">A <strong><em>mediátor</em> </strong>olyan szakember, aki vitás helyzetben pártatlanul közvetít a felek között: tereli az egyeztetés folyamatát és a megfogalmazott érdekek és szükségletek figyelembevételével segít az érintetteknek egy olyan megállapodást megkötni a jövőre nézve, amely valamennyi fél számára elégedettséget és megnyugvást tud eredményezni.</p>
<p style="text-align: justify">A képzés mind tartalmában, mind formájában innovatívnak tekinthető azáltal, hogy vegyíti a hagyományos elméleti oktatást a modern, kiscsoportos, interaktív és tapasztalati elemekre épülő tréningmódszerekkel. A képzés oktatói tudományos tevékenységük mellett terepen dolgozó, gyakorló mediátorok és trénerek, így kellő szakértelemmel tudják közvetíteni a gyakorlati ismereteket és tapasztalatokat.</p>
<p style="text-align: justify">A képzés kiemelt hangsúlyt fektet arra, hogy elvégzését követően a hallgatók saját környezetükben jó eséllyel ki tudják alakítani mediátori praxisukat, alkalmasakká váljanak a „valós élet” adta helyzetek megoldására. Mindvégig elsődleges szempont a csoportmunka és együttműködés-fejlesztés, valamint a hallgatók önismeretének mélyítése. Mindezen elemek együttes várt hatása, hogy a képzést elvégző hallgatók a hozzájuk kerülő esetekben megfelelő önismerettel, a szakmai elveket és határokat pontosan felismerő módon járnak el, és mindebben a tanultakat etikusan, innovatívan és kreatív módon alkalmazzák.</p>
<p style="text-align: justify">A képzés sikeres elvégzése lehetőséget adhat a hallgatóknak kimondottan olyan munkakörben elhelyezkedni (állami, önkormányzati vagy civil szervezeteknél), ahol a gyakorlatban is specializálódhatnak a konfliktuskezelői tevékenységekre. Ezáltal nemcsak a hallgatókat juttatjuk speciális tudáshoz. A képzés eredményeképpen mind a nagyobb települések számára, mind a kisebb, vagy hátrányosabb helyzetű térségek számára is megnő annak a lehetősége, hogy helyben elérhető, speciálisan felkészített mediátorokat bízzanak meg a helyben tapasztalt konfliktusok feloldása érdekében. </p>
<hr />
<p style="text-align: justify"><strong>A képzés helyszíne</strong>: Nagyvárad téri Elméleti Tömb 1089 Budapest, Nagyvárad tér 4.</p>
<p style="text-align: justify"><strong>A képzés időtartama:</strong> 3 félév</p>
<p style="text-align: justify"><strong>A képzés díja</strong>:<span style="color: #000000"> 255 000 Ft/félév</span></p>
<p style="text-align: justify">A Közösségi és család mediáció szakirányú továbbképzés képzési és kimeneti követelményei itt: <a href="https://semmelweis.hu/mental/files/2020/03/Képzési-és-kimeneti-követelmények.pdf" target="_blank" rel="noopener">Képzési és kimeneti követelmények</a></p>
<p><strong>További információk a közösségi és családi mediáció szakirányú továbbképzési szakról:</strong></p>
<ul class="children" style="list-style-type: square">
<li class="page_item page-item-89">
<h6><strong><a href="https://semmelweis.hu/mental/szakiranyu-kepzesek/kozossegi-es-csaladi-mediacio/tanulmanyi-program-mediacio/" target="_blank" rel="noopener">Tanulmányi program</a></strong></h6>
</li>
<li class="page_item page-item-90">
<h6><strong><a href="https://semmelweis.hu/mental/szakiranyu-kepzesek/kozossegi-es-csaladi-mediacio/kontaktszemelyek/" target="_blank" rel="noopener">Kontaktszemélyek</a></strong></h6>
</li>
<li class="page_item page-item-91">
<h6><strong><a href="https://semmelweis.hu/mental/szakiranyu-kepzesek/kozossegi-es-csaladi-mediacio/felvetel-a-kepzesre-mediacio/" target="_blank" rel="noopener">Felvétel a képzésre</a></strong></h6>
</li>
<li class="page_item page-item-3724">
<h6><strong><a href="https://semmelweis.hu/mental/szakiranyu-kepzesek/kozossegi-es-csaladi-mediacio/aktualis-tajekoztatok-hallgatoknak/" target="_blank" rel="noopener">AKTUÁLIS TÁJÉKOZTATÓK, ÓRAREND HALLGATÓKNAK</a></strong></h6>
</li>
</ul>
</td>
</tr>
</tbody>
</table>

<p>&nbsp; <a href="https://semmelweis.hu/mental/files/2018/06/logo-246x171.png"></a> A  <a href="https://semmelweis.hu/mental/szakiranyu-kepzesek/kozossegi-es-csaladi-mediacio/" target="_blank" rel="noopener">Közösségi és családi mediáció szakirányú továbbképzés</a> célja olyan szakemberek képzése, akik munkájuk során családi és/vagy közösségi konfliktusokban érintetteknek segítenek vitájuk hosszú távú rendezésében. A 2018/2019-es tanévben induló képzés a Semmelweis Egyetem bassagyarmati székhelyén, az EFOP-3.4.3-16-2016-00007 sz. pályázat keretében szerveztük, így a részvevő hallgatók számára a képzés ingyenes volt. A 2020/2021-es tanévtől önköltséges formában indítjuk képzésünket. A mediátor olyan szakember, aki vitás helyzetben pártatlanul közvetít a &hellip;</p>
