{"id":117,"date":"2018-06-08T00:00:00","date_gmt":"2018-06-07T22:00:00","guid":{"rendered":"http:\/\/semmelweis.hu\/mental\/tortenetunk\/"},"modified":"2025-07-15T11:03:39","modified_gmt":"2025-07-15T09:03:39","slug":"tortenetunk-2","status":"publish","type":"page","link":"https:\/\/semmelweis.hu\/mental\/az-intezet\/tortenetunk-2\/","title":{"rendered":"T\u00f6rt\u00e9net\u00fcnk"},"content":{"rendered":"<p style=\"text-align: justify\"><strong>A Ment\u00e1lhigi\u00e9n\u00e9 Int\u00e9zet t\u00f6rt\u00e9nete<\/strong><\/p>\n<p style=\"text-align: justify\">A Ment\u00e1lhigi\u00e9n\u00e9 Int\u00e9zet l\u00e9trej\u00f6tt\u00e9t a ment\u00e1lhigi\u00e9n\u00e9 hazai fejl\u0151d\u00e9si folyamat\u00e1nak k\u00f6sz\u00f6nheti. A ment\u00e1lhigi\u00e9n\u00e9 korszer\u0171 \u00e9rtelmez\u00e9se, amely szerint az eg\u00e9szs\u00e9g nem csup\u00e1n a betegs\u00e9g hi\u00e1nya, sz\u00fcks\u00e9gess\u00e9 tette a lelki eg\u00e9szs\u00e9g fenntart\u00e1s\u00e1t \u00e9s fejleszt\u00e9s\u00e9t szolg\u00e1l\u00f3 int\u00e9zm\u00e9nyek \u00e9s k\u00e9pz\u00e9sek l\u00e9trehoz\u00e1s\u00e1t.<\/p>\n<p style=\"text-align: justify\">A ment\u00e1lhigi\u00e9n\u00e9s k\u00e9pz\u00e9sek els\u0151 el\u0151fut\u00e1r\u00e1nak azokat az ismeretterjeszt\u0151 programokat tekinthetj\u00fck, amelyeket a <em>Magyar Pszichi\u00e1triai T\u00e1rsas\u00e1g Pszichohigi\u00e9n\u00e9s Munkacsoportja<\/em> ind\u00edtott el 1982-ben \u201eLelki jelens\u00e9gek \u00e9s zavarok\u201d c\u00edmmel, hum\u00e1n seg\u00edt\u0151 foglalkoz\u00e1s\u00fa szakemberek sz\u00e1m\u00e1ra.<\/p>\n<p style=\"text-align: justify\"><em>Dr. Tomcs\u00e1nyi Teod\u00f3ra, az Int\u00e9zet alap\u00edt\u00f3ja<\/em> 1986-ban dolgozta ki az els\u0151 ment\u00e1lhigi\u00e9n\u00e9s k\u00e9pz\u00e9si koncepci\u00f3t, 1987-t\u0151l els\u0151k\u00e9nt a <em>M\u0171vel\u0151d\u00e9s\u00fcgyi Miniszt\u00e9rium Vezet\u0151k\u00e9pz\u0151 Int\u00e9zete<\/em>, majd a <em>Nemzeti Eg\u00e9szs\u00e9gv\u00e9delmi Int\u00e9zet<\/em> adott helyet a k\u00e9pz\u00e9snek. Az els\u0151 posztgradu\u00e1lis ment\u00e1lhigi\u00e9n\u00e9s k\u00e9pz\u00e9s egyetemi h\u00e1tter\u00e9t \u00e9s diplom\u00e1j\u00e1t a <em>Magyar Testnevel\u00e9si Egyetem<\/em> adta (1990).<\/p>\n<p style=\"text-align: justify\">A k\u00e9pz\u00e9s \u00e9s st\u00e1bja 1995-ben ker\u00fclt szervezetileg a Magyar Testnevel\u00e9si Egyetemhez. Kezdetben az <em>Eg\u00e9szs\u00e9gtudom\u00e1nyi \u00e9s Sportorvosi Tansz\u00e9k<\/em> szakcsoportjak\u00e9nt m\u0171k\u00f6d\u00f6tt, majd 1998-ban \u00f6n\u00e1ll\u00f3 tansz\u00e9kk\u00e9 alakult \u00e1t. Ezzel megkezdhette m\u0171k\u00f6d\u00e9s\u00e9t az orsz\u00e1g els\u0151 \u00f6n\u00e1ll\u00f3, egyetemi <em>Ment\u00e1lhigi\u00e9n\u00e9 Tansz\u00e9ke<\/em>.<\/p>\n<p style=\"text-align: justify\">2000-t\u0151l az egyetemi integr\u00e1ci\u00f3 keret\u00e9ben a Ment\u00e1lhigi\u00e9n\u00e9 Tansz\u00e9k a <em>Semmelweis Egyetem<\/em> egys\u00e9ge lett. A Tansz\u00e9k 2004. j\u00falius 1-t\u0151l az oktat\u00e1si \u00e9s informatikai rektorhelyettes fel\u00fcgyelete alatt, a Semmelweis Egyetem k\u00f6zponti szolg\u00e1ltat\u00f3 szervezeti egys\u00e9gek\u00e9nt v\u00e9gezte munk\u00e1j\u00e1t, majd ezen keretek k\u00f6z\u00f6tt 2004 \u0151sz\u00e9n alakult Ment\u00e1lhigi\u00e9n\u00e9 Int\u00e9zett\u00e9.<\/p>\n<p style=\"text-align: justify\"><strong>2010-ben a Ment\u00e1lhigi\u00e9n\u00e9 Int\u00e9zet az egyik alap\u00edt\u00f3 int\u00e9zete lett a Semmelweis Egyetem \u00faj kar\u00e1nak, az <a href=\"https:\/\/semmelweis.hu\/ekk\/\" target=\"_blank\" rel=\"noopener\">Eg\u00e9szs\u00e9g\u00fcgyi K\u00f6zszolg\u00e1lati Karnak<\/a>.<\/strong><\/p>\n<p style=\"text-align: justify\">1992-t\u0151l kezdve sz\u00e9khelyen k\u00edv\u00fcli k\u00e9pz\u00e9sek indultak Szegeden, Szombathelyen, Budapesten, majd 1996-ban Marosv\u00e1s\u00e1rhelyen. Ezen k\u00e9pz\u00e9sek a Ment\u00e1lhigi\u00e9n\u00e9 Tansz\u00e9k keret\u00e9ben foly\u00f3 k\u00e9pz\u00e9ssel azonos szellemis\u00e9gben szervez\u0151dtek, \u00e1m konkr\u00e9t megval\u00f3s\u00edt\u00e1sukat k\u00fcl\u00f6nb\u00f6z\u0151 szakmai specifikumok tett\u00e9k v\u00e1ltozatoss\u00e1. A sz\u00e9khelyen k\u00edv\u00fcli k\u00e9pz\u00e9sek napjainkra \u00f6n\u00e1ll\u00f3 int\u00e9zm\u00e9nyekk\u00e9 v\u00e1ltak, ezzel is gazdag\u00edtva a ment\u00e1lhigi\u00e9n\u00e9s k\u00e9pz\u00e9sek \u00e9rt\u00e9kteremt\u0151 soksz\u00edn\u0171s\u00e9g\u00e9t.<\/p>\n<p style=\"text-align: justify\">A Ment\u00e1lhigi\u00e9n\u00e9 Int\u00e9zet k\u00e9pz\u00e9seinek szakmai sz\u00ednvonal\u00e1t a kezdetekt\u0151l biztos\u00edtotta a multidiszciplin\u00e1ris megk\u00f6zel\u00edt\u00e9s \u00e9s a folyamatos, k\u00fclf\u00f6ldi szak\u00e9rt\u0151k bevon\u00e1s\u00e1val v\u00e9gzett curriculumfejleszt\u00e9s.<\/p>\n<p style=\"text-align: justify\">Int\u00e9zet\u00fcnk egyik alapelve, a kiemelked\u0151en tehets\u00e9ges v\u00e9gzett hallgat\u00f3k k\u00fcls\u0151s egyetemi oktat\u00f3v\u00e1 k\u00e9pz\u00e9se nem csup\u00e1n programjaink szakmai gazdag\u00edt\u00e1s\u00e1t \u00e9s az oktat\u00f3i kompetenci\u00e1k fejleszt\u00e9s\u00e9t szolg\u00e1lja, hanem az Int\u00e9zet szellemis\u00e9g\u00e9nek tov\u00e1bbvitel\u00e9t, a k\u00fcl\u00f6nb\u00f6z\u0151 szakter\u00fcletek k\u00e9pviselet\u00e9nek n\u00f6vel\u00e9s\u00e9t is lehet\u0151v\u00e9 teszi a hazai ment\u00e1lhigi\u00e9n\u00e9 vil\u00e1g\u00e1ban.<\/p>\n","protected":false},"excerpt":{"rendered":"<p>A Ment\u00e1lhigi\u00e9n\u00e9 Int\u00e9zet t\u00f6rt\u00e9nete A Ment\u00e1lhigi\u00e9n\u00e9 Int\u00e9zet l\u00e9trej\u00f6tt\u00e9t a ment\u00e1lhigi\u00e9n\u00e9 hazai fejl\u0151d\u00e9si folyamat\u00e1nak k\u00f6sz\u00f6nheti. A ment\u00e1lhigi\u00e9n\u00e9 korszer\u0171 \u00e9rtelmez\u00e9se, amely szerint az eg\u00e9szs\u00e9g nem csup\u00e1n a betegs\u00e9g hi\u00e1nya, sz\u00fcks\u00e9gess\u00e9 tette a lelki eg\u00e9szs\u00e9g fenntart\u00e1s\u00e1t \u00e9s fejleszt\u00e9s\u00e9t szolg\u00e1l\u00f3 int\u00e9zm\u00e9nyek \u00e9s k\u00e9pz\u00e9sek l\u00e9trehoz\u00e1s\u00e1t. A ment\u00e1lhigi\u00e9n\u00e9s k\u00e9pz\u00e9sek els\u0151 el\u0151fut\u00e1r\u00e1nak azokat az ismeretterjeszt\u0151 programokat tekinthetj\u00fck, amelyeket a Magyar Pszichi\u00e1triai T\u00e1rsas\u00e1g &hellip;<\/p>\n","protected":false},"author":101790,"featured_media":0,"parent":372,"menu_order":3,"comment_status":"closed","ping_status":"closed","template":"","meta":{"_acf_changed":false,"footnotes":""},"categories":[],"tags":[],"class_list":["post-117","page","type-page","status-publish","hentry"],"acf":[],"_links":{"self":[{"href":"https:\/\/semmelweis.hu\/mental\/wp-json\/wp\/v2\/pages\/117","targetHints":{"allow":["GET"]}}],"collection":[{"href":"https:\/\/semmelweis.hu\/mental\/wp-json\/wp\/v2\/pages"}],"about":[{"href":"https:\/\/semmelweis.hu\/mental\/wp-json\/wp\/v2\/types\/page"}],"author":[{"embeddable":true,"href":"https:\/\/semmelweis.hu\/mental\/wp-json\/wp\/v2\/users\/101790"}],"replies":[{"embeddable":true,"href":"https:\/\/semmelweis.hu\/mental\/wp-json\/wp\/v2\/comments?post=117"}],"version-history":[{"count":11,"href":"https:\/\/semmelweis.hu\/mental\/wp-json\/wp\/v2\/pages\/117\/revisions"}],"predecessor-version":[{"id":7986,"href":"https:\/\/semmelweis.hu\/mental\/wp-json\/wp\/v2\/pages\/117\/revisions\/7986"}],"up":[{"embeddable":true,"href":"https:\/\/semmelweis.hu\/mental\/wp-json\/wp\/v2\/pages\/372"}],"wp:attachment":[{"href":"https:\/\/semmelweis.hu\/mental\/wp-json\/wp\/v2\/media?parent=117"}],"wp:term":[{"taxonomy":"category","embeddable":true,"href":"https:\/\/semmelweis.hu\/mental\/wp-json\/wp\/v2\/categories?post=117"},{"taxonomy":"post_tag","embeddable":true,"href":"https:\/\/semmelweis.hu\/mental\/wp-json\/wp\/v2\/tags?post=117"}],"curies":[{"name":"wp","href":"https:\/\/api.w.org\/{rel}","templated":true}]}}