{"id":116,"date":"2018-06-08T00:00:00","date_gmt":"2018-06-07T22:00:00","guid":{"rendered":"http:\/\/semmelweis.hu\/mental\/kuldetesunk\/"},"modified":"2021-06-30T12:59:23","modified_gmt":"2021-06-30T10:59:23","slug":"kuldetesunk","status":"publish","type":"page","link":"https:\/\/semmelweis.hu\/mental\/en\/kuldetesunk\/","title":{"rendered":"K\u00fcldet\u00e9s\u00fcnk"},"content":{"rendered":"<p><strong>Int\u00e9zet\u00fcnk k\u00fcldet\u00e9s\u00e9t szimboliz\u00e1lja Delphoi l\u00e1tk\u00e9pe,\u00a0ahol egy\u00fctt l\u00e1that\u00f3 a szent\u00e9ly, a sz\u00ednh\u00e1z \u00e9s a stadion.<\/strong><\/p>\n<p><a href=\"https:\/\/semmelweis.hu\/mental\/files\/2019\/03\/delfi_kep.jpg\"><img loading=\"lazy\" decoding=\"async\" class=\"aligncenter wp-image-3079\" src=\"https:\/\/semmelweis.hu\/mental\/files\/2019\/03\/delfi_kep.jpg\" alt=\"\" width=\"480\" height=\"341\" srcset=\"https:\/\/semmelweis.hu\/mental\/files\/2019\/03\/delfi_kep.jpg 480w, https:\/\/semmelweis.hu\/mental\/files\/2019\/03\/delfi_kep-300x213.jpg 300w\" sizes=\"auto, (max-width: 480px) 100vw, 480px\" \/><\/a><\/p>\n<p>E h\u00e1rmas egys\u00e9g a spiritu\u00e1lis, a szellemi \u00e9s a testkult\u00fara egys\u00e9g\u00e9t fejezi ki a t\u00e1rsadalom lelki eg\u00e9szs\u00e9g\u00e9nek meg\u0151rz\u00e9s\u00e9ben.<\/p>\n<p>Int\u00e9zet\u00fcnk ez\u00e9rt k\u00e9pz\u00e9sei mellett feladatk\u00f6r\u00e9be sorolja a ment\u00e1lhigi\u00e9n\u00e9s \u00e9s a lelkigondoz\u00f3i kult\u00fara terjeszt\u00e9s\u00e9t is.<\/p>\n<p>Ennek stiliz\u00e1lt form\u00e1ja a ment\u00e1lhigi\u00e9n\u00e9s log\u00f3:<\/p>\n<p style=\"text-align: center\"><img loading=\"lazy\" decoding=\"async\" class=\"alignnone\" src=\"https:\/\/semmelweis.hu\/mental\/files\/2018\/06\/logo-mental2.png\" alt=\"\" width=\"150\" height=\"150\" \/><\/p>\n","protected":false},"excerpt":{"rendered":"<p>Int\u00e9zet\u00fcnk k\u00fcldet\u00e9s\u00e9t szimboliz\u00e1lja Delphoi l\u00e1tk\u00e9pe,\u00a0ahol egy\u00fctt l\u00e1that\u00f3 a szent\u00e9ly, a sz\u00ednh\u00e1z \u00e9s a stadion.<br \/>\n<a href=\"https:\/\/semmelweis.hu\/mental\/files\/2019\/03\/delfi_kep.jpg\"><\/a><br \/>\nE h\u00e1rmas egys\u00e9g a spiritu\u00e1lis, a szellemi \u00e9s a testkult\u00fara egys\u00e9g\u00e9t fejezi ki a t\u00e1rsadalom lelki eg\u00e9szs\u00e9g\u00e9nek meg\u0151rz\u00e9s\u00e9ben.<br \/>\nInt\u00e9zet\u00fcnk ez\u00e9rt k\u00e9pz\u00e9sei mellett feladatk\u00f6r\u00e9be sorolja a ment\u00e1lhigi\u00e9n\u00e9s \u00e9s a lelkigondoz\u00f3i kult\u00fara terjeszt\u00e9s\u00e9t is.<br \/>\nEnnek stiliz\u00e1lt form\u00e1ja a ment\u00e1lhigi\u00e9n\u00e9s log\u00f3:<\/p>\n","protected":false},"author":101790,"featured_media":0,"parent":0,"menu_order":1,"comment_status":"closed","ping_status":"closed","template":"","meta":{"_acf_changed":false,"footnotes":""},"categories":[],"tags":[],"class_list":["post-116","page","type-page","status-publish","hentry"],"acf":[],"_links":{"self":[{"href":"https:\/\/semmelweis.hu\/mental\/wp-json\/wp\/v2\/pages\/116","targetHints":{"allow":["GET"]}}],"collection":[{"href":"https:\/\/semmelweis.hu\/mental\/wp-json\/wp\/v2\/pages"}],"about":[{"href":"https:\/\/semmelweis.hu\/mental\/wp-json\/wp\/v2\/types\/page"}],"author":[{"embeddable":true,"href":"https:\/\/semmelweis.hu\/mental\/wp-json\/wp\/v2\/users\/101790"}],"replies":[{"embeddable":true,"href":"https:\/\/semmelweis.hu\/mental\/wp-json\/wp\/v2\/comments?post=116"}],"version-history":[{"count":10,"href":"https:\/\/semmelweis.hu\/mental\/wp-json\/wp\/v2\/pages\/116\/revisions"}],"predecessor-version":[{"id":4691,"href":"https:\/\/semmelweis.hu\/mental\/wp-json\/wp\/v2\/pages\/116\/revisions\/4691"}],"wp:attachment":[{"href":"https:\/\/semmelweis.hu\/mental\/wp-json\/wp\/v2\/media?parent=116"}],"wp:term":[{"taxonomy":"category","embeddable":true,"href":"https:\/\/semmelweis.hu\/mental\/wp-json\/wp\/v2\/categories?post=116"},{"taxonomy":"post_tag","embeddable":true,"href":"https:\/\/semmelweis.hu\/mental\/wp-json\/wp\/v2\/tags?post=116"}],"curies":[{"name":"wp","href":"https:\/\/api.w.org\/{rel}","templated":true}]}}

Küldetésünk

<p><strong>Intézetünk küldetését szimbolizálja Delphoi látképe, ahol együtt látható a szentély, a színház és a stadion.</strong></p>
<p><a href="https://semmelweis.hu/mental/files/2019/03/delfi_kep.jpg"><img loading="lazy" decoding="async" class="aligncenter wp-image-3079" src="https://semmelweis.hu/mental/files/2019/03/delfi_kep.jpg" alt="" width="480" height="341" srcset="https://semmelweis.hu/mental/files/2019/03/delfi_kep.jpg 480w, https://semmelweis.hu/mental/files/2019/03/delfi_kep-300x213.jpg 300w" sizes="auto, (max-width: 480px) 100vw, 480px" /></a></p>
<p>E hármas egység a spirituális, a szellemi és a testkultúra egységét fejezi ki a társadalom lelki egészségének megőrzésében.</p>
<p>Intézetünk ezért képzései mellett feladatkörébe sorolja a mentálhigiénés és a lelkigondozói kultúra terjesztését is.</p>
<p>Ennek stilizált formája a mentálhigiénés logó:</p>
<p style="text-align: center"><img loading="lazy" decoding="async" class="alignnone" src="https://semmelweis.hu/mental/files/2018/06/logo-mental2.png" alt="" width="150" height="150" /></p>

<p>Intézetünk küldetését szimbolizálja Delphoi látképe, ahol együtt látható a szentély, a színház és a stadion.<br />
<a href="https://semmelweis.hu/mental/files/2019/03/delfi_kep.jpg"></a><br />
E hármas egység a spirituális, a szellemi és a testkultúra egységét fejezi ki a társadalom lelki egészségének megőrzésében.<br />
Intézetünk ezért képzései mellett feladatkörébe sorolja a mentálhigiénés és a lelkigondozói kultúra terjesztését is.<br />
Ennek stilizált formája a mentálhigiénés logó:</p>
