{"id":114,"date":"2018-06-08T00:00:00","date_gmt":"2018-06-07T22:00:00","guid":{"rendered":"http:\/\/semmelweis.hu\/mental\/zarovizsga\/"},"modified":"2023-04-13T09:32:09","modified_gmt":"2023-04-13T07:32:09","slug":"zarovizsga","status":"publish","type":"page","link":"https:\/\/semmelweis.hu\/mental\/tanulmanyi-ugyek\/szakdolgozat\/zarovizsga\/","title":{"rendered":"Z\u00e1r\u00f3vizsga"},"content":{"rendered":"<p style=\"text-align: justify\"><strong>Z\u00e1r\u00f3vizsga<\/strong> bizotts\u00e1g szerinti beoszt\u00e1s\u00e1t a szakcsoport int\u00e9zi, a Neptun rendszerben a tanulm\u00e1nyi \u00fcgyint\u00e9z\u0151k jelentkeztetik a hallgat\u00f3kat. Ennek felt\u00e9telei: &#8211; mintatanterv k\u00f6vetelm\u00e9nyeinek teljes\u00edt\u00e9se, &#8211; hat\u00e1rid\u0151re leadott szakdolgozat, &#8211; legal\u00e1bb el\u00e9gs\u00e9ges opponensi min\u0151s\u00edt\u00e9s, &#8211; teljes\u00edtett p\u00e9nz\u00fcgyi k\u00f6telezetts\u00e9gek (nincs &#8222;akt\u00edv&#8221; p\u00e9nz\u00fcgyi t\u00e9tel).<\/p>\n<p style=\"text-align: justify\"><strong>Z\u00e1r\u00f3vizsga hat\u00e1rideje:<\/strong><\/p>\n<p style=\"text-align: justify\">A nemzeti fels\u0151oktat\u00e1sr\u00f3l sz\u00f3l\u00f3 2011. \u00e9vi CCIV. t\u00f6rv\u00e9ny (tov\u00e1bbiakban: Nftv.) 59. \u00a7 (1) bekezd\u00e9s d) pontja alapj\u00e1n: <em>\u201eMegsz\u0171nik a hallgat\u00f3 jogviszonya, az adott k\u00e9pz\u00e9si ciklust, illetve a szakir\u00e1ny\u00fa tov\u00e1bbk\u00e9pz\u00e9s, fels\u0151oktat\u00e1si szakk\u00e9pz\u00e9s eset\u00e9n az utols\u00f3 k\u00e9pz\u00e9si id\u0151szakot k\u00f6vet\u0151 els\u0151 z\u00e1r\u00f3vizsga-id\u0151szak utols\u00f3 napj\u00e1n.&#8221;<\/em><\/p>\n<p style=\"text-align: justify\">Nftv. 50. \u00a7 (3) bekezd\u00e9se alapj\u00e1n <strong>a hallgat\u00f3i jogviszony megsz\u0171n\u00e9s\u00e9t k\u00f6vet\u0151 \u00f6t\u00f6dik \u00e9v eltelte ut\u00e1n z\u00e1r\u00f3vizsga nem tehet\u0151.<\/strong><\/p>\n<p style=\"text-align: justify\"><em>&#8222;A hallgat\u00f3 a v\u00e9gbizony\u00edtv\u00e1ny megszerz\u00e9s\u00e9t k\u00f6vet\u0151en bocs\u00e1that\u00f3 z\u00e1r\u00f3vizsg\u00e1ra. A z\u00e1r\u00f3vizsga a v\u00e9gbizony\u00edtv\u00e1ny megszerz\u00e9s\u00e9t k\u00f6vet\u0151 vizsgaid\u0151szakban a hallgat\u00f3i jogviszony keret\u00e9ben, majd a hallgat\u00f3i jogviszony megsz\u0171n\u00e9se ut\u00e1n, k\u00e9t \u00e9ven bel\u00fcl, b\u00e1rmelyik vizsgaid\u0151szakban, az \u00e9rv\u00e9nyes k\u00e9pz\u00e9si k\u00f6vetelm\u00e9nyek szerint letehet\u0151. A tanulm\u00e1nyi \u00e9s vizsgaszab\u00e1lyzat a z\u00e1r\u00f3vizsga let\u00e9tel\u00e9t a v\u00e9gbizony\u00edtv\u00e1ny ki\u00e1ll\u00edt\u00e1s\u00e1t\u00f3l sz\u00e1m\u00edtott m\u00e1sodik \u00e9v eltelte ut\u00e1n felt\u00e9telhez k\u00f6theti. <strong>A hallgat\u00f3i jogviszony megsz\u0171n\u00e9s\u00e9t k\u00f6vet\u0151 \u00f6t\u00f6dik \u00e9v eltelte ut\u00e1n z\u00e1r\u00f3vizsga nem tehet\u0151.&#8221;<\/strong><\/em><\/p>\n","protected":false},"excerpt":{"rendered":"<p>Z\u00e1r\u00f3vizsga bizotts\u00e1g szerinti beoszt\u00e1s\u00e1t a szakcsoport int\u00e9zi, a Neptun rendszerben a tanulm\u00e1nyi \u00fcgyint\u00e9z\u0151k jelentkeztetik a hallgat\u00f3kat. Ennek felt\u00e9telei: &#8211; mintatanterv k\u00f6vetelm\u00e9nyeinek teljes\u00edt\u00e9se, &#8211; hat\u00e1rid\u0151re leadott szakdolgozat, &#8211; legal\u00e1bb el\u00e9gs\u00e9ges opponensi min\u0151s\u00edt\u00e9s, &#8211; teljes\u00edtett p\u00e9nz\u00fcgyi k\u00f6telezetts\u00e9gek (nincs &#8222;akt\u00edv&#8221; p\u00e9nz\u00fcgyi t\u00e9tel). Z\u00e1r\u00f3vizsga hat\u00e1rideje: A nemzeti fels\u0151oktat\u00e1sr\u00f3l sz\u00f3l\u00f3 2011. \u00e9vi CCIV. t\u00f6rv\u00e9ny (tov\u00e1bbiakban: Nftv.) 59. \u00a7 (1) bekezd\u00e9s &hellip;<\/p>\n","protected":false},"author":101790,"featured_media":0,"parent":113,"menu_order":1,"comment_status":"closed","ping_status":"closed","template":"","meta":{"_acf_changed":false,"footnotes":""},"categories":[],"tags":[],"class_list":["post-114","page","type-page","status-publish","hentry"],"acf":[],"_links":{"self":[{"href":"https:\/\/semmelweis.hu\/mental\/wp-json\/wp\/v2\/pages\/114","targetHints":{"allow":["GET"]}}],"collection":[{"href":"https:\/\/semmelweis.hu\/mental\/wp-json\/wp\/v2\/pages"}],"about":[{"href":"https:\/\/semmelweis.hu\/mental\/wp-json\/wp\/v2\/types\/page"}],"author":[{"embeddable":true,"href":"https:\/\/semmelweis.hu\/mental\/wp-json\/wp\/v2\/users\/101790"}],"replies":[{"embeddable":true,"href":"https:\/\/semmelweis.hu\/mental\/wp-json\/wp\/v2\/comments?post=114"}],"version-history":[{"count":10,"href":"https:\/\/semmelweis.hu\/mental\/wp-json\/wp\/v2\/pages\/114\/revisions"}],"predecessor-version":[{"id":6386,"href":"https:\/\/semmelweis.hu\/mental\/wp-json\/wp\/v2\/pages\/114\/revisions\/6386"}],"up":[{"embeddable":true,"href":"https:\/\/semmelweis.hu\/mental\/wp-json\/wp\/v2\/pages\/113"}],"wp:attachment":[{"href":"https:\/\/semmelweis.hu\/mental\/wp-json\/wp\/v2\/media?parent=114"}],"wp:term":[{"taxonomy":"category","embeddable":true,"href":"https:\/\/semmelweis.hu\/mental\/wp-json\/wp\/v2\/categories?post=114"},{"taxonomy":"post_tag","embeddable":true,"href":"https:\/\/semmelweis.hu\/mental\/wp-json\/wp\/v2\/tags?post=114"}],"curies":[{"name":"wp","href":"https:\/\/api.w.org\/{rel}","templated":true}]}}

Záróvizsga

<p style="text-align: justify"><strong>Záróvizsga</strong> bizottság szerinti beosztását a szakcsoport intézi, a Neptun rendszerben a tanulmányi ügyintézők jelentkeztetik a hallgatókat. Ennek feltételei: &#8211; mintatanterv követelményeinek teljesítése, &#8211; határidőre leadott szakdolgozat, &#8211; legalább elégséges opponensi minősítés, &#8211; teljesített pénzügyi kötelezettségek (nincs &#8222;aktív&#8221; pénzügyi tétel).</p>
<p style="text-align: justify"><strong>Záróvizsga határideje:</strong></p>
<p style="text-align: justify">A nemzeti felsőoktatásról szóló 2011. évi CCIV. törvény (továbbiakban: Nftv.) 59. § (1) bekezdés d) pontja alapján: <em>„Megszűnik a hallgató jogviszonya, az adott képzési ciklust, illetve a szakirányú továbbképzés, felsőoktatási szakképzés esetén az utolsó képzési időszakot követő első záróvizsga-időszak utolsó napján.&#8221;</em></p>
<p style="text-align: justify">Nftv. 50. § (3) bekezdése alapján <strong>a hallgatói jogviszony megszűnését követő ötödik év eltelte után záróvizsga nem tehető.</strong></p>
<p style="text-align: justify"><em>&#8222;A hallgató a végbizonyítvány megszerzését követően bocsátható záróvizsgára. A záróvizsga a végbizonyítvány megszerzését követő vizsgaidőszakban a hallgatói jogviszony keretében, majd a hallgatói jogviszony megszűnése után, két éven belül, bármelyik vizsgaidőszakban, az érvényes képzési követelmények szerint letehető. A tanulmányi és vizsgaszabályzat a záróvizsga letételét a végbizonyítvány kiállításától számított második év eltelte után feltételhez kötheti. <strong>A hallgatói jogviszony megszűnését követő ötödik év eltelte után záróvizsga nem tehető.&#8221;</strong></em></p>

<p>Záróvizsga bizottság szerinti beosztását a szakcsoport intézi, a Neptun rendszerben a tanulmányi ügyintézők jelentkeztetik a hallgatókat. Ennek feltételei: &#8211; mintatanterv követelményeinek teljesítése, &#8211; határidőre leadott szakdolgozat, &#8211; legalább elégséges opponensi minősítés, &#8211; teljesített pénzügyi kötelezettségek (nincs &#8222;aktív&#8221; pénzügyi tétel). Záróvizsga határideje: A nemzeti felsőoktatásról szóló 2011. évi CCIV. törvény (továbbiakban: Nftv.) 59. § (1) bekezdés &hellip;</p>
