{"id":112,"date":"2018-06-08T00:00:00","date_gmt":"2018-06-07T22:00:00","guid":{"rendered":"http:\/\/semmelweis.hu\/mental\/kepzesi-idopontok-es-orarendek\/"},"modified":"2024-10-17T19:22:02","modified_gmt":"2024-10-17T17:22:02","slug":"kepzesi-idopontok-es-orarendek","status":"publish","type":"page","link":"https:\/\/semmelweis.hu\/mental\/tanulmanyi-ugyek\/kepzesi-idopontok-es-orarendek\/","title":{"rendered":"K\u00e9pz\u00e9si id\u0151pontok \u00e9s \u00f3rarendek"},"content":{"rendered":"<p><strong><u>\u00d3rarendek<\/u><\/strong>: A k\u00e9pz\u00e9sek f\u00e9l\u00e9ves \u00f3rarendje a k\u00e9pz\u00e9s helysz\u00edn\u00e9vel a Neptun tanulm\u00e1nyi rendszerben, tov\u00e1bb\u00e1 a k\u00e9pz\u00e9s Moodle-fel\u00fclet\u00e9n megtekinthet\u0151.\u00a0<i>A Neptun rendszerben tal\u00e1lhat\u00f3 ki\u00edr\u00e1shoz k\u00e9pest esetleg el\u0151fordulhat v\u00e1ltoz\u00e1s, ez\u00e9rt k\u00e9rj\u00fck kedves hallgat\u00f3inkat, a k\u00e9pz\u00e9s el\u0151tt figyelj\u00e9k az err\u0151l sz\u00f3l\u00f3 t\u00e1j\u00e9koztat\u00e1st (emailen \u00e9s a Moodle-fel\u00fcleten).<\/i><\/p>\n<div class=\"exp-col-content-holder\">\u00a0<\/div>\n","protected":false},"excerpt":{"rendered":"<p>\u00d3rarendek: A k\u00e9pz\u00e9sek f\u00e9l\u00e9ves \u00f3rarendje a k\u00e9pz\u00e9s helysz\u00edn\u00e9vel a Neptun tanulm\u00e1nyi rendszerben, tov\u00e1bb\u00e1 a k\u00e9pz\u00e9s Moodle-fel\u00fclet\u00e9n megtekinthet\u0151.\u00a0A Neptun rendszerben tal\u00e1lhat\u00f3 ki\u00edr\u00e1shoz k\u00e9pest esetleg el\u0151fordulhat v\u00e1ltoz\u00e1s, ez\u00e9rt k\u00e9rj\u00fck kedves hallgat\u00f3inkat, a k\u00e9pz\u00e9s el\u0151tt figyelj\u00e9k az err\u0151l sz\u00f3l\u00f3 t\u00e1j\u00e9koztat\u00e1st (emailen \u00e9s a Moodle-fel\u00fcleten).<br \/>\n\u00a0<\/p>\n","protected":false},"author":101614,"featured_media":0,"parent":108,"menu_order":16,"comment_status":"closed","ping_status":"closed","template":"","meta":{"_acf_changed":false,"footnotes":""},"categories":[],"tags":[],"class_list":["post-112","page","type-page","status-publish","hentry"],"acf":[],"_links":{"self":[{"href":"https:\/\/semmelweis.hu\/mental\/wp-json\/wp\/v2\/pages\/112","targetHints":{"allow":["GET"]}}],"collection":[{"href":"https:\/\/semmelweis.hu\/mental\/wp-json\/wp\/v2\/pages"}],"about":[{"href":"https:\/\/semmelweis.hu\/mental\/wp-json\/wp\/v2\/types\/page"}],"author":[{"embeddable":true,"href":"https:\/\/semmelweis.hu\/mental\/wp-json\/wp\/v2\/users\/101614"}],"replies":[{"embeddable":true,"href":"https:\/\/semmelweis.hu\/mental\/wp-json\/wp\/v2\/comments?post=112"}],"version-history":[{"count":10,"href":"https:\/\/semmelweis.hu\/mental\/wp-json\/wp\/v2\/pages\/112\/revisions"}],"predecessor-version":[{"id":7579,"href":"https:\/\/semmelweis.hu\/mental\/wp-json\/wp\/v2\/pages\/112\/revisions\/7579"}],"up":[{"embeddable":true,"href":"https:\/\/semmelweis.hu\/mental\/wp-json\/wp\/v2\/pages\/108"}],"wp:attachment":[{"href":"https:\/\/semmelweis.hu\/mental\/wp-json\/wp\/v2\/media?parent=112"}],"wp:term":[{"taxonomy":"category","embeddable":true,"href":"https:\/\/semmelweis.hu\/mental\/wp-json\/wp\/v2\/categories?post=112"},{"taxonomy":"post_tag","embeddable":true,"href":"https:\/\/semmelweis.hu\/mental\/wp-json\/wp\/v2\/tags?post=112"}],"curies":[{"name":"wp","href":"https:\/\/api.w.org\/{rel}","templated":true}]}}