{"id":104,"date":"2018-06-08T00:00:00","date_gmt":"2018-06-07T22:00:00","guid":{"rendered":"http:\/\/semmelweis.hu\/mental\/allami-osztondijasoknak\/"},"modified":"2024-08-10T10:53:04","modified_gmt":"2024-08-10T08:53:04","slug":"allami-osztondijasoknak","status":"publish","type":"page","link":"https:\/\/semmelweis.hu\/mental\/tanulmanyi-ugyek\/allami-osztondijasoknak\/","title":{"rendered":"\u00c1llami \u00f6szt\u00f6nd\u00edjasoknak"},"content":{"rendered":"<p>&nbsp;<\/p>\n<p style=\"text-align: justify\"><strong>\u00c1llami f\u00e9l\u00e9vek felhaszn\u00e1l\u00e1s\u00e1nak ellen\u0151rz\u00e9se:<\/strong> K\u00e9rj\u00fck, hogy az Oktat\u00e1si Hivatal FIR rendszer\u00e9b\u0151l let\u00f6lthet\u0151 dokumentum alapj\u00e1n, f\u00e9l\u00e9vente \u00f6nmag\u00e1ra n\u00e9zve ellen\u0151rizze az \u00e1llami f\u00e9l\u00e9vei felhaszn\u00e1l\u00e1s\u00e1t:\u00a0<\/p>\n<p style=\"text-align: justify\"><a href=\"https:\/\/www.felvi.hu\/hallgatoknak\/fir_hallgatoi_adatok\/tamido_szamitas\">https:\/\/www.felvi.hu\/hallgatoknak\/fir_hallgatoi_adatok\/tamido_szamitas<\/a><\/p>\n<p style=\"text-align: justify\">Amennyiben az \u00d6n sz\u00e1m\u00edt\u00e1sai szerint elt\u00e9r\u0151 adatokat tartalmaz a leh\u00edvott irat, k\u00e9rj\u00fck, keresse fel a kor\u00e1bbi oktat\u00e1si int\u00e9zm\u00e9ny\u00e9t, illetve az Oktat\u00e1si Hivatalt egyeztet\u00e9s c\u00e9lj\u00e1b\u00f3l. \u00a0<\/p>\n<p style=\"text-align: center\"><strong>T\u00e1j\u00e9koztat\u00f3 a 2012. szeptember\u00e9ben \u00e9s azt k\u00f6vet\u0151en hallgat\u00f3i jogviszonyt l\u00e9tes\u00edtett hallgat\u00f3k r\u00e9sz\u00e9re!<\/strong><\/p>\n<p style=\"text-align: justify\">Aki 2012 szeptember\u00e9ben vagy azt k\u00f6vet\u0151en \u00e1llami \u00f6szt\u00f6nd\u00edjas k\u00e9pz\u00e9si form\u00e1ban kezdte meg tanulm\u00e1nyait a szoci\u00e1lis munka mesterk\u00e9pz\u00e9sben, vagy interdiszciplin\u00e1ris csal\u00e1dtudom\u00e1ny mesterk\u00e9pz\u00e9sben, azoknak az al\u00e1bbiakra szeretn\u00e9nk felh\u00edvni a figyelm\u00e9t: A nemzeti fels\u0151oktat\u00e1sr\u00f3l sz\u00f3l\u00f3 2011. \u00e9vi CCIV. t\u00f6rv\u00e9ny 48\/A.\u00a7-t\u00f3l kezd\u0151d\u0151en r\u00e9szletesen szab\u00e1lyozza az \u00e1llami finansz\u00edrozott k\u00e9pz\u00e9si form\u00e1ban r\u00e9szt vev\u0151 hallgat\u00f3kra vonatkoz\u00f3 felt\u00e9teleket. Ennek \u00e9rtelmez\u00e9s\u00e9hez szeretn\u00e9nk seg\u00edts\u00e9get ny\u00fajtani:<\/p>\n<ul style=\"text-align: justify\">\n<li>\u00c1llami \u00f6szt\u00f6nd\u00edjas k\u00e9pz\u00e9si form\u00e1ban r\u00e9szt vev\u0151k a k\u00e9pz\u00e9s kezdet\u00e9t\u0151l sz\u00e1m\u00edtva &#8211;\u00a0<strong>a k\u00e9pz\u00e9si id\u0151 legfeljebb m\u00e1sf\u00e9lszeres\u00e9n bel\u00fcl\u00a0<\/strong><strong>k\u00f6telesek megszerezni az oklevelet<\/strong>\u00a0(a halaszt\u00e1s id\u0151tartama nem sz\u00e1m\u00edt bele a 3 \u00e9vbe), ha ez nem teljes\u00fcl \u00e9s sz\u00fcnetel\u00e9ssel sem lehet tov\u00e1bb h\u00fazni a teljes\u00edt\u00e9st, akkor vissza kell fizetni a k\u00f6lts\u00e9gt\u00e9r\u00edt\u00e9si d\u00edj 50%-\u00e1nak megfelel\u0151 \u00f6sszeget a magyar \u00e1llam r\u00e9sz\u00e9re ha nem tart fenn az el\u0151\u00edrt k\u00f6vetelm\u00e9nyek szerint hazai munkaviszonyt.<\/li>\n<li>Az Oktat\u00e1si Hivatal szint\u00e9n a hallgat\u00f3 k\u00e9relm\u00e9re teljes\u00edtettnek tekinti az oklev\u00e9l megszerz\u00e9s\u00e9t (f\u00fcggetlen\u00fcl att\u00f3l, hogy t\u00e9nylegesen megszerezte-e a hallgat\u00f3 az oklevelet), ha a hallgat\u00f3 az oklevel\u00e9t tart\u00f3s betegs\u00e9ge, balesete, sz\u00fcl\u00e9s miatt nem k\u00e9pes megszerezni.<\/li>\n<\/ul>\n<p style=\"text-align: justify\">R\u00e9szletes t\u00e1j\u00e9koztat\u00f3:\u00a0<\/p>\n<ul>\n<li><a href=\"https:\/\/www.oktatas.hu\/magyar-allami-osztondij\/altalanos_tajekoztatok\">https:\/\/www.oktatas.hu\/magyar-allami-osztondij\/altalanos_tajekoztatok<\/a><\/li>\n<li style=\"text-align: justify\">A<em> nemzeti fels\u0151oktat\u00e1sr\u00f3l sz\u00f3l\u00f3 2011. \u00e9vi CCIV. t\u00f6rv\u00e9ny a magyar \u00e1llami \u00f6szt\u00f6nd\u00edjjal t\u00e1mogatott k\u00e9pz\u00e9s saj\u00e1tos felt\u00e9teleir\u0151l sz\u00f3l\u00f3 48\/A.\u00a7 &#8211; 48\/S.\u00a7<\/em> <em>\u00a0<\/em><\/li>\n<\/ul>\n<p>&nbsp;<\/p>\n<p>&nbsp;<\/p>\n<p style=\"text-align: center\" align=\"center\"><strong>P\u00c1LY\u00c1ZATI FELH\u00cdV\u00c1S<\/strong><\/p>\n<p style=\"text-align: center\">\u00a0<\/p>\n<p style=\"text-align: center\" align=\"center\"><strong>\u00d6nk\u00f6lts\u00e9ges hallgat\u00f3k r\u00e9sz\u00e9re, \u00e1llami \u00f6szt\u00f6nd\u00edjas hely elnyer\u00e9s\u00e9re<\/strong><\/p>\n<p style=\"text-align: justify\"><strong>\u00a0<\/strong> A Semmelweis Egyetem \u00a0Eg\u00e9szs\u00e9g\u00fcgyi K\u00f6zszolg\u00e1lati Kar \u00a0Ment\u00e1lhigi\u00e9n\u00e9 Int\u00e9zet \u00a0igazgat\u00f3ja a f\u00e9l\u00e9vek sor\u00e1n esetlegesen felszabadul\u00f3 \u00e1llami \u00f6szt\u00f6nd\u00edjas hely(ek)re a <span style=\"font-size: 1rem\">p\u00e1ly\u00e1zatot itt hirdeti meg.<\/span><\/p>\n<p style=\"text-align: justify\">\u00a0<\/p>\n","protected":false},"excerpt":{"rendered":"<p>&nbsp; \u00c1llami f\u00e9l\u00e9vek felhaszn\u00e1l\u00e1s\u00e1nak ellen\u0151rz\u00e9se: K\u00e9rj\u00fck, hogy az Oktat\u00e1si Hivatal FIR rendszer\u00e9b\u0151l let\u00f6lthet\u0151 dokumentum alapj\u00e1n, f\u00e9l\u00e9vente \u00f6nmag\u00e1ra n\u00e9zve ellen\u0151rizze az \u00e1llami f\u00e9l\u00e9vei felhaszn\u00e1l\u00e1s\u00e1t:\u00a0 <a href=\"https:\/\/www.felvi.hu\/hallgatoknak\/fir_hallgatoi_adatok\/tamido_szamitas\">https:\/\/www.felvi.hu\/hallgatoknak\/fir_hallgatoi_adatok\/tamido_szamitas<\/a> Amennyiben az \u00d6n sz\u00e1m\u00edt\u00e1sai szerint elt\u00e9r\u0151 adatokat tartalmaz a leh\u00edvott irat, k\u00e9rj\u00fck, keresse fel a kor\u00e1bbi oktat\u00e1si int\u00e9zm\u00e9ny\u00e9t, illetve az Oktat\u00e1si Hivatalt egyeztet\u00e9s c\u00e9lj\u00e1b\u00f3l. \u00a0 T\u00e1j\u00e9koztat\u00f3 a 2012. szeptember\u00e9ben \u00e9s azt k\u00f6vet\u0151en &hellip;<\/p>\n","protected":false},"author":101614,"featured_media":0,"parent":108,"menu_order":9,"comment_status":"closed","ping_status":"closed","template":"","meta":{"_acf_changed":false,"footnotes":""},"categories":[],"tags":[],"class_list":["post-104","page","type-page","status-publish","hentry"],"acf":[],"_links":{"self":[{"href":"https:\/\/semmelweis.hu\/mental\/wp-json\/wp\/v2\/pages\/104","targetHints":{"allow":["GET"]}}],"collection":[{"href":"https:\/\/semmelweis.hu\/mental\/wp-json\/wp\/v2\/pages"}],"about":[{"href":"https:\/\/semmelweis.hu\/mental\/wp-json\/wp\/v2\/types\/page"}],"author":[{"embeddable":true,"href":"https:\/\/semmelweis.hu\/mental\/wp-json\/wp\/v2\/users\/101614"}],"replies":[{"embeddable":true,"href":"https:\/\/semmelweis.hu\/mental\/wp-json\/wp\/v2\/comments?post=104"}],"version-history":[{"count":11,"href":"https:\/\/semmelweis.hu\/mental\/wp-json\/wp\/v2\/pages\/104\/revisions"}],"predecessor-version":[{"id":7350,"href":"https:\/\/semmelweis.hu\/mental\/wp-json\/wp\/v2\/pages\/104\/revisions\/7350"}],"up":[{"embeddable":true,"href":"https:\/\/semmelweis.hu\/mental\/wp-json\/wp\/v2\/pages\/108"}],"wp:attachment":[{"href":"https:\/\/semmelweis.hu\/mental\/wp-json\/wp\/v2\/media?parent=104"}],"wp:term":[{"taxonomy":"category","embeddable":true,"href":"https:\/\/semmelweis.hu\/mental\/wp-json\/wp\/v2\/categories?post=104"},{"taxonomy":"post_tag","embeddable":true,"href":"https:\/\/semmelweis.hu\/mental\/wp-json\/wp\/v2\/tags?post=104"}],"curies":[{"name":"wp","href":"https:\/\/api.w.org\/{rel}","templated":true}]}}