{"id":101,"date":"2018-06-08T00:00:00","date_gmt":"2018-06-07T22:00:00","guid":{"rendered":"http:\/\/semmelweis.hu\/mental\/kerelmek\/"},"modified":"2025-10-08T16:28:31","modified_gmt":"2025-10-08T14:28:31","slug":"kerelmek","status":"publish","type":"page","link":"https:\/\/semmelweis.hu\/mental\/tanulmanyi-ugyek\/formanyomtatvanyok\/kerelmek\/","title":{"rendered":"K\u00e9relmek"},"content":{"rendered":"<p style=\"text-align: justify\"><span style=\"color: #ff0000\">A k\u00e9relmet lehet\u0151s\u00e9g szerint el\u0151zetesen k\u00e9rj\u00fck megk\u00fcldeni al\u00e1bbi e-mail c\u00edmre, ezt k\u00f6vet\u0151en az eredeti kit\u00f6lt\u00f6tt \u00e9s al\u00e1\u00edrt 1 p\u00e9ld\u00e1ny\u00e1t post\u00e1n vagy szem\u00e9lyesen kell eljuttatni Int\u00e9zet\u00fcnk Tanulm\u00e1nyi Oszt\u00e1ly\u00e1ra a megadott hat\u00e1rid\u0151ig.<\/span> A megadott hat\u00e1rid\u0151 nem a post\u00e1ra ad\u00e1s, hanem a be\u00e9rkez\u00e9s d\u00e1tuma! E-mail-ben val\u00f3 megk\u00fcld\u00e9s nem elegend\u0151! A hat\u00e1rid\u0151k szakonk\u00e9nt megadva <a href=\"https:\/\/semmelweis.hu\/mental\/tanulmanyi-ugyek\/hataridok\/\">ITT<\/a> megtekinthet\u0151ek. <em>E-mail:<\/em> <span style=\"text-decoration: underline\"><span style=\"color: #0000ff;text-decoration: underline\">mental.tanulmanyi@semmelweis.hu<\/span><\/span>\u00a0<em>Postac\u00edm:<\/em> Semmelweis Egyetem EKK Ment\u00e1lhigi\u00e9n\u00e9 Int\u00e9zet 1428 Budapest, Pf. 2. A bor\u00edt\u00e9kra k\u00e9rj\u00fck r\u00e1\u00edrni: &#8222;<strong>Bizalmas<\/strong>&#8221; A megadott hat\u00e1rid\u0151 ut\u00e1n be\u00e9rkez\u0151 vagy nem megfelel\u0151 m\u00f3don kit\u00f6lt\u00f6tt, sz\u00fcks\u00e9ges mell\u00e9kletek n\u00e9lk\u00fcl bek\u00fcld\u00f6tt b\u00e1rmely k\u00e9relem jogveszt\u0151 hat\u00e1ly\u00fa! <strong>A let\u00f6lthet\u0151 nyomtatv\u00e1nyok a lap alj\u00e1n tal\u00e1lhat\u00f3ak.<\/strong><\/p>\n<p>A k\u00e9relmek beny\u00fajt\u00e1sa Karunkon szem\u00e9lyesen (el\u0151zetes id\u0151pont egyeztet\u00e9ssel), vagy postai \u00faton t\u00f6rt\u00e9nhet.<\/p>\n<p><em>Postac\u00edm:<\/em> Semmelweis Egyetem EKK Ment\u00e1lhigi\u00e9n\u00e9 Int\u00e9zet 1428 Budapest, Pf. 2.<\/p>\n<p style=\"text-align: justify\"><strong>K<\/strong><strong>\u00e9relmek le\u00edr\u00e1sa:<\/strong><\/p>\n<div class=\"exp-col-content-holder\"><a class=\"expand-content-link\" href=\"#\"><strong>\u00c1ltal\u00e1nos k\u00e9relem<\/strong><\/a><\/p>\n<div class=\"hidden-content\" style=\"text-align: justify\">Az al\u00e1bbi felsorol\u00e1sokban nem szerepl\u0151 k\u00e9relem beny\u00fajt\u00e1sa eset\u00e9n haszn\u00e1land\u00f3.<\/div>\n<div class=\"exp-col-content-holder\"><a class=\"expand-content-link\" href=\"#\"><strong>R\u00e9szletfizet\u00e9si, fizet\u00e9si halad\u00e9k ir\u00e1nti k\u00e9relem<\/strong><\/a><\/p>\n<div class=\"hidden-content\" style=\"text-align: justify\"><strong>R\u00e9szletfizet\u00e9s vagy fizet\u00e9si halad\u00e9k ir\u00e1nti k\u00e9relem beny\u00fajt\u00e1sa eset\u00e9n k\u00e9r\u00e9st elb\u00edr\u00e1l\u00f3 hat\u00e1rozat rendelkezik a fizet\u00e9si hat\u00e1rid\u0151kr\u0151l.<\/strong> Ennek megfelel\u0151en a k\u00e9relem beny\u00fajt\u00e1s\u00e1t k\u00f6vet\u0151en jogosultt\u00e1 v\u00e1lik a felv\u00e9telt nyert jelentkez\u0151 a hallgat\u00f3i jogviszony l\u00e9tes\u00edt\u00e9s\u00e9re \u00e9s a tanulm\u00e1nyok megkezd\u00e9s\u00e9re. R\u00e9szletfizet\u00e9si k\u00e9relem beny\u00fajt\u00e1sa eset\u00e9n az \u00f6nk\u00f6lts\u00e9gi d\u00edj els\u0151 r\u00e9szlet\u00e9t (50%) a f\u00e9l\u00e9vi regisztr\u00e1ci\u00f3s hat\u00e1rid\u0151 v\u00e9g\u00e9ig, a m\u00e1sodik r\u00e9szletet a hat\u00e1rozatban megjel\u00f6lt id\u0151pontig kell befizetni. <span style=\"font-size: 1rem\">A r\u00e9szletfizet\u00e9si k\u00e9relemben indokl\u00e1s \u00e9s igazol\u00e1s sz\u00fcks\u00e9ges. A jogosults\u00e1got az al\u00e1bbi dokumentumban tal\u00e1lhat\u00f3 iratokkal kell igazolni: <\/span><span style=\"font-size: 1rem\"><a href=\"https:\/\/semmelweis.hu\/jogigfoig\/files\/2024\/06\/SZMSZ_HKR_III_KONYV_III_4_RESZ_MELLEKLETEK_hatalyos_20240614-tol.pdf\">https:\/\/semmelweis.hu\/jogigfoig\/files\/2024\/06\/SZMSZ_HKR_III_KONYV_III_4_RESZ_MELLEKLETEK_hatalyos_20240614-tol.pdf<\/a><\/span><\/div>\n<\/div>\n<div class=\"exp-col-content-holder\">\n<div class=\"exp-col-content-holder\"><a class=\"expand-content-link\" href=\"#\"><strong>\u00d6nk\u00f6lts\u00e9g visszat\u00e9r\u00edt\u00e9se<\/strong><\/a><\/p>\n<div class=\"hidden-content\" style=\"text-align: justify\">Az \u00f6nk\u00f6lts\u00e9g befizet\u00e9se \u00e9s a tanulm\u00e1nyok megkezd\u00e9se kapcs\u00e1n t\u00e1j\u00e9koztat\u00e1sul felh\u00edvjuk a figyelmet arra, hogy a hat\u00e1lyos egyetemi szab\u00e1lyok alapj\u00e1n az al\u00e1bbi felt\u00e9telek mellett lehet befizet\u00e9st k\u00f6vet\u0151en \u00f6nk\u00f6lts\u00e9get visszaig\u00e9nyelni: &#8222;Az Egyetem abban az esetben, ha a hallgat\u00f3 a\u00a0<strong>k\u00e9pz\u00e9si id\u0151szak megkezd\u00e9se el\u0151tt<\/strong>\u00a0<strong>\u00edr\u00e1sban<\/strong>\u00a0bejelenti, hogy\u00a0<strong>megsz\u00fcnteti vagy sz\u00fcnetelteti a hallgat\u00f3i jogviszony\u00e1t<\/strong>, az adott k\u00e9pz\u00e9si id\u0151szakra befizetett k\u00f6lts\u00e9gt\u00e9r\u00edt\u00e9si d\u00edj\u00a0<strong>75 %-\u00e1t visszat\u00e9r\u00edti.<\/strong> Ha a hallgat\u00f3 a\u00a0<strong>k\u00e9pz\u00e9si id\u0151szak megkezd\u00e9se ut\u00e1n egy h\u00f3napon bel\u00fcl \u00edr\u00e1sban bejelenti<\/strong>, hogy<\/p>\n<ul>\n<li><strong>megsz\u00fcnteti hallgat\u00f3i jogviszony\u00e1t<\/strong>, akkor a hallgat\u00f3 k\u00e9r\u00e9s\u00e9re a szoci\u00e1lis helyzet\u00e9t al\u00e1t\u00e1maszt\u00f3 igazol\u00e1sok alapj\u00e1n a rektor d\u00f6nt\u00e9se szerint az adott k\u00e9pz\u00e9si id\u0151szakra befizetett k\u00f6lts\u00e9gt\u00e9r\u00edt\u00e9si d\u00edj\u00a0<strong>75%-a visszat\u00e9r\u00edthet\u0151<\/strong>,<\/li>\n<li><strong>sz\u00fcnetelteti a hallgat\u00f3i jogviszony\u00e1t<\/strong>, akkor a hallgat\u00f3 k\u00e9r\u00e9s\u00e9re a szoci\u00e1lis helyzet\u00e9t al\u00e1t\u00e1maszt\u00f3 igazol\u00e1sok alapj\u00e1n a rektor d\u00f6nt\u00e9se szerint az adott k\u00e9pz\u00e9si id\u0151szakra befizetett k\u00f6lts\u00e9gt\u00e9r\u00edt\u00e9si d\u00edj\u00a0<strong>75%-a a k\u00f6vetkez\u0151 akt\u00edv f\u00e9l\u00e9v k\u00f6lts\u00e9gt\u00e9r\u00edt\u00e9si d\u00edj\u00e1ba j\u00f3v\u00e1\u00edrhat\u00f3<\/strong>.<\/li>\n<\/ul>\n<p class=\"Default\"><strong>Egy\u00e9b esetben a hallgat\u00f3r\u00e9sz\u00e9re a k\u00f6lts\u00e9gt\u00e9r\u00edt\u00e9s \u00f6sszege nem t\u00e9r\u00edthet\u0151 vissza.&#8221;<\/strong><\/p>\n<p class=\"Default\"><em>[Semmelweis Egyetem Szervezeti \u00e9s M\u0171k\u00f6d\u00e9si Szab\u00e1lyzat XII. fejezet A magyar nyelv\u0171 k\u00f6lts\u00e9gt\u00e9r\u00edt\u00e9ses k\u00e9pz\u00e9sben r\u00e9szt vev\u0151 hallgat\u00f3k egyes jogair\u00f3l \u00e9s k\u00f6telezetts\u00e9geir\u0151l 3. \u00a7 (5)-(7) bekezd\u00e9s]<\/em><\/p>\n<\/div>\n<div class=\"exp-col-content-holder\"><a class=\"expand-content-link\" href=\"#\"><strong>Hallgat\u00f3i jogviszony sz\u00fcneteltet\u00e9se<\/strong><\/a><\/p>\n<div class=\"hidden-content\" style=\"text-align: justify\">Hallgat\u00f3 k\u00e9rheti jogviszony\u00e1nak sz\u00fcneteltet\u00e9s\u00e9t a nemzeti fels\u0151oktat\u00e1sr\u00f3l sz\u00f3l\u00f3 2011. \u00e9vi t\u00f6rv\u00e9ny (Nftv.) 45. \u00a7-\u00e1nak (1),(2) bekezd\u00e9sek rendelkez\u00e9se, valamint a Semmelweis Egyetem Szervezeti \u00e9s M\u0171k\u00f6d\u00e9si Szab\u00e1lyzat III\/III. fejezet\u00e9nek 8. \u00a7-a alapj\u00e1n. Ehhez a lap alj\u00e1n tal\u00e1lhat\u00f3\u00a0<em>&#8222;<span style=\"color: #ff0000\">Jogviszony sz\u00fcneteltet\u00e9se ir\u00e1nti k\u00e9relem<\/span><\/em>&#8222;c. nyomtatv\u00e1ny kit\u00f6lt\u00e9se \u00e9s megk\u00fcld\u00e9se sz\u00fcks\u00e9ges.<\/div>\n<div class=\"exp-col-content-holder\"><a class=\"expand-content-link\" href=\"#\"><strong>Hallgat\u00f3i jogviszony t\u00f6rl\u00e9se<\/strong><\/a><\/p>\n<div class=\"hidden-content\" style=\"text-align: justify\">Hallgat\u00f3 k\u00e9rheti jogviszony\u00e1nak t\u00f6rl\u00e9s\u00e9t a 2011. \u00e9vi CCIV. t\u00f6rv\u00e9ny a nemzeti fels\u0151oktat\u00e1sr\u00f3l 59. \u00a7 b) pontja \u00e9rtelm\u00e9ben.<\/p>\n<p>Ehhez a lap alj\u00e1n tal\u00e1lhat\u00f3 <em><span style=\"color: #ff0000\">&#8222;Jogviszony t\u00f6rl\u00e9se ir\u00e1nti<\/span><\/em><span style=\"color: #ff0000\"> k\u00e9relem&#8221;<\/span><span style=\"color: #ff0000\"><span style=\"color: #000000\">c. nyomtatv\u00e1ny kit\u00f6lt\u00e9se \u00e9s megk\u00fcld\u00e9se sz\u00fcks\u00e9ges. <\/span><\/span><\/p>\n<\/div>\n<div class=\"exp-col-content-holder\">\n<div class=\"exp-col-content-holder\"><a class=\"expand-content-link\" href=\"#\"><strong>Tant\u00e1rgybefogad\u00e1si k\u00e9relem<\/strong><\/a><\/p>\n<div class=\"hidden-content\" style=\"text-align: justify\">Tant\u00e1rgybefogad\u00e1s (kreditelismer\u00e9s) lehets\u00e9ges kor\u00e1bban v\u00e9gzett tanulm\u00e1nyok alapj\u00e1n. Az elj\u00e1r\u00e1shoz sz\u00fcks\u00e9ges a lap alj\u00e1n tal\u00e1lhat\u00f3 csatolt dokumentumokn\u00e1l let\u00f6lthet\u0151 &#8222;tant\u00e1rgybefogad\u00e1si k\u00e9relem&#8221; pontosan kit\u00f6lt\u00f6tt \u00e9s al\u00e1\u00edrt eredeti p\u00e9ld\u00e1ny hat\u00e1rid\u0151re t\u00f6rt\u00e9n\u0151 eljuttat\u00e1sa a Tanulm\u00e1nyi Oszt\u00e1lyra. A k\u00e9relem mell\u00e9kletek\u00e9nt beadand\u00f3:<\/p>\n<ul>\n<li>a hiteles\u00edtett leckek\u00f6nyv<\/li>\n<li>a hiteles\u00edtett tant\u00e1rgyi tematika<\/li>\n<\/ul>\n<p>A k\u00e9relem elb\u00edr\u00e1l\u00e1s\u00e1t a szak oktat\u00f3nak javaslata alapj\u00e1n a CKOB v\u00e9gzi, melynek hat\u00e1rozata tartalmazza a befogadhat\u00f3 t\u00e1rgyakat, krediteket \u00e9s eredm\u00e9nyeket.<\/p><\/div>\n<div class=\"exp-col-content-holder\"><a class=\"expand-content-link\" href=\"#\"><strong>Ut\u00f3lagos tant\u00e1rgy- kurzusfelv\u00e9tel vagy lead\u00e1s<\/strong><\/a><\/p>\n<div class=\"hidden-content\" style=\"text-align: justify\">Ut\u00f3lagos tant\u00e1rgy- kurzusfelv\u00e9telre vagy lead\u00e1sra vonatkoz\u00f3 k\u00e9relmet &#8211; a k\u00fcl\u00f6nelj\u00e1r\u00e1si d\u00edj megfizet\u00e9s\u00e9vel egyidej\u0171leg &#8211; tavaszi f\u00e9l\u00e9vben m\u00e1rcius 31-ig, &#8211; \u0151szi f\u00e9l\u00e9vben okt\u00f3ber 31-ig lehet beny\u00fajtani a szak tanulm\u00e1nyi \u00fcgyint\u00e9z\u0151j\u00e9n\u00e9l.<\/div>\n<div class=\"exp-col-content-holder\">\n<div class=\"hidden-content\">\u00a0<\/div>\n<\/div>\n<h1>Let\u00f6lthet\u0151 nyomtatv\u00e1nyok:<\/h1>\n<p><strong>\u00c1ltal\u00e1nos k\u00e9relem: <\/strong><\/p>\n<p style=\"padding-left: 40px\"><strong><a href=\"https:\/\/semmelweis.hu\/mental\/files\/2020\/08\/TO_K\u00e9relem_\u00e1ltal\u00e1nos.doc\">TO_K\u00e9relem_\u00e1ltal\u00e1nos<\/a><\/strong><\/p>\n<p><strong>\u00d6nk\u00f6lts\u00e9gi k\u00e9relem: <\/strong><\/p>\n<p style=\"padding-left: 40px\"><strong><a href=\"https:\/\/semmelweis.hu\/mental\/files\/2020\/10\/R\u00e9szletfizet\u00e9s-ir\u00e1nti-k\u00e9relem-2020.-szeptembert\u0151l.doc\">R\u00e9szletfizet\u00e9s ir\u00e1nti k\u00e9relem &#8211; 2020. szeptembert\u0151l<\/a><\/strong><\/p>\n<p style=\"padding-left: 40px\"><strong><a href=\"https:\/\/semmelweis.hu\/mental\/files\/2020\/10\/Fizet\u00e9si-halad\u00e9k-ir\u00e1nti-k\u00e9relem-2020.-szeptembert\u0151l.doc\">Fizet\u00e9si halad\u00e9k ir\u00e1nti k\u00e9relem &#8211; 2020. szeptembert\u0151l<\/a><\/strong><\/p>\n<p><strong>Jogviszony sz\u00fcneteltet\u00e9s: <\/strong><\/p>\n<p style=\"padding-left: 40px\"><strong><a href=\"https:\/\/semmelweis.hu\/mental\/files\/2020\/08\/TO_Jogviszony-sz\u00fcneteltet\u00e9se-ir\u00e1nti-k\u00e9relem.doc\">TO_Jogviszony sz\u00fcneteltet\u00e9se ir\u00e1nti k\u00e9relem<\/a><\/strong><\/p>\n<p><strong>Jogviszony t\u00f6rl\u00e9s: <\/strong><\/p>\n<p style=\"padding-left: 40px\"><strong><a href=\"https:\/\/semmelweis.hu\/mental\/files\/2020\/08\/TO_Jogviszony-t\u00f6rl\u00e9se-ir\u00e1nti-k\u00e9relem.doc\">TO_Jogviszony t\u00f6rl\u00e9se ir\u00e1nti k\u00e9relem<\/a><\/strong><\/p>\n<p><strong>Tant\u00e1rgybefogad\u00e1si k\u00e9relem:<\/strong><\/p>\n<p style=\"padding-left: 40px\"><strong><a href=\"https:\/\/semmelweis.hu\/mental\/files\/2021\/11\/Tant\u00e1rgybefogad\u00e1si-k\u00e9relem-2020.-szeptembert\u0151l.doc\">Tant\u00e1rgybefogad\u00e1si k\u00e9relem &#8211; 2020. szeptembert\u0151l<\/a><\/strong><\/p>\n<p>&nbsp;<\/p>\n<\/div>\n<\/div>\n<\/div>\n<\/div>\n<\/div>\n<\/div>\n<\/div>\n<\/div>\n","protected":false},"excerpt":{"rendered":"<p>A k\u00e9relmet lehet\u0151s\u00e9g szerint el\u0151zetesen k\u00e9rj\u00fck megk\u00fcldeni al\u00e1bbi e-mail c\u00edmre, ezt k\u00f6vet\u0151en az eredeti kit\u00f6lt\u00f6tt \u00e9s al\u00e1\u00edrt 1 p\u00e9ld\u00e1ny\u00e1t post\u00e1n vagy szem\u00e9lyesen kell eljuttatni Int\u00e9zet\u00fcnk Tanulm\u00e1nyi Oszt\u00e1ly\u00e1ra a megadott hat\u00e1rid\u0151ig. A megadott hat\u00e1rid\u0151 nem a post\u00e1ra ad\u00e1s, hanem a be\u00e9rkez\u00e9s d\u00e1tuma! E-mail-ben val\u00f3 megk\u00fcld\u00e9s nem elegend\u0151! A hat\u00e1rid\u0151k szakonk\u00e9nt megadva <a href=\"https:\/\/semmelweis.hu\/mental\/tanulmanyi-ugyek\/hataridok\/\">ITT<\/a> megtekinthet\u0151ek. E-mail: mental.tanulmanyi@semmelweis.hu\u00a0Postac\u00edm: Semmelweis Egyetem &hellip;<\/p>\n","protected":false},"author":101614,"featured_media":0,"parent":100,"menu_order":1,"comment_status":"closed","ping_status":"closed","template":"","meta":{"_acf_changed":false,"footnotes":""},"categories":[],"tags":[],"class_list":["post-101","page","type-page","status-publish","hentry"],"acf":[],"_links":{"self":[{"href":"https:\/\/semmelweis.hu\/mental\/wp-json\/wp\/v2\/pages\/101","targetHints":{"allow":["GET"]}}],"collection":[{"href":"https:\/\/semmelweis.hu\/mental\/wp-json\/wp\/v2\/pages"}],"about":[{"href":"https:\/\/semmelweis.hu\/mental\/wp-json\/wp\/v2\/types\/page"}],"author":[{"embeddable":true,"href":"https:\/\/semmelweis.hu\/mental\/wp-json\/wp\/v2\/users\/101614"}],"replies":[{"embeddable":true,"href":"https:\/\/semmelweis.hu\/mental\/wp-json\/wp\/v2\/comments?post=101"}],"version-history":[{"count":12,"href":"https:\/\/semmelweis.hu\/mental\/wp-json\/wp\/v2\/pages\/101\/revisions"}],"predecessor-version":[{"id":8120,"href":"https:\/\/semmelweis.hu\/mental\/wp-json\/wp\/v2\/pages\/101\/revisions\/8120"}],"up":[{"embeddable":true,"href":"https:\/\/semmelweis.hu\/mental\/wp-json\/wp\/v2\/pages\/100"}],"wp:attachment":[{"href":"https:\/\/semmelweis.hu\/mental\/wp-json\/wp\/v2\/media?parent=101"}],"wp:term":[{"taxonomy":"category","embeddable":true,"href":"https:\/\/semmelweis.hu\/mental\/wp-json\/wp\/v2\/categories?post=101"},{"taxonomy":"post_tag","embeddable":true,"href":"https:\/\/semmelweis.hu\/mental\/wp-json\/wp\/v2\/tags?post=101"}],"curies":[{"name":"wp","href":"https:\/\/api.w.org\/{rel}","templated":true}]}}