{"id":100,"date":"2018-06-08T00:00:00","date_gmt":"2018-06-07T22:00:00","guid":{"rendered":"http:\/\/semmelweis.hu\/mental\/formanyomtatvanyok\/"},"modified":"2025-10-08T16:27:50","modified_gmt":"2025-10-08T14:27:50","slug":"formanyomtatvanyok","status":"publish","type":"page","link":"https:\/\/semmelweis.hu\/mental\/tanulmanyi-ugyek\/formanyomtatvanyok\/","title":{"rendered":"Formanyomtatv\u00e1nyok"},"content":{"rendered":"<p>A let\u00f6ltend\u0151 anyagok az al\u00e1bbiakra kattintva t\u00f6lthet\u0151k le:<\/p>\n<p><a href=\"https:\/\/semmelweis.hu\/mental\/files\/2024\/08\/SE_szamlakero-nyomtatvany_20240719.xlsx\">SE_szamlakero_nyomtatvany<\/a><\/p>\n<p><a href=\"https:\/\/semmelweis.hu\/mental\/files\/2020\/10\/mh_Szerz\u0151i-nyilatkozat_2020..docx\">mh_Szerz\u0151i nyilatkozat_2020.<\/a><\/p>\n<p><a href=\"https:\/\/semmelweis.hu\/mental\/files\/2020\/10\/mh_konzult\u00e1ci\u00f3s-igazol\u00f3-lap_jubileumi.doc\">mh_konzult\u00e1ci\u00f3s igazol\u00f3 lap_jubileumi<\/a><\/p>\n<p><a href=\"https:\/\/semmelweis.hu\/mental\/files\/2020\/07\/ALUMNI-regisztr\u00e1ci\u00f3s-lap-2020.-j\u00falius.docx\">ALUMNI regisztr\u00e1ci\u00f3s lap &#8211; 2020. j\u00falius<\/a> \u00a0<\/p>\n<p><a href=\"https:\/\/semmelweis.hu\/mental\/files\/2020\/07\/Meghatalmaz\u00e1s-beiratkoz\u00e1shoz-2020.doc\">Meghatalmaz\u00e1s beiratkoz\u00e1shoz &#8211; 2020<\/a><a href=\"https:\/\/semmelweis.hu\/mental\/files\/2020\/07\/Meghatalmaz\u00e1s-oklev\u00e9l-\u00e1tv\u00e9tel\u00e9hez-2020.doc\">-t\u00f3l<\/a><\/p>\n<p><a href=\"https:\/\/semmelweis.hu\/mental\/files\/2020\/07\/Meghatalmaz\u00e1s-oklev\u00e9l-\u00e1tv\u00e9tel\u00e9hez-2020.doc\">Meghatalmaz\u00e1s oklev\u00e9l \u00e1tv\u00e9tel\u00e9hez &#8211; 2020-t\u00f3l<\/a><\/p>\n<p><a href=\"https:\/\/semmelweis.hu\/mental\/files\/2020\/10\/Meghatalmaz\u00e1s-di\u00e1kigazolv\u00e1ny-\u00e1tv\u00e9tel\u00e9hez-2020.-szeptembert\u0151l.doc\">Meghatalmaz\u00e1s di\u00e1kigazolv\u00e1ny \u00e1tv\u00e9tel\u00e9hez &#8211; 2020. szeptembert\u0151l<\/a><\/p>\n<p><a href=\"https:\/\/semmelweis.hu\/mental\/files\/2021\/08\/Nyilatkozat-\u00e1llami-f\u00e9l\u00e9vekr\u0151l-2020-t\u00f3l.doc\">Nyilatkozat-\u00e1llami-f\u00e9l\u00e9vekr\u0151l-2020-t\u00f3l<\/a><\/p>\n<p><a class=\"button\" href=\"https:\/\/semmelweis.hu\/mental\/tanulmanyi-ugyek\/formanyomtatvanyok\/kerelmek\/\">K\u00c9RELMEK<\/a><\/p>\n","protected":false},"excerpt":{"rendered":"<p>A let\u00f6ltend\u0151 anyagok az al\u00e1bbiakra kattintva t\u00f6lthet\u0151k le:<br \/>\n<a href=\"https:\/\/semmelweis.hu\/mental\/files\/2024\/08\/SE_szamlakero-nyomtatvany_20240719.xlsx\">SE_szamlakero_nyomtatvany<\/a><br \/>\n<a href=\"https:\/\/semmelweis.hu\/mental\/files\/2020\/10\/mh_Szerz\u0151i-nyilatkozat_2020..docx\">mh_Szerz\u0151i nyilatkozat_2020.<\/a><br \/>\n<a href=\"https:\/\/semmelweis.hu\/mental\/files\/2020\/10\/mh_konzult\u00e1ci\u00f3s-igazol\u00f3-lap_jubileumi.doc\">mh_konzult\u00e1ci\u00f3s igazol\u00f3 lap_jubileumi<\/a><br \/>\n<a href=\"https:\/\/semmelweis.hu\/mental\/files\/2020\/07\/ALUMNI-regisztr\u00e1ci\u00f3s-lap-2020.-j\u00falius.docx\">ALUMNI regisztr\u00e1ci\u00f3s lap &#8211; 2020. j\u00falius<\/a> \u00a0<br \/>\n<a href=\"https:\/\/semmelweis.hu\/mental\/files\/2020\/07\/Meghatalmaz\u00e1s-beiratkoz\u00e1shoz-2020.doc\">Meghatalmaz\u00e1s beiratkoz\u00e1shoz &#8211; 2020<\/a><a href=\"https:\/\/semmelweis.hu\/mental\/files\/2020\/07\/Meghatalmaz\u00e1s-oklev\u00e9l-\u00e1tv\u00e9tel\u00e9hez-2020.doc\">-t\u00f3l<\/a><br \/>\n<a href=\"https:\/\/semmelweis.hu\/mental\/files\/2020\/07\/Meghatalmaz\u00e1s-oklev\u00e9l-\u00e1tv\u00e9tel\u00e9hez-2020.doc\">Meghatalmaz\u00e1s oklev\u00e9l \u00e1tv\u00e9tel\u00e9hez &#8211; 2020-t\u00f3l<\/a><br \/>\n<a href=\"https:\/\/semmelweis.hu\/mental\/files\/2020\/10\/Meghatalmaz\u00e1s-di\u00e1kigazolv\u00e1ny-\u00e1tv\u00e9tel\u00e9hez-2020.-szeptembert\u0151l.doc\">Meghatalmaz\u00e1s di\u00e1kigazolv\u00e1ny \u00e1tv\u00e9tel\u00e9hez &#8211; 2020. szeptembert\u0151l<\/a><br \/>\n<a href=\"https:\/\/semmelweis.hu\/mental\/files\/2021\/08\/Nyilatkozat-\u00e1llami-f\u00e9l\u00e9vekr\u0151l-2020-t\u00f3l.doc\">Nyilatkozat-\u00e1llami-f\u00e9l\u00e9vekr\u0151l-2020-t\u00f3l<\/a><br \/>\n<a class=\"button\" href=\"https:\/\/semmelweis.hu\/mental\/tanulmanyi-ugyek\/formanyomtatvanyok\/kerelmek\/\">K\u00c9RELMEK<\/a><\/p>\n","protected":false},"author":101614,"featured_media":0,"parent":108,"menu_order":5,"comment_status":"closed","ping_status":"closed","template":"","meta":{"_acf_changed":false,"footnotes":""},"categories":[],"tags":[],"class_list":["post-100","page","type-page","status-publish","hentry"],"acf":[],"_links":{"self":[{"href":"https:\/\/semmelweis.hu\/mental\/wp-json\/wp\/v2\/pages\/100","targetHints":{"allow":["GET"]}}],"collection":[{"href":"https:\/\/semmelweis.hu\/mental\/wp-json\/wp\/v2\/pages"}],"about":[{"href":"https:\/\/semmelweis.hu\/mental\/wp-json\/wp\/v2\/types\/page"}],"author":[{"embeddable":true,"href":"https:\/\/semmelweis.hu\/mental\/wp-json\/wp\/v2\/users\/101614"}],"replies":[{"embeddable":true,"href":"https:\/\/semmelweis.hu\/mental\/wp-json\/wp\/v2\/comments?post=100"}],"version-history":[{"count":12,"href":"https:\/\/semmelweis.hu\/mental\/wp-json\/wp\/v2\/pages\/100\/revisions"}],"predecessor-version":[{"id":8119,"href":"https:\/\/semmelweis.hu\/mental\/wp-json\/wp\/v2\/pages\/100\/revisions\/8119"}],"up":[{"embeddable":true,"href":"https:\/\/semmelweis.hu\/mental\/wp-json\/wp\/v2\/pages\/108"}],"wp:attachment":[{"href":"https:\/\/semmelweis.hu\/mental\/wp-json\/wp\/v2\/media?parent=100"}],"wp:term":[{"taxonomy":"category","embeddable":true,"href":"https:\/\/semmelweis.hu\/mental\/wp-json\/wp\/v2\/categories?post=100"},{"taxonomy":"post_tag","embeddable":true,"href":"https:\/\/semmelweis.hu\/mental\/wp-json\/wp\/v2\/tags?post=100"}],"curies":[{"name":"wp","href":"https:\/\/api.w.org\/{rel}","templated":true}]}}