{"id":816,"date":"2022-03-14T09:02:38","date_gmt":"2022-03-14T08:02:38","guid":{"rendered":"https:\/\/semmelweis.hu\/mellkassebeszet\/?page_id=816"},"modified":"2026-02-20T16:40:31","modified_gmt":"2026-02-20T15:40:31","slug":"betegjogi-kepviselo","status":"publish","type":"page","link":"https:\/\/semmelweis.hu\/mellkassebeszet\/klinikai-tevekenyseg\/betegjogi-kepviselo\/","title":{"rendered":"Betegjogi k\u00e9pvisel\u0151"},"content":{"rendered":"<p>Panasz\u00e1val fordulhat a ter\u00fcletileg illet\u00e9kes betegjogi k\u00e9pvisel\u0151h\u00f6z is.\u00a0<\/p>\n<p><strong>A JOGV\u00c9DELMI K\u00c9PVISEL\u0150 AZ INTEGR\u00c1LT JOGV\u00c9DELMI SZOLG\u00c1LAT (IJSZ) MUNKAT\u00c1RSA.\u00a0A JOGV\u00c9DELMI K\u00c9PVISEL\u0150 AZ EG\u00c9SZS\u00c9G\u00dcGYI INT\u00c9ZM\u00c9NYT\u0150L F\u00dcGGETLEN SZEM\u00c9LY.<\/strong><\/p>\n<p>A Mellkasseb\u00e9szeti Klinika betegjogi k\u00e9pvisel\u0151je:<\/p>\n<p><strong>Megl\u00e9czn\u00e9 Ocsen\u00e1s M\u00e1ria<\/strong><br \/>\nbetegjogi k\u00e9pvisel\u0151<br \/>\nTelefon: +36 20 4899 658<br \/>\ne-mail c\u00edm: <a href=\"mailto:maria.ocsenas@ijsz.bm.gov.hu\" target=\"_blank\" rel=\"noreferrer noopener\">maria.ocsenas@ijsz.bm.gov.hu<\/a><\/p>\n","protected":false},"excerpt":{"rendered":"<p>Panasz\u00e1val fordulhat a ter\u00fcletileg illet\u00e9kes betegjogi k\u00e9pvisel\u0151h\u00f6z is.\u00a0<br \/>\nA JOGV\u00c9DELMI K\u00c9PVISEL\u0150 AZ INTEGR\u00c1LT JOGV\u00c9DELMI SZOLG\u00c1LAT (IJSZ) MUNKAT\u00c1RSA.\u00a0A JOGV\u00c9DELMI K\u00c9PVISEL\u0150 AZ EG\u00c9SZS\u00c9G\u00dcGYI INT\u00c9ZM\u00c9NYT\u0150L F\u00dcGGETLEN SZEM\u00c9LY.<br \/>\nA Mellkasseb\u00e9szeti Klinika betegjogi k\u00e9pvisel\u0151je:<br \/>\nMegl\u00e9czn\u00e9 Ocsen\u00e1s M\u00e1ria<br \/>\nbetegjogi k\u00e9pvisel\u0151<br \/>\nTelefon: +36 20 4899 658<br \/>\ne-mail c\u00edm: <a href=\"mailto:maria.ocsenas@ijsz.bm.gov.hu\" target=\"_blank\" rel=\"noreferrer noopener\">maria.ocsenas@ijsz.bm.gov.hu<\/a><\/p>\n","protected":false},"author":102006,"featured_media":0,"parent":207,"menu_order":4,"comment_status":"closed","ping_status":"closed","template":"","meta":{"_acf_changed":false,"footnotes":""},"categories":[],"tags":[],"class_list":["post-816","page","type-page","status-publish","hentry"],"acf":[],"_links":{"self":[{"href":"https:\/\/semmelweis.hu\/mellkassebeszet\/wp-json\/wp\/v2\/pages\/816","targetHints":{"allow":["GET"]}}],"collection":[{"href":"https:\/\/semmelweis.hu\/mellkassebeszet\/wp-json\/wp\/v2\/pages"}],"about":[{"href":"https:\/\/semmelweis.hu\/mellkassebeszet\/wp-json\/wp\/v2\/types\/page"}],"author":[{"embeddable":true,"href":"https:\/\/semmelweis.hu\/mellkassebeszet\/wp-json\/wp\/v2\/users\/102006"}],"replies":[{"embeddable":true,"href":"https:\/\/semmelweis.hu\/mellkassebeszet\/wp-json\/wp\/v2\/comments?post=816"}],"version-history":[{"count":4,"href":"https:\/\/semmelweis.hu\/mellkassebeszet\/wp-json\/wp\/v2\/pages\/816\/revisions"}],"predecessor-version":[{"id":1084,"href":"https:\/\/semmelweis.hu\/mellkassebeszet\/wp-json\/wp\/v2\/pages\/816\/revisions\/1084"}],"up":[{"embeddable":true,"href":"https:\/\/semmelweis.hu\/mellkassebeszet\/wp-json\/wp\/v2\/pages\/207"}],"wp:attachment":[{"href":"https:\/\/semmelweis.hu\/mellkassebeszet\/wp-json\/wp\/v2\/media?parent=816"}],"wp:term":[{"taxonomy":"category","embeddable":true,"href":"https:\/\/semmelweis.hu\/mellkassebeszet\/wp-json\/wp\/v2\/categories?post=816"},{"taxonomy":"post_tag","embeddable":true,"href":"https:\/\/semmelweis.hu\/mellkassebeszet\/wp-json\/wp\/v2\/tags?post=816"}],"curies":[{"name":"wp","href":"https:\/\/api.w.org\/{rel}","templated":true}]}}