{"id":209,"date":"2014-06-30T09:16:19","date_gmt":"2014-06-30T07:16:19","guid":{"rendered":"http:\/\/semmelweis.hu\/mellkassebeszet\/?page_id=209"},"modified":"2022-04-24T10:39:41","modified_gmt":"2022-04-24T08:39:41","slug":"kutatasi-profil","status":"publish","type":"page","link":"https:\/\/semmelweis.hu\/mellkassebeszet\/kutatasi-profil\/","title":{"rendered":"Kutat\u00e1si profil"},"content":{"rendered":"<p style=\"text-align: justify\"><strong>Kutat\u00e1si profil:<\/strong> betegell\u00e1t\u00f3 tev\u00e9kenys\u00e9g\u00fcnkkel \u00f6sszhangban a klinik\u00e1nkon zajl\u00f3 kutat\u00f3munka f\u00f3kusz\u00e1ban klinikai \u00e9s transzl\u00e1ci\u00f3s daganatkutat\u00e1sok illetve a t\u00fcd\u0151\u00e1t\u00fcltet\u00e9ssel kapcsolatos klinikai kutat\u00e1sok \u00e1llnak. Tudom\u00e1nyos tev\u00e9kenys\u00e9g\u00fcnket az Orsz\u00e1gos Onkol\u00f3giai Int\u00e9zet t\u00e1rsoszt\u00e1lyaival, az Orsz\u00e1gos Kor\u00e1nyi Pulmonol\u00f3giai Int\u00e9zet Tumorbiol\u00f3gia oszt\u00e1ly\u00e1val, valamint a B\u00e9csi Orvosi Egyetemmel szorosan egy\u00fcttm\u0171k\u00f6dve v\u00e9gezz\u00fck.<br \/>\nKutat\u00f3munk\u00e1nk ir\u00e1nt \u00e9rdekl\u0151d\u0151 medikusok (TDK) \u00e9s biol\u00f3gusok jelentkez\u00e9s\u00e9t \u00f6r\u00f6mmel vessz\u00fck.<\/p>\n<p><strong>Jelenleg is zajl\u00f3 kutat\u00e1si projektjeink:<\/strong><\/p>\n<ul>\n<li>Kissejtes t\u00fcd\u0151r\u00e1k (SCLC):\n<ul>\n<li>Az SCLC neuroendokrin \u00e9s molekul\u00e1ris alt\u00edpusainak, \u00e9s az egyes alt\u00edpusok preklinikai, valamint klinikai jelent\u0151s\u00e9g\u00e9nek vizsg\u00e1lata<\/li>\n<li>Alt\u00edpus-specifikus paraneopl\u00e1zi\u00e1s szindr\u00f3m\u00e1k felt\u00e9rk\u00e9pez\u00e9se<\/li>\n<li>Az Activin A \u00e9s a follisztatin szintek alt\u00edpus-specificit\u00e1s\u00e1nak elemz\u00e9se<\/li>\n<li>Alt\u00edpus-specifikus metaszt\u00e1zis mint\u00e1zatok SCLC-ben<\/li>\n<li>A Myc expresszi\u00f3 tumorigenezisben bet\u00f6lt\u00f6tt szerep\u00e9nek vizsg\u00e1lata<\/li>\n<li>A Bcl-2 \u00e9s Mcl-1 expresszi\u00f3 ter\u00e1pi\u00e1s relevanci\u00e1j\u00e1nak elemz\u00e9se<\/li>\n<\/ul>\n<\/li>\n<li>Nem-kissejtes t\u00fcd\u0151r\u00e1k (NSCLC):\n<ul>\n<li>Genetikai alter\u00e1ci\u00f3k \u00e9s mut\u00e1ci\u00f3k sz\u00e1zal\u00e9kos el\u0151fordul\u00e1s\u00e1nak jelent\u0151s\u00e9ge NSCLC-ben<\/li>\n<li>Intertumor\u00e1lis heterogenit\u00e1s vizsg\u00e1lata primer daganat \u00e9s megfeleltetett t\u00fcd\u0151\u00e1tt\u00e9t k\u00f6z\u00f6tt<\/li>\n<li>Ter\u00e1pi\u00e1s v\u00e1lasz elemz\u00e9se kor\u00e1bbi COVID-19 fert\u0151z\u00e9s s\u00falyoss\u00e1g\u00e1nak f\u00fcggv\u00e9ny\u00e9ben<\/li>\n<li>SARS-CoV-2 spike-specifikus IgG antitestszint elemz\u00e9se daganatos betegekn\u00e9l<\/li>\n<li>Immunter\u00e1pi\u00e1s hat\u00e9konys\u00e1g vizsg\u00e1lata, valamint \u00faj predikt\u00edv markerek azonos\u00edt\u00e1sa<\/li>\n<li>FDG PET-CT-alap\u00fa radiomikai diagnosztikus panelek kidolgoz\u00e1sa NSCLC-ben<\/li>\n<\/ul>\n<\/li>\n<li>Egy\u00e9b mellkasi daganatok:\n<ul>\n<li>Sz\u00f6vettani alt\u00edpusok felt\u00e9rk\u00e9pez\u00e9se nagysejtes neuroendokrin t\u00fcd\u0151karcin\u00f3m\u00e1ban<\/li>\n<li>Inter- \u00e9s intratumor\u00e1lis heterogenit\u00e1s atypusos \u00e9s typusos carcinoid daganatokban<\/li>\n<li>Immunfenot\u00edpusok klinikai relevanic\u00e1ja \u00e9s prognosztikus \u00e9rt\u00e9ke thymoma \u00e9s thymus carcinoma eset\u00e9n<\/li>\n<li>Immunellen\u0151rz\u0151pontok expresszi\u00f3s profilja malignus pleur\u00e1lis mezoteli\u00f3m\u00e1ban<\/li>\n<li>Vaszkulariz\u00e1ci\u00f3s mechanizmusok vizsg\u00e1lata malignus pleur\u00e1lis mezoteli\u00f3m\u00e1ban<\/li>\n<\/ul>\n<\/li>\n<li><em>Ex vivo<\/em> k\u00eds\u00e9rletek:\n<ul>\n<li>Inhalat\u00edv \u00e9s perfund\u00e1lt \u00e1gensek eloszl\u00e1s\u00e1nak vizsg\u00e1lata izol\u00e1lt t\u00fcd\u0151 perf\u00fazi\u00f3s k\u00eds\u00e9rleti modellben<\/li>\n<\/ul>\n<\/li>\n<\/ul>\n<p><strong>Hazai kollabor\u00e1ci\u00f3s partnerek:<\/strong><br \/>\nELTE Biol\u00f3giai Fizika Tansz\u00e9k<br \/>\nCzir\u00f3k Andr\u00e1s<\/p>\n<p>MTA, Enzimol\u00f3giai Int\u00e9zet<br \/>\nMonostory Katalin<\/p>\n<p>Debreceni Egyetem Immunol\u00f3giai Int\u00e9zet<br \/>\nL\u00e1nyi \u00c1rp\u00e1d<\/p>\n<p><strong>Nemzetk\u00f6zi kollabor\u00e1ci\u00f3s partnerek:<\/strong><br \/>\nTechnische Universit\u00e4t Wien<br \/>\nAndreas Limberg<\/p>\n<p>Institute of Molecular Biotechnology, Austrian Academy of Sciences<br \/>\nJosef Penninger<\/p>\n<p>Ludwig Boltzmann Institute for Cancer Research, Vienna<br \/>\nEmilio Casanova<\/p>\n<p>Cancer Treatment Centers of America (Western Regional Medical Center)<br \/>\nGlen Weiss<\/p>\n<p>The Institute of Cancer Research, London<br \/>\nAndrew Reynolds<\/p>\n<p>Lund University, Sweden<br \/>\nGyorgy Marko-Varga<\/p>\n<p>University Clinic Golnik, Slovenia<br \/>\nIzidor Kern<\/p>\n<p>Dept. for Respiratory Diseases, University Hospital Zagreb<br \/>\nMarko Jacopovic<\/p>\n<p>Inst. de M\u00e9decine Mol\u00e9culaire de Rangueil, Toulouse<br \/>\nBernard Masri<\/p>\n<p>Asbestos Disease Research Institute, Sydney<br \/>\nGlen Reid<\/p>\n<p>University of Colorado Denver, Division of Medical Oncology<br \/>\nFred Hirsch<\/p>\n<p>&nbsp;<\/p>\n","protected":false},"excerpt":{"rendered":"<p>Kutat\u00e1si profil: betegell\u00e1t\u00f3 tev\u00e9kenys\u00e9g\u00fcnkkel \u00f6sszhangban a klinik\u00e1nkon zajl\u00f3 kutat\u00f3munka f\u00f3kusz\u00e1ban klinikai \u00e9s transzl\u00e1ci\u00f3s daganatkutat\u00e1sok illetve a t\u00fcd\u0151\u00e1t\u00fcltet\u00e9ssel kapcsolatos klinikai kutat\u00e1sok \u00e1llnak. Tudom\u00e1nyos tev\u00e9kenys\u00e9g\u00fcnket az Orsz\u00e1gos Onkol\u00f3giai Int\u00e9zet t\u00e1rsoszt\u00e1lyaival, az Orsz\u00e1gos Kor\u00e1nyi Pulmonol\u00f3giai Int\u00e9zet Tumorbiol\u00f3gia oszt\u00e1ly\u00e1val, valamint a B\u00e9csi Orvosi Egyetemmel szorosan egy\u00fcttm\u0171k\u00f6dve v\u00e9gezz\u00fck. Kutat\u00f3munk\u00e1nk ir\u00e1nt \u00e9rdekl\u0151d\u0151 medikusok (TDK) \u00e9s biol\u00f3gusok jelentkez\u00e9s\u00e9t \u00f6r\u00f6mmel vessz\u00fck. Jelenleg is &hellip;<\/p>\n","protected":false},"author":12,"featured_media":0,"parent":0,"menu_order":6,"comment_status":"open","ping_status":"closed","template":"","meta":{"_acf_changed":false,"footnotes":""},"categories":[],"tags":[],"class_list":["post-209","page","type-page","status-publish","hentry"],"acf":[],"_links":{"self":[{"href":"https:\/\/semmelweis.hu\/mellkassebeszet\/wp-json\/wp\/v2\/pages\/209","targetHints":{"allow":["GET"]}}],"collection":[{"href":"https:\/\/semmelweis.hu\/mellkassebeszet\/wp-json\/wp\/v2\/pages"}],"about":[{"href":"https:\/\/semmelweis.hu\/mellkassebeszet\/wp-json\/wp\/v2\/types\/page"}],"author":[{"embeddable":true,"href":"https:\/\/semmelweis.hu\/mellkassebeszet\/wp-json\/wp\/v2\/users\/12"}],"replies":[{"embeddable":true,"href":"https:\/\/semmelweis.hu\/mellkassebeszet\/wp-json\/wp\/v2\/comments?post=209"}],"version-history":[{"count":9,"href":"https:\/\/semmelweis.hu\/mellkassebeszet\/wp-json\/wp\/v2\/pages\/209\/revisions"}],"predecessor-version":[{"id":950,"href":"https:\/\/semmelweis.hu\/mellkassebeszet\/wp-json\/wp\/v2\/pages\/209\/revisions\/950"}],"wp:attachment":[{"href":"https:\/\/semmelweis.hu\/mellkassebeszet\/wp-json\/wp\/v2\/media?parent=209"}],"wp:term":[{"taxonomy":"category","embeddable":true,"href":"https:\/\/semmelweis.hu\/mellkassebeszet\/wp-json\/wp\/v2\/categories?post=209"},{"taxonomy":"post_tag","embeddable":true,"href":"https:\/\/semmelweis.hu\/mellkassebeszet\/wp-json\/wp\/v2\/tags?post=209"}],"curies":[{"name":"wp","href":"https:\/\/api.w.org\/{rel}","templated":true}]}}

Kutatási profil

<p style="text-align: justify"><strong>Kutatási profil:</strong> betegellátó tevékenységünkkel összhangban a klinikánkon zajló kutatómunka fókuszában klinikai és transzlációs daganatkutatások illetve a tüdőátültetéssel kapcsolatos klinikai kutatások állnak. Tudományos tevékenységünket az Országos Onkológiai Intézet társosztályaival, az Országos Korányi Pulmonológiai Intézet Tumorbiológia osztályával, valamint a Bécsi Orvosi Egyetemmel szorosan együttműködve végezzük.<br />
Kutatómunkánk iránt érdeklődő medikusok (TDK) és biológusok jelentkezését örömmel vesszük.</p>
<p><strong>Jelenleg is zajló kutatási projektjeink:</strong></p>
<ul>
<li>Kissejtes tüdőrák (SCLC):
<ul>
<li>Az SCLC neuroendokrin és molekuláris altípusainak, és az egyes altípusok preklinikai, valamint klinikai jelentőségének vizsgálata</li>
<li>Altípus-specifikus paraneopláziás szindrómák feltérképezése</li>
<li>Az Activin A és a follisztatin szintek altípus-specificitásának elemzése</li>
<li>Altípus-specifikus metasztázis mintázatok SCLC-ben</li>
<li>A Myc expresszió tumorigenezisben betöltött szerepének vizsgálata</li>
<li>A Bcl-2 és Mcl-1 expresszió terápiás relevanciájának elemzése</li>
</ul>
</li>
<li>Nem-kissejtes tüdőrák (NSCLC):
<ul>
<li>Genetikai alterációk és mutációk százalékos előfordulásának jelentősége NSCLC-ben</li>
<li>Intertumorális heterogenitás vizsgálata primer daganat és megfeleltetett tüdőáttét között</li>
<li>Terápiás válasz elemzése korábbi COVID-19 fertőzés súlyosságának függvényében</li>
<li>SARS-CoV-2 spike-specifikus IgG antitestszint elemzése daganatos betegeknél</li>
<li>Immunterápiás hatékonyság vizsgálata, valamint új prediktív markerek azonosítása</li>
<li>FDG PET-CT-alapú radiomikai diagnosztikus panelek kidolgozása NSCLC-ben</li>
</ul>
</li>
<li>Egyéb mellkasi daganatok:
<ul>
<li>Szövettani altípusok feltérképezése nagysejtes neuroendokrin tüdőkarcinómában</li>
<li>Inter- és intratumorális heterogenitás atypusos és typusos carcinoid daganatokban</li>
<li>Immunfenotípusok klinikai relevanicája és prognosztikus értéke thymoma és thymus carcinoma esetén</li>
<li>Immunellenőrzőpontok expressziós profilja malignus pleurális mezoteliómában</li>
<li>Vaszkularizációs mechanizmusok vizsgálata malignus pleurális mezoteliómában</li>
</ul>
</li>
<li><em>Ex vivo</em> kísérletek:
<ul>
<li>Inhalatív és perfundált ágensek eloszlásának vizsgálata izolált tüdő perfúziós kísérleti modellben</li>
</ul>
</li>
</ul>
<p><strong>Hazai kollaborációs partnerek:</strong><br />
ELTE Biológiai Fizika Tanszék<br />
Czirók András</p>
<p>MTA, Enzimológiai Intézet<br />
Monostory Katalin</p>
<p>Debreceni Egyetem Immunológiai Intézet<br />
Lányi Árpád</p>
<p><strong>Nemzetközi kollaborációs partnerek:</strong><br />
Technische Universität Wien<br />
Andreas Limberg</p>
<p>Institute of Molecular Biotechnology, Austrian Academy of Sciences<br />
Josef Penninger</p>
<p>Ludwig Boltzmann Institute for Cancer Research, Vienna<br />
Emilio Casanova</p>
<p>Cancer Treatment Centers of America (Western Regional Medical Center)<br />
Glen Weiss</p>
<p>The Institute of Cancer Research, London<br />
Andrew Reynolds</p>
<p>Lund University, Sweden<br />
Gyorgy Marko-Varga</p>
<p>University Clinic Golnik, Slovenia<br />
Izidor Kern</p>
<p>Dept. for Respiratory Diseases, University Hospital Zagreb<br />
Marko Jacopovic</p>
<p>Inst. de Médecine Moléculaire de Rangueil, Toulouse<br />
Bernard Masri</p>
<p>Asbestos Disease Research Institute, Sydney<br />
Glen Reid</p>
<p>University of Colorado Denver, Division of Medical Oncology<br />
Fred Hirsch</p>
<p>&nbsp;</p>

<p>Kutatási profil: betegellátó tevékenységünkkel összhangban a klinikánkon zajló kutatómunka fókuszában klinikai és transzlációs daganatkutatások illetve a tüdőátültetéssel kapcsolatos klinikai kutatások állnak. Tudományos tevékenységünket az Országos Onkológiai Intézet társosztályaival, az Országos Korányi Pulmonológiai Intézet Tumorbiológia osztályával, valamint a Bécsi Orvosi Egyetemmel szorosan együttműködve végezzük. Kutatómunkánk iránt érdeklődő medikusok (TDK) és biológusok jelentkezését örömmel vesszük. Jelenleg is &hellip;</p>
