{"id":1042,"date":"2024-04-08T20:47:32","date_gmt":"2024-04-08T18:47:32","guid":{"rendered":"https:\/\/semmelweis.hu\/mellkassebeszet\/?page_id=1042"},"modified":"2024-04-30T17:01:21","modified_gmt":"2024-04-30T15:01:21","slug":"adatvedelem","status":"publish","type":"page","link":"https:\/\/semmelweis.hu\/mellkassebeszet\/adatvedelem\/","title":{"rendered":"Adatv\u00e9delem"},"content":{"rendered":"<p>A Semmelweis Egyetemen a szem\u00e9lyes \u00e9s k\u00fcl\u00f6nleges adatok kezel\u00e9se \u00e9s v\u00e9delme a jogszab\u00e1lyoknak megfelel\u0151en, biztons\u00e1gosan t\u00f6rt\u00e9nik.<\/p>\n<p>Ezt a\u00a0<a href=\"https:\/\/semmelweis.hu\/tuzoltoklinika\/files\/2021\/07\/Adatvedelmi_Szabalyzat_hatalyos_20210708tol.pdf\" target=\"_blank\" rel=\"noopener noreferrer\"><strong>Semmelweis Egyetem Adatv\u00e9delmi Szab\u00e1lyzata<\/strong>\u00a0<\/a>foglalja \u00f6ssze.<\/p>\n<p>Az egyetemi adatv\u00e9delmi felel\u0151s alapvet\u0151 feladata, hogy az Adatv\u00e9delmi Szab\u00e1lyzatban r\u00f6gz\u00edtett feladatait teljes\u00edtve gondoskodjon az egyetem adatv\u00e9delmi \u00e9s az ezzel \u00f6sszef\u00fcgg\u0151 adatbiztons\u00e1gi szempontokat kiel\u00e9g\u00edt\u0151 m\u0171k\u00f6d\u00e9s\u00e9r\u0151l.<\/p>\n<h4><strong>A Semmelweis Egyetem adatv\u00e9delmi tisztvisel\u0151je:<\/strong><\/h4>\n<p><strong>Dr. Tr\u00f3cs\u00e1nyi S\u00e1ra<\/strong><br \/>\n1085 Budapest, Baross utca 52.<br \/>\nTel.: 06-1\/459-1500\/62710<\/p>\n<p><strong>E-mail:<\/strong>\u00a0<a href=\"mailto:adatvedelem@semmelweis-univ.hu\">adatvedelem@semmelweis-univ.hu<\/a><\/p>\n<div class=\"keretes w-100\">\n<p>A Semmelweis Egyetem <strong>Mellkasseb\u00e9szeti Klinika adatkezel\u00e9si t\u00e1j\u00e9koztat\u00f3ja<\/strong>:<\/p>\n<ul>\n<li><a href=\"https:\/\/semmelweis.hu\/mellkassebeszet\/files\/2024\/04\/adatkezelesi-tajekoztato-alairt-vegleges.pdf\">Adatkezel\u00e9si t\u00e1j\u00e9koztat\u00f3 a szem\u00e9lyes adatok kezel\u00e9s\u00e9r\u0151l<\/a>\u00a0sz\u00f3l\u00f3 nyilv\u00e1ntart\u00e1s (pdf)<\/li>\n<\/ul>\n<p>A Semmelweis Egyetem Adatv\u00e9delmi \u00e9s Betegjogi K\u00f6zpontj\u00e1nak j\u00f3v\u00e1hagy\u00e1s\u00e1val elk\u00e9sz\u00edtett\u00fck az Egyetem Mellkasseb\u00e9szeti Klinik\u00e1j\u00e1ra vonatkoz\u00f3 <strong>Adatkezel\u00e9si nyilv\u00e1ntart\u00e1sainkat Excel t\u00e1bl\u00e1zatban:<\/strong><\/p>\n<ul>\n<li><a href=\"https:\/\/semmelweis.hu\/mellkassebeszet\/files\/2024\/04\/1.-Adatkezelesi-nyilvantartas-Mellkassebeszeti-Klinika.xlsx\">Adatkezel\u00e9si nyilv\u00e1ntart\u00e1s<\/a><\/li>\n<\/ul>\n<\/div>\n","protected":false},"excerpt":{"rendered":"<p>A Semmelweis Egyetemen a szem\u00e9lyes \u00e9s k\u00fcl\u00f6nleges adatok kezel\u00e9se \u00e9s v\u00e9delme a jogszab\u00e1lyoknak megfelel\u0151en, biztons\u00e1gosan t\u00f6rt\u00e9nik. Ezt a\u00a0 <a href=\"https:\/\/semmelweis.hu\/tuzoltoklinika\/files\/2021\/07\/Adatvedelmi_Szabalyzat_hatalyos_20210708tol.pdf\" target=\"_blank\" rel=\"noopener noreferrer\">Semmelweis Egyetem Adatv\u00e9delmi Szab\u00e1lyzata\u00a0<\/a> foglalja \u00f6ssze. Az egyetemi adatv\u00e9delmi felel\u0151s alapvet\u0151 feladata, hogy az Adatv\u00e9delmi Szab\u00e1lyzatban r\u00f6gz\u00edtett feladatait teljes\u00edtve gondoskodjon az egyetem adatv\u00e9delmi \u00e9s az ezzel \u00f6sszef\u00fcgg\u0151 adatbiztons\u00e1gi szempontokat kiel\u00e9g\u00edt\u0151 m\u0171k\u00f6d\u00e9s\u00e9r\u0151l. A Semmelweis Egyetem adatv\u00e9delmi tisztvisel\u0151je: Dr. Tr\u00f3cs\u00e1nyi S\u00e1ra 1085 Budapest, &hellip;<\/p>\n","protected":false},"author":102006,"featured_media":0,"parent":0,"menu_order":0,"comment_status":"closed","ping_status":"closed","template":"","meta":{"_acf_changed":false,"footnotes":""},"categories":[],"tags":[],"class_list":["post-1042","page","type-page","status-publish","hentry"],"acf":[],"_links":{"self":[{"href":"https:\/\/semmelweis.hu\/mellkassebeszet\/wp-json\/wp\/v2\/pages\/1042","targetHints":{"allow":["GET"]}}],"collection":[{"href":"https:\/\/semmelweis.hu\/mellkassebeszet\/wp-json\/wp\/v2\/pages"}],"about":[{"href":"https:\/\/semmelweis.hu\/mellkassebeszet\/wp-json\/wp\/v2\/types\/page"}],"author":[{"embeddable":true,"href":"https:\/\/semmelweis.hu\/mellkassebeszet\/wp-json\/wp\/v2\/users\/102006"}],"replies":[{"embeddable":true,"href":"https:\/\/semmelweis.hu\/mellkassebeszet\/wp-json\/wp\/v2\/comments?post=1042"}],"version-history":[{"count":4,"href":"https:\/\/semmelweis.hu\/mellkassebeszet\/wp-json\/wp\/v2\/pages\/1042\/revisions"}],"predecessor-version":[{"id":1050,"href":"https:\/\/semmelweis.hu\/mellkassebeszet\/wp-json\/wp\/v2\/pages\/1042\/revisions\/1050"}],"wp:attachment":[{"href":"https:\/\/semmelweis.hu\/mellkassebeszet\/wp-json\/wp\/v2\/media?parent=1042"}],"wp:term":[{"taxonomy":"category","embeddable":true,"href":"https:\/\/semmelweis.hu\/mellkassebeszet\/wp-json\/wp\/v2\/categories?post=1042"},{"taxonomy":"post_tag","embeddable":true,"href":"https:\/\/semmelweis.hu\/mellkassebeszet\/wp-json\/wp\/v2\/tags?post=1042"}],"curies":[{"name":"wp","href":"https:\/\/api.w.org\/{rel}","templated":true}]}}