{"id":5,"date":"2012-06-27T09:14:04","date_gmt":"2012-06-27T07:14:04","guid":{"rendered":"http:\/\/semmelweis-egyetem.hu\/mediasarok\/?page_id=5"},"modified":"2025-01-05T20:05:02","modified_gmt":"2025-01-05T19:05:02","slug":"kapcsolat","status":"publish","type":"page","link":"https:\/\/semmelweis.hu\/mediasarok\/kapcsolat\/","title":{"rendered":"Kapcsolat"},"content":{"rendered":"<p>A Semmelweis Egyetem k\u00fcls\u0151 \u00e9s bels\u0151 kommunik\u00e1ci\u00f3j\u00e1val a Kommunik\u00e1ci\u00f3s Igazgat\u00f3s\u00e1g foglalkozik.<\/p>\n<p><strong>E-mail: <a href=\"mailto:hirek@semmelweis.hu\">hirek@semmelweis.hu<\/a><br \/>\n<\/strong>C\u00edm: 1085 Budapest, \u00dcll\u0151i \u00fat 26., 3. emelet T 25-26.\u00a0<\/p>\n<p>Csat\u00e1ri-F\u00f6ldv\u00e1ry Eszter, sajt\u00f3referens: +3630 269 6302<br \/>\nHaiman \u00c9va, sajt\u00f3referens: +3620 670 1574<\/p>\n","protected":false},"excerpt":{"rendered":"<p>A Semmelweis Egyetem k\u00fcls\u0151 \u00e9s bels\u0151 kommunik\u00e1ci\u00f3j\u00e1val a Kommunik\u00e1ci\u00f3s Igazgat\u00f3s\u00e1g foglalkozik.<br \/>\nE-mail: <a href=\"mailto:hirek@semmelweis.hu\">hirek@semmelweis.hu<\/a><br \/>\nC\u00edm: 1085 Budapest, \u00dcll\u0151i \u00fat 26., 3. emelet T 25-26.\u00a0<br \/>\nCsat\u00e1ri-F\u00f6ldv\u00e1ry Eszter, sajt\u00f3referens: +3630 269 6302<br \/>\nHaiman \u00c9va, sajt\u00f3referens: +3620 670 1574<\/p>\n","protected":false},"author":12,"featured_media":0,"parent":0,"menu_order":6,"comment_status":"closed","ping_status":"closed","template":"","meta":{"_acf_changed":false,"footnotes":""},"categories":[],"tags":[],"class_list":["post-5","page","type-page","status-publish","hentry"],"acf":[],"_links":{"self":[{"href":"https:\/\/semmelweis.hu\/mediasarok\/wp-json\/wp\/v2\/pages\/5","targetHints":{"allow":["GET"]}}],"collection":[{"href":"https:\/\/semmelweis.hu\/mediasarok\/wp-json\/wp\/v2\/pages"}],"about":[{"href":"https:\/\/semmelweis.hu\/mediasarok\/wp-json\/wp\/v2\/types\/page"}],"author":[{"embeddable":true,"href":"https:\/\/semmelweis.hu\/mediasarok\/wp-json\/wp\/v2\/users\/12"}],"replies":[{"embeddable":true,"href":"https:\/\/semmelweis.hu\/mediasarok\/wp-json\/wp\/v2\/comments?post=5"}],"version-history":[{"count":11,"href":"https:\/\/semmelweis.hu\/mediasarok\/wp-json\/wp\/v2\/pages\/5\/revisions"}],"predecessor-version":[{"id":158535,"href":"https:\/\/semmelweis.hu\/mediasarok\/wp-json\/wp\/v2\/pages\/5\/revisions\/158535"}],"wp:attachment":[{"href":"https:\/\/semmelweis.hu\/mediasarok\/wp-json\/wp\/v2\/media?parent=5"}],"wp:term":[{"taxonomy":"category","embeddable":true,"href":"https:\/\/semmelweis.hu\/mediasarok\/wp-json\/wp\/v2\/categories?post=5"},{"taxonomy":"post_tag","embeddable":true,"href":"https:\/\/semmelweis.hu\/mediasarok\/wp-json\/wp\/v2\/tags?post=5"}],"curies":[{"name":"wp","href":"https:\/\/api.w.org\/{rel}","templated":true}]}}