{"id":9192,"date":"2020-09-17T11:57:12","date_gmt":"2020-09-17T09:57:12","guid":{"rendered":"https:\/\/semmelweis.hu\/magtud\/?page_id=9192"},"modified":"2020-09-17T12:06:27","modified_gmt":"2020-09-17T10:06:27","slug":"introduction-to-principles-of-student-scientific-research","status":"publish","type":"page","link":"https:\/\/semmelweis.hu\/magtud\/en\/research\/students-scientific-association\/introduction-to-principles-of-student-scientific-research\/","title":{"rendered":"Introduction to principles of student scientific research"},"content":{"rendered":"<p><span style=\"color: #ff0000\">New elective university course<br \/>\n<\/span><\/p>\n<p>The English language course on <strong><a href=\"https:\/\/semmelweis.hu\/tdk\/en\/introduction-to-principles-of-students-scientific-research\/\" target=\"_blank\" rel=\"noopener noreferrer\">Introduction to principles of student scientific research<\/a> started on September 10, 2020<\/strong>!<br \/>\nThe course start at 6.30 p.m. on Thursdays.<br \/>\nLocation: the Lecture Hall of the I. sz. Seb\u00e9szeti Klinika<br \/>\nRegister here: https:\/\/forms.gle\/SPH885Jf78tUzKdPA<\/p>\n<div class=\"exp-col-content-holder\">\n<p><strong>Detailed Curriculum 2020\/2021<\/strong><\/p>\n<div class=\"hidden-content\">\n<p><strong>1. <\/strong><strong>week 10\/09\/2020 18:30<br \/>\n<\/strong><strong>!!!!!!!THE LECTURE WILL BE MISSED!!!!!!!!<br \/>\n<\/strong><strong>Next time: 17\/09\/2020 15:30<br \/>\n<\/strong><strong>Introduction to a Scientific Student Work. Past and present. The process and faults of information processing.<br \/>\n<\/strong>Prof. Dr. Szij\u00e1rt\u00f3 Attila<br \/>\nprofessor, director, president of SSA<br \/>\n1st Department of Surgery<\/p>\n<p><strong>2. week 17\/09\/2020. 18:30<br \/>\n<\/strong><strong>Medical\u00a0Research: Past-Present-Future?<br \/>\n<\/strong>Dr. Szigeti Gyula<br \/>\ndirector<br \/>\nDirectorate of Innovation<\/p>\n<p><strong>3. week <\/strong><strong>24\/09\/2020. 18:30<br \/>\n<\/strong><strong>Basic biomedical research in the 21st century<br \/>\n<\/strong>Prof. Dr. M\u00f3csai Attila<br \/>\nprofessor, D.Sc<br \/>\nDepartment of Physiology<\/p>\n<p><strong>4. week 1\/10\/2020. 18:30<br \/>\n<\/strong><strong>The basic principles and the ethics of animal experimentation<br \/>\n<\/strong>Dr. Szab\u00f3 Gy\u00f6rgyi<br \/>\nassociate professor, int\u00e9zetvezet\u0151 helyettes<br \/>\nDepartment of Surgical Research and Techniques<\/p>\n<p><strong>5. week 8\/10\/2020. 18:30<br \/>\n<\/strong><strong>Ethical questions of Human Research<br \/>\n<\/strong>Prof. Dr. Kov\u00e1cs J\u00f3zsef<br \/>\nInstitute of Behavioural Sciences<\/p>\n<p><strong>\u00a0<\/strong><strong>6. <\/strong><strong>week 15\/10\/2020. 18:30<br \/>\n<\/strong><strong>Introduction to biostatistics<br \/>\n<\/strong>Dr. P\u00f3sfai Bal\u00e1zs<br \/>\nPhD student<br \/>\nLaboratory of Neuroimmunology<br \/>\nInstitute of Experimental Medicine<\/p>\n<p><strong>\u00a0<\/strong><strong>7. week 22\/10\/2020. 18:30<br \/>\n<\/strong><strong>Basic and clinical biostatistics in daily use<br \/>\n<\/strong>Prof. Dr. Proh\u00e1szka Zolt\u00e1n<br \/>\nprofessor<br \/>\n3rd Department of Internal Medicine<\/p>\n<p><strong>8. week 29\/10\/2020. 18:30<br \/>\n<\/strong><strong>Advanced biostatistics<br \/>\n<\/strong>Dr. K\u00f6k\u00e9ny G\u00e1bor<br \/>\nassociate professor<br \/>\nDept. of Translational Medicine<\/p>\n<p><strong>9. week 5\/11\/2020. 18:30<br \/>\n<\/strong><strong>Preparation of scientific works, publications, and theses<br \/>\n<\/strong>Dr. F\u00fcl\u00f6p Andr\u00e1s<br \/>\nclinician<br \/>\n1st Department of Surgery<\/p>\n<p><strong>10. <\/strong><strong>week 12\/11\/2020. 18:30<br \/>\n<\/strong><strong>Literature research<br \/>\n<\/strong>Szluka P\u00e9ter<br \/>\ndirector<br \/>\nSemmelweis Univertsity Central Library<\/p>\n<p><strong>11. week 19\/11\/2020. 18:30<br \/>\n<\/strong><strong>Presentation and style<br \/>\n<\/strong>Leindler Mil\u00e1n<br \/>\ninstructor<br \/>\nETK, Alkalmazott Pszichol\u00f3giai Tansz\u00e9k<\/p>\n<p><strong>12. week 03\/12\/2020. 18:30<br \/>\n<\/strong><strong>\u00a0Data saves lives and public money<br \/>\n<\/strong><strong>\u00a0<\/strong>Dr. Sz\u00f3cska Mikl\u00f3s<br \/>\nassociate professor, director<br \/>\nHealth Services Management Training Center<\/p>\n<p><strong>13. week 10\/12\/2020. 18:30<br \/>\n<\/strong><strong>Course completion, summary, test writing<br \/>\n<\/strong>Dr. Szij\u00e1rt\u00f3 Attila<br \/>\nprofessor, vice director, president of SSA<br \/>\n1st Department of Surgery<\/p>\n<p>&nbsp;<\/p>\n<\/div>\n<\/div>\n","protected":false},"excerpt":{"rendered":"<p>New elective university course The English language course on <a href=\"https:\/\/semmelweis.hu\/tdk\/en\/introduction-to-principles-of-students-scientific-research\/\" target=\"_blank\" rel=\"noopener noreferrer\">Introduction to principles of student scientific research<\/a> started on September 10, 2020! The course start at 6.30 p.m. on Thursdays. Location: the Lecture Hall of the I. sz. Seb\u00e9szeti Klinika Register here: https:\/\/forms.gle\/SPH885Jf78tUzKdPA Detailed Curriculum 2020\/2021 1. week 10\/09\/2020 18:30 !!!!!!!THE LECTURE WILL BE MISSED!!!!!!!! Next time: 17\/09\/2020 15:30 Introduction to a Scientific &hellip;<\/p>\n","protected":false},"author":101277,"featured_media":0,"parent":4881,"menu_order":5,"comment_status":"closed","ping_status":"closed","template":"","meta":{"_acf_changed":false,"footnotes":""},"categories":[],"tags":[],"class_list":["post-9192","page","type-page","status-publish","hentry"],"acf":[],"_links":{"self":[{"href":"https:\/\/semmelweis.hu\/magtud\/wp-json\/wp\/v2\/pages\/9192","targetHints":{"allow":["GET"]}}],"collection":[{"href":"https:\/\/semmelweis.hu\/magtud\/wp-json\/wp\/v2\/pages"}],"about":[{"href":"https:\/\/semmelweis.hu\/magtud\/wp-json\/wp\/v2\/types\/page"}],"author":[{"embeddable":true,"href":"https:\/\/semmelweis.hu\/magtud\/wp-json\/wp\/v2\/users\/101277"}],"replies":[{"embeddable":true,"href":"https:\/\/semmelweis.hu\/magtud\/wp-json\/wp\/v2\/comments?post=9192"}],"version-history":[{"count":7,"href":"https:\/\/semmelweis.hu\/magtud\/wp-json\/wp\/v2\/pages\/9192\/revisions"}],"predecessor-version":[{"id":9207,"href":"https:\/\/semmelweis.hu\/magtud\/wp-json\/wp\/v2\/pages\/9192\/revisions\/9207"}],"up":[{"embeddable":true,"href":"https:\/\/semmelweis.hu\/magtud\/wp-json\/wp\/v2\/pages\/4881"}],"wp:attachment":[{"href":"https:\/\/semmelweis.hu\/magtud\/wp-json\/wp\/v2\/media?parent=9192"}],"wp:term":[{"taxonomy":"category","embeddable":true,"href":"https:\/\/semmelweis.hu\/magtud\/wp-json\/wp\/v2\/categories?post=9192"},{"taxonomy":"post_tag","embeddable":true,"href":"https:\/\/semmelweis.hu\/magtud\/wp-json\/wp\/v2\/tags?post=9192"}],"curies":[{"name":"wp","href":"https:\/\/api.w.org\/{rel}","templated":true}]}}