{"id":8857,"date":"2020-09-03T16:00:18","date_gmt":"2020-09-03T14:00:18","guid":{"rendered":"https:\/\/semmelweis.hu\/magtud\/?page_id=8857"},"modified":"2020-09-03T16:00:18","modified_gmt":"2020-09-03T14:00:18","slug":"jewish-medical-ethics","status":"publish","type":"page","link":"https:\/\/semmelweis.hu\/magtud\/en\/education\/elective-courses\/jewish-medical-ethics\/","title":{"rendered":"Jewish Medical Ethics"},"content":{"rendered":"<div class=\"responsive-tabs\">\n<h2 class=\"tabtitle\">2020\/2021 1st semester<\/h2>\n<div class=\"tabcontent\">\n\n<p><strong>REQUIREMENTS<\/strong><\/p>\n<p>&nbsp;<\/p>\n<table width=\"612\">\n<tbody>\n<tr>\n<td width=\"612\"><strong>Semmelweis University, Faculty of Medicine<\/strong><\/p>\n<p><strong>Name(s) of the Institute(s) teaching the subject:<\/strong><\/p>\n<p><strong>\u00a0<\/strong>Institute of Behavioral Sciences<\/td>\n<\/tr>\n<tr>\n<td width=\"612\"><strong>Name of the subject: <\/strong><\/p>\n<p><strong>in English: <\/strong>Jewish Medical Ethics I<\/p>\n<p><strong>in German: <\/strong><\/p>\n<p><strong>in Hungarian:<\/strong> Zsid\u00f3 orvosi etika I.<\/p>\n<p><strong>Credit value: <\/strong>2 credits<\/p>\n<p><strong>Total number of hours: <\/strong>2 <strong>\u00a0\u00a0\u00a0\u00a0\u00a0\u00a0 lectures: <\/strong>\u00a0<strong>28\u00a0\u00a0 practices: <\/strong>\u00a0<strong>seminars: 0<\/strong><\/p>\n<p><strong>Subject type:<\/strong>\u00a0\u00a0\u00a0\u00a0 <strong>\u00a0compulsory course\u00a0\u00a0\u00a0\u00a0\u00a0\u00a0 elective course\u00a0\u00a0\u00a0\u00a0\u00a0\u00a0\u00a0\u00a0 <u>optional course<\/u><\/strong><\/td>\n<\/tr>\n<tr>\n<td width=\"612\"><strong>Academic year<\/strong>:\u00a0 2020\/2021. I<strong>.<\/strong><\/td>\n<\/tr>\n<tr>\n<td width=\"612\"><strong>Subject code: <\/strong>AOSMAG139_1A<\/p>\n<p><em>(In case of a new subject, it is filled by the Dean&#8217;s Office, after approval)<\/em><\/td>\n<\/tr>\n<tr>\n<td width=\"612\"><strong>Name of the course leader<\/strong>: Rabbi Oberlander B\u00e1ruch<\/p>\n<p><strong>Contact: <\/strong><a href=\"mailto:oberlander@zsido.com\">oberlander@zsido.com<\/a><\/p>\n<p><strong>His\/her workplace, phone number: <\/strong>Budapesti Ortodox Rabbin\u00e1tus, 06-20\/936-4682<\/p>\n<p><strong>Position:<\/strong> Eln\u00f6k<\/p>\n<p><strong>Date and registration number of their habilitation: <\/strong>Doctor of Philosophy (Ph.D.), May 5, 2010<\/td>\n<\/tr>\n<tr>\n<td width=\"612\"><strong>Objectives of the subject, its place in the medical curriculum:<\/strong> <strong>\u00a0<\/strong><\/p>\n<p>The class introduces the ancient Jewish ethical system, as well as how that system can be applied in this modern age<\/td>\n<\/tr>\n<tr>\n<td width=\"612\"><strong>Place where the subject is taught (address of the auditorium, seminar room,<\/strong> <strong>etc.):<\/strong><\/p>\n<p>1052 Budapest, K\u00e1roly k\u00f6r\u00fat 20. II. Floor<\/td>\n<\/tr>\n<tr>\n<td width=\"612\"><strong>Successful completion of the subject results in the acquisition of the following competencies:<\/strong><\/p>\n<p>General medical competencies are supplemented by special Jewish knowledge.<\/td>\n<\/tr>\n<tr>\n<td width=\"612\"><strong>Course prerequisites:<\/strong><\/p>\n<p>Prerequisite for semester II. is the successful completion of semester I. semester I. has no prerequisite.<\/td>\n<\/tr>\n<tr>\n<td width=\"612\"><strong>Number of students required for the course (minimum, maximum) and method of selecting students:<\/strong><\/p>\n<p>\u2013.<\/td>\n<\/tr>\n<tr>\n<td width=\"612\"><strong>How to apply for the course:<\/strong><\/p>\n<p>Through the Neptun system.<\/td>\n<\/tr>\n<tr>\n<td width=\"612\"><strong>Detailed curriculum:<\/strong><\/p>\n<p><em>(Theoretical and practical lessons shall be given separately by numbering the lessons (by weeks). Please provide the names of the teachers of the lectures and practical lessons and indicate guest lecturers. Do not use attachments!<\/em><\/p>\n<p><em>Always attach a CV for guest lecturers!)<\/em><\/p>\n<p>&nbsp;<\/p>\n<p>&nbsp;<\/p>\n<p>Semester I.<\/p>\n<p>1-2. Lecture: The religious orders and the duty of saving a life<\/p>\n<p>3-4. Lecture: Doctors and God \u2013 The function of healing and prayer in Jewish ethics<\/p>\n<p>5-6. Lecture: Euthanasia \u2013 The questions of death and dying in society<\/p>\n<p>7-8. Lecture: Smoking and use of light drugs from the aspect of Judaism<\/p>\n<p>9-10. Lecture: Medical malpractice in the light of Jewish law and ethics<\/p>\n<p>11-12. Lecture: The possibilities for artificial insemination in Jewish law<\/p>\n<p>13-14. Lecture: The advantages, disadvantages and conditions of cloning<\/p>\n<p>Lecturers: Oberlander B\u00e1ruch rabbi<\/td>\n<\/tr>\n<tr>\n<td width=\"612\"><strong>Other subjects concerning the border issues of the given subject (both compulsory and optional courses!). Possible overlaps of themes:<\/strong><\/td>\n<\/tr>\n<tr>\n<td width=\"612\"><strong>Special study work required to successfully complete the course:<\/strong><\/p>\n<p><em>(E.g. field exercises, medical case analysis, test preparation, etc.)<\/em><\/td>\n<\/tr>\n<tr>\n<td width=\"612\"><strong>Requirements for participation in classes and the possibility to make up for absences:<\/strong><\/p>\n<p>&nbsp;<\/td>\n<\/tr>\n<tr>\n<td width=\"612\"><strong>Methods to assess knowledge acquisition during term time:<\/strong><\/p>\n<p>(<em>E.g. homework, reports, mid-term test, end-term test, etc., the possibility of replacement and improvement of test results)<\/em><\/td>\n<\/tr>\n<tr>\n<td width=\"612\"><strong>Requirements for signature:<\/strong><\/p>\n<p>&#8211;<\/td>\n<\/tr>\n<tr>\n<td width=\"612\"><strong>Type of examination:<\/strong><\/p>\n<p>Written report (paper) based on list of topics and recommended reading material.<\/p>\n<p>&nbsp;<\/td>\n<\/tr>\n<tr>\n<td width=\"612\"><strong>Requirements of the examination:<\/strong><\/p>\n<p>(<em>In case of a theoretical examination, please provide the topic list; in case of a practical exam, specify the topics and the method of the exam)<\/em><\/p>\n<p>Submitting paper by deadline<\/p>\n<p>&nbsp;<\/td>\n<\/tr>\n<tr>\n<td width=\"612\"><strong>Method and type of evaluation:<\/strong><\/p>\n<p>(<em>Method of calculating the final mark based on the theoretical and practical examination. How the mid-term test results are taken into account in the final mark.)<\/em><\/p>\n<p>&nbsp;<\/p>\n<p>&nbsp;<\/td>\n<\/tr>\n<tr>\n<td width=\"612\"><strong>How to register for the examination?:<\/strong><\/p>\n<p>Through the Neptun system.<\/td>\n<\/tr>\n<tr>\n<td width=\"612\"><strong>Possibilities for exam retake:<\/strong><\/p>\n<p>Through the Neptun system<\/p>\n<p>&nbsp;<\/td>\n<\/tr>\n<tr>\n<td width=\"612\"><strong>Printed, electronic and online notes, textbooks, guides and literature (URL address for online material) to aid the acquisition of the material:<\/strong><\/p>\n<p>Required reading:<\/p>\n<p>Handouts given during lectures<\/p>\n<p>&nbsp;<\/p>\n<p>Recommended reading:<\/p>\n<p>Dr. Avraham Steinberg (Translated by Dr. Fred Rosner): Encyclopedia of Jewish<\/p>\n<p>Medical Ethics, Feldheim Publishers, Jerusalem-New York, 1988, ISBN: 1-58330-592-0<\/p>\n<p>Fred Rosner: Pioneers in Jewish Medical Ethics, Jason Aronson, New Jersey, 1997<\/p>\n<p>Fred Rosner: Medicine in the Bible and the Talmud: Selections from Classical Jewish Sources, Ktav<\/p>\n<p>Publishing House, New York 1977<\/p>\n<p>Rabbi Moshe Tendler\u2013Fred Rosner: Practical Medical Halachah, Association of Orthodox Jewish<\/p>\n<p>Scientists, New Jersey 1990<\/p>\n<p>David J. Bleich: Judaism and Healing: Halakhic Perspectives, Ktav Publishing House, New York 1981<\/p>\n<p>Faitel Levin: Halacha, medical science, and technology: Perspectives on contemporary Halacha issues,<\/p>\n<p>Maznaim Publishing Corporation, New York-Jerusalem, 1987<\/p>\n<p>Fred Rosner: Medicine and Jewish Law II, Jason Aronson, New Jersey, 1993<\/td>\n<\/tr>\n<tr>\n<td width=\"612\"><strong>Signature of the habilitated instructor (course leader) who announced the subject:<\/strong><\/td>\n<\/tr>\n<tr>\n<td width=\"612\"><\/td>\n<\/tr>\n<tr>\n<td width=\"612\"><strong>Hand-in date:<\/strong><\/td>\n<\/tr>\n<\/tbody>\n<\/table>\n<p>&nbsp;<\/p>\n\n<\/div><h2 class=\"tabtitle\">2020\/2021 2nd semester<\/h2>\n<div class=\"tabcontent\">\n\n<p><strong>REQUIREMENTS<\/strong><\/p>\n<p>&nbsp;<\/p>\n<table width=\"612\">\n<tbody>\n<tr>\n<td width=\"612\"><strong>Semmelweis University, Faculty of Medicine<\/strong><\/p>\n<p><strong>Name(s) of the Institute(s) teaching the subject:<\/strong><\/p>\n<p><strong>\u00a0<\/strong>Institute of Behavioural Sciences<\/td>\n<\/tr>\n<tr>\n<td width=\"612\"><strong>Name of the subject: <\/strong><\/p>\n<p><strong>in English: <\/strong>Jewish Medical Ethics II<\/p>\n<p><strong>in German: <\/strong><\/p>\n<p><strong>in Hungarian:<\/strong> Zsid\u00f3 orvosi etika II.<\/p>\n<p><strong>Credit value: <\/strong>2 credits<\/p>\n<p><strong>Total number of hours: <\/strong>2 <strong>\u00a0\u00a0\u00a0\u00a0\u00a0\u00a0 lectures: 28\u00a0\u00a0\u00a0\u00a0\u00a0 practices: <\/strong>\u00a0<strong>seminars: 0<\/strong><\/p>\n<p><strong>Subject type:<\/strong>\u00a0\u00a0\u00a0\u00a0 <strong>\u00a0compulsory course\u00a0\u00a0\u00a0\u00a0\u00a0\u00a0 elective course\u00a0\u00a0\u00a0\u00a0\u00a0\u00a0\u00a0\u00a0 <u>optional course<\/u><\/strong><\/td>\n<\/tr>\n<tr>\n<td width=\"612\"><strong>Academic year<\/strong>:\u00a0 2020\/2021. II<strong>.<\/strong><\/td>\n<\/tr>\n<tr>\n<td width=\"612\"><strong>Subject code: <\/strong>AOSMAG139_2A<\/p>\n<p><em>(In case of a new subject, it is filled by the Dean&#8217;s Office, after approval)<\/em><\/td>\n<\/tr>\n<tr>\n<td width=\"612\"><strong>Name of the course leader<\/strong>: Rabbi Oberlander B\u00e1ruch<\/p>\n<p><strong>Contact: <\/strong><a href=\"mailto:oberlander@zsido.com\"><strong>oberlander@zsido.com<\/strong><\/a><\/p>\n<p><strong>His\/her workplace, phone number: <\/strong>Budapesti Ortodox Rabbin\u00e1tus, 06-20\/936-4682<\/p>\n<p><strong>Position:<\/strong> Eln\u00f6k<\/p>\n<p><strong>Date and registration number of their habilitation:\u00a0 <\/strong>Doctor of Philosophy (Ph.D.), May 5, 2010<\/td>\n<\/tr>\n<tr>\n<td width=\"612\"><strong>Objectives of the subject, its place in the medical curriculum:<\/strong> <strong>\u00a0<\/strong><\/p>\n<p>The class introduces the ancient Jewish ethical system, as well as how that system can be applied in this modern age<\/td>\n<\/tr>\n<tr>\n<td width=\"612\"><strong>Place where the subject is taught (address of the auditorium, seminar room,<\/strong> <strong>etc.):<\/strong><\/p>\n<p>1052 Budapest, K\u00e1roly k\u00f6r\u00fat 20. II. Floor<\/td>\n<\/tr>\n<tr>\n<td width=\"612\"><strong>Successful completion of the subject results in the acquisition of the following competencies:<\/strong><\/p>\n<p>General medical competencies are supplemented by special Jewish knowledge.<\/td>\n<\/tr>\n<tr>\n<td width=\"612\"><strong>Course prerequisites:<\/strong><\/p>\n<p>Prerequisite for semester II. is the successful completion of semester I. semester I. has no prerequisite.<\/td>\n<\/tr>\n<tr>\n<td width=\"612\"><strong>Number of students required for the course (minimum, maximum) and method of selecting students:<\/strong><\/p>\n<p>-.<\/td>\n<\/tr>\n<tr>\n<td width=\"612\"><strong>How to apply for the course:<\/strong><\/p>\n<p>Through the Neptun system.<\/td>\n<\/tr>\n<tr>\n<td width=\"612\"><strong>Detailed curriculum:<\/strong><\/p>\n<p><em>(Theoretical and practical lessons shall be given separately by numbering the lessons (by weeks). Please provide the names of the teachers of the lectures and practical lessons and indicate guest lecturers. Do not use attachments!<\/em><\/p>\n<p><em>Always attach a CV for guest lecturers!)<\/em><\/p>\n<p>&nbsp;<\/p>\n<p>&nbsp;<\/p>\n<p>Semester II.<\/p>\n<p>1-2. Lecture: Genetics and Jewish law \u2013 What rights do we have over our gene pool?<\/p>\n<p>3-4. Lecture: Genetics and Jewish law \u2013 The problem of the gene manipulated food products<\/p>\n<p>5-6. Lecture: Siamese twins \u2013 The question of valuation between two living persons<\/p>\n<p>7-8. Lecture: Parasolvency \u2013 What is the best method to compensate the doctor?<\/p>\n<p>9-10. Lecture: Contraception in Jewish law<\/p>\n<p>11-12. Lecture: Permitted and prohibited methods of organ transplantation<\/p>\n<p>13-14. Lecture: The questions of DNA identification in Jewish law<\/p>\n<p>Lecturers: Oberlander B\u00e1ruch rabbi<\/td>\n<\/tr>\n<tr>\n<td width=\"612\"><strong>Other subjects concerning the border issues of the given subject (both compulsory and optional courses!). Possible overlaps of themes:<\/strong><\/td>\n<\/tr>\n<tr>\n<td width=\"612\"><strong>Special study work required to successfully complete the course:<\/strong><\/p>\n<p><em>(E.g. field exercises, medical case analysis, test preparation, etc.)<\/em><\/td>\n<\/tr>\n<tr>\n<td width=\"612\"><strong>Requirements for participation in classes and the possibility to make up for absences:<\/strong><\/p>\n<p>&nbsp;<\/td>\n<\/tr>\n<tr>\n<td width=\"612\"><strong>Methods to assess knowledge acquisition during term time:<\/strong><\/p>\n<p>(<em>E.g. homework, reports, mid-term test, end-term test, etc., the possibility of replacement and improvement of test results)<\/em><\/td>\n<\/tr>\n<tr>\n<td width=\"612\"><strong>Requirements for signature:<\/strong><\/p>\n<p>&nbsp;<\/td>\n<\/tr>\n<tr>\n<td width=\"612\"><strong>Type of examination:<\/strong><\/p>\n<p>Written report (paper) based on list of topics and recommended reading material.<\/p>\n<p>&nbsp;<\/td>\n<\/tr>\n<tr>\n<td width=\"612\"><strong>Requirements of the examination:<\/strong><\/p>\n<p>(<em>In case of a theoretical examination, please provide the topic list; in case of a practical exam, specify the topics and the method of the exam)<\/em><\/p>\n<p>Submitting paper by deadline<\/p>\n<p>&nbsp;<\/td>\n<\/tr>\n<tr>\n<td width=\"612\"><strong>Method and type of evaluation:<\/strong><\/p>\n<p>(<em>Method of calculating the final mark based on the theoretical and practical examination. How the mid-term test results are taken into account in the final mark.)<\/em><\/p>\n<p>&nbsp;<\/p>\n<p>&nbsp;<\/td>\n<\/tr>\n<tr>\n<td width=\"612\"><strong>How to register for the examination?:<\/strong><\/p>\n<p>Through the Neptun system.<\/td>\n<\/tr>\n<tr>\n<td width=\"612\"><strong>Possibilities for exam retake:<\/strong><\/p>\n<p>Through the Neptun system<\/p>\n<p>&nbsp;<\/td>\n<\/tr>\n<tr>\n<td width=\"612\"><strong>Printed, electronic and online notes, textbooks, guides and literature (URL address for online material) to aid the acquisition of the material:<\/strong><\/p>\n<p>Required reading:<\/p>\n<p>Handouts given during lectures<\/p>\n<p>&nbsp;<\/p>\n<p>Recommended reading:<\/p>\n<p>Dr. Avraham Steinberg (Translated by Dr. Fred Rosner): Encyclopedia of Jewish<\/p>\n<p>Medical Ethics, Feldheim Publishers, Jerusalem-New York, 1988, ISBN: 1-58330-592-0<\/p>\n<p>Fred Rosner: Pioneers in Jewish Medical Ethics, Jason Aronson, New Jersey, 1997<\/p>\n<p>Fred Rosner: Medicine in the Bible and the Talmud: Selections from Classical Jewish Sources, Ktav<\/p>\n<p>Publishing House, New York 1977<\/p>\n<p>Rabbi Moshe Tendler\u2013Fred Rosner: Practical Medical Halachah, Association of Orthodox Jewish<\/p>\n<p>Scientists, New Jersey 1990<\/p>\n<p>David J. Bleich: Judaism and Healing: Halakhic Perspectives, Ktav Publishing House, New York 1981<\/p>\n<p>Faitel Levin: Halacha, medical science, and technology: Perspectives on contemporary Halacha issues,<\/p>\n<p>Maznaim Publishing Corporation, New York-Jerusalem, 1987<\/p>\n<p>Fred Rosner: Medicine and Jewish Law II, Jason Aronson, New Jersey, 1993<\/td>\n<\/tr>\n<tr>\n<td width=\"612\"><strong>Signature of the habilitated instructor (course leader) who announced the subject:<\/strong><\/td>\n<\/tr>\n<tr>\n<td width=\"612\">&nbsp;<\/td>\n<\/tr>\n<tr>\n<td width=\"612\"><strong>Hand-in date:<\/strong><\/td>\n<\/tr>\n<\/tbody>\n<\/table>\n<table width=\"612\">\n<tbody>\n<tr>\n<td width=\"612\"><strong>Opinion of the competent committee(s):<\/strong><\/td>\n<\/tr>\n<tr>\n<td width=\"612\"><strong>Comments of the Dean&#8217;s Office:<\/strong><\/td>\n<\/tr>\n<tr>\n<td width=\"612\"><strong>Dean&#8217;s signature:<\/strong><\/td>\n<\/tr>\n<\/tbody>\n<\/table>\n<\/div><\/div>\n<p>&nbsp;<\/p>\n","protected":false},"excerpt":{"rendered":"<p>REQUIREMENTS &nbsp; Semmelweis University, Faculty of Medicine Name(s) of the Institute(s) teaching the subject: \u00a0Institute of Behavioral Sciences Name of the subject: in English: Jewish Medical Ethics I in German: in Hungarian: Zsid\u00f3 orvosi etika I. Credit value: 2 credits Total number of hours: 2 \u00a0\u00a0\u00a0\u00a0\u00a0\u00a0 lectures: \u00a028\u00a0\u00a0 practices: \u00a0seminars: 0 Subject type:\u00a0\u00a0\u00a0\u00a0 \u00a0compulsory course\u00a0\u00a0\u00a0\u00a0\u00a0\u00a0 &hellip;<\/p>\n","protected":false},"author":101277,"featured_media":0,"parent":3372,"menu_order":4,"comment_status":"closed","ping_status":"closed","template":"","meta":{"_acf_changed":false,"footnotes":""},"categories":[],"tags":[],"class_list":["post-8857","page","type-page","status-publish","hentry"],"acf":[],"_links":{"self":[{"href":"https:\/\/semmelweis.hu\/magtud\/wp-json\/wp\/v2\/pages\/8857","targetHints":{"allow":["GET"]}}],"collection":[{"href":"https:\/\/semmelweis.hu\/magtud\/wp-json\/wp\/v2\/pages"}],"about":[{"href":"https:\/\/semmelweis.hu\/magtud\/wp-json\/wp\/v2\/types\/page"}],"author":[{"embeddable":true,"href":"https:\/\/semmelweis.hu\/magtud\/wp-json\/wp\/v2\/users\/101277"}],"replies":[{"embeddable":true,"href":"https:\/\/semmelweis.hu\/magtud\/wp-json\/wp\/v2\/comments?post=8857"}],"version-history":[{"count":2,"href":"https:\/\/semmelweis.hu\/magtud\/wp-json\/wp\/v2\/pages\/8857\/revisions"}],"predecessor-version":[{"id":8859,"href":"https:\/\/semmelweis.hu\/magtud\/wp-json\/wp\/v2\/pages\/8857\/revisions\/8859"}],"up":[{"embeddable":true,"href":"https:\/\/semmelweis.hu\/magtud\/wp-json\/wp\/v2\/pages\/3372"}],"wp:attachment":[{"href":"https:\/\/semmelweis.hu\/magtud\/wp-json\/wp\/v2\/media?parent=8857"}],"wp:term":[{"taxonomy":"category","embeddable":true,"href":"https:\/\/semmelweis.hu\/magtud\/wp-json\/wp\/v2\/categories?post=8857"},{"taxonomy":"post_tag","embeddable":true,"href":"https:\/\/semmelweis.hu\/magtud\/wp-json\/wp\/v2\/tags?post=8857"}],"curies":[{"name":"wp","href":"https:\/\/api.w.org\/{rel}","templated":true}]}}