{"id":8342,"date":"2020-06-04T07:34:51","date_gmt":"2020-06-04T05:34:51","guid":{"rendered":"https:\/\/semmelweis.hu\/magtud\/?page_id=8342"},"modified":"2022-07-14T11:47:57","modified_gmt":"2022-07-14T09:47:57","slug":"behavioural-science-in-digital-health","status":"publish","type":"page","link":"https:\/\/semmelweis.hu\/magtud\/en\/research\/research-groups\/behavioural-science-in-digital-health\/","title":{"rendered":"Behavioural Science in Digital Health"},"content":{"rendered":"<p><a href=\"https:\/\/semmelweis.hu\/digitalhealth\/\" target=\"_blank\" rel=\"noopener\">Webpage<\/a> (in Hungarian) https:\/\/semmelweis.hu\/digitalhealth\/<\/p>\n<p><strong>Behavioural Science in Digital Health \u2013working group<\/strong><\/p>\n<p>Digitalisation effects 90% of healthcare. The adaptation of digital health raised the question of both information technical and social accessibility in connection with equity, choice, efficiency, effectiveness and quality. The new technological innovations may contribute to the widening of the health divide between the advantaged and disadvantaged segments of society.\u00a0 Hence, investigating the social implications and consequences of digitalisation is becoming more and more important. As we see it, digital health does not only refer to technological transformation but has considerable cultural and social consequences, too. It fundamentally reshapes the roles of the physicians and patients as well as their relationship. \u00a0Empowered patients are stepping up, and working with these patients requires a different skillset from physicians. So digital health isn\u2019t only a computer engineering or software science, it is a behavioural and social science as well.<\/p>\n<p>Our research activities are geared towards investigating how physicians and patients use digital health solutions, what advantages and disadvantages they have by implementing and operating such technologies and how all this shapes their roles and relationships. The conditions required for the successful implementation of digital health opportunities are also investigated from a societal, medical and patient perspective.<\/p>\n<p>Besides the teachers and researchers of the Semmelweis University Institute of Behavioural Sciences medical sociology team, our digital health working group is privileged to have among its ranks practicing physicians who are pioneering digital health solutions in Hungary. To facilitate the scientific activity of analysing the world of digital health, we have recruited PhD students, and several undergraduate students active in the Association of Student Researchers.<\/p>\n<p>Postgraduate training: Digital communication in everyday medical practice<\/p>\n<p>Head of the working group: Dr. habil. Zsuzsa Gy\u0151rffy PhD<\/p>\n<p>Members of the working group: Dr. habil Gy\u00f6rgy Purebl MD, PhD, Dr. Vir\u00e1g Katalin Bogn\u00e1r PhD, Dr. Edmond Girasek PhD, Dr. Anna Sus\u00e1nszky PhD, Bence D\u00f6br\u00f6ssy, Dr. Szilvia Z\u00f6rg\u0151 PhD, Dr. M\u00f3nika T\u00f3th PhD, Dr. J\u00e1nos Koll\u00e1r PhD, Dr. Imre Szebik PhD<\/p>\n<p>PhD students: N\u00f3ra Rad\u00f3<\/p>\n<p>Student from the association of Student researchers: Anna Peszt, Omer Almog, Yael Hadani<\/p>\n<p>Medical specialists, collaborating partners:<\/p>\n<p><strong>Dr. Tam\u00e1s Horv\u00e1th <\/strong>PhD ENT specialist<br \/>\n<strong>Dr. Zsuzsa Varga <\/strong>ENT specialist<br \/>\n<strong>Dr. Orsolya N\u00e9meth <\/strong>PhD, dentist, associate professor<br \/>\n<strong>Dr. P\u00e9ter Altorjai <\/strong>, pediatrician<br \/>\n<strong>Dr. S\u00e1ndor B\u00e9k\u00e1si<\/strong> GP, mobile-health expert<\/p>\n<p>&nbsp;<\/p>\n<p>D\u00f6br\u00f6ssy B, Girasek E, Sus\u00e1nszky A, Koncz Zs, Gy\u0151rffy Zs, Bogn\u00e1r V<strong><em>:<\/em><\/strong> <strong><em>&#8222;Clicks, likes, shares and comments&#8221; a systematic review of breast cancer screening discourse in social media<\/em><\/strong>, PLOS ONE, in press<\/p>\n<p>Mesko Bertalan, Gy\u0151rffy Zsuzsa: <strong><em>The Rise of the Empowered Physician in the Digital Health Era: Viewpoint<\/em><\/strong>, JOURNAL OF MEDICAL INTERNET RESEARCH 21: (3) p. e12490., 2019; https:\/\/bmjopen.bmj.com\/content\/9\/3\/e025267.info<\/p>\n<p>Mesk\u00f3 Bertalan, Rad\u00f3 N\u00f3ra, Gy\u0151rffy Zsuzsa,: <strong><em>Opinion leader empowered patients about the era of digital health: a qualitative study<\/em><\/strong>, BMJ OPEN 9: (3) p. e025267., 2019; https:\/\/www.jmir.org\/2019\/3\/e12490\/<\/p>\n<p>Mesk\u00f3 B, Het\u00e9nyi G, Gy\u0151rffy Zs: <strong><em>Will artificial intelligence solve the human resource crisis in healthcare?<\/em><\/strong>, BMC HEALTH SERVICES RESEARCH 18: 545, 2018; <a href=\"https:\/\/bmchealthservres.biomedcentral.com\/articles\/10.1186\/s12913-018-3359-4\">https:\/\/bmchealthservres.biomedcentral.com\/articles\/10.1186\/s12913-018-3359-4<\/a><\/p>\n<p>Arensman E, Koburger N, Larkin C, Karwig G, Coffey C, Maxwell M, Harris F, Rummel-Kluge C, van Audenhove C, Sisask M, Alexandrova-Karamanova A, Perez V, Purebl G, Cebria A, Palao D, Costa S, Mark L, T\u00f3th MD, Gecheva M, Ibelsh\u00e4user A, Gusm\u00e3o R, Hegerl U.(2015). Depression Awareness and Self-Management Through the Internet: Protocol for an Internationally Standardized Approach JMIR Res Protoc 2015;4(3):e99 DOI: <a href=\"http:\/\/doi.org\/10.2196\/resprot.4358\">10.2196\/resprot.4358<\/a>, PMID: <a href=\"http:\/\/www.ncbi.nlm.nih.gov\/pubmed\/26251104\">26251104<\/a><\/p>\n<p><strong>Purebl<\/strong> G, Petrea I and the JA WP4 collaborative workgroup (2016). Joint Action on Mental Health and Well-being.: Depression, Suicide Prevention and E-health. Situation analysis and recommendation for action. <a href=\"http:\/\/www.mentalhealthandwellbeing.eu\/assets\/docs\/publications\/WP4%20Final.pdf\">http:\/\/www.mentalhealthandwellbeing.eu\/assets\/docs\/publications\/WP4%20Final.pdf<\/a><\/p>\n<p>Mesk\u00f3 B, Drobni Zs, B\u00e9nyei \u00c9, Gergely B, Gy\u0151rffy Zs: <strong><em>Digital health is a cultural transformation of traditional healthcare<\/em><\/strong>, MOBILE HEALTH 3: (9) 38, 2017; doi:10.21037\/mhealth.2017.08.07 http:\/\/mhealth.amegroups.com\/article\/view\/16494\/16602Mesko B, Gy\u0151rffy Z, Koll\u00e1r J: <strong><em>Digital Literacy in the Medical Curriculum<\/em><\/strong>, JMIR MEDICAL EDUCATION 1:(2) e6, 2015<\/p>\n<p>&nbsp;<\/p>\n","protected":false},"excerpt":{"rendered":"<p><a href=\"https:\/\/semmelweis.hu\/digitalhealth\/\" target=\"_blank\" rel=\"noopener\">Webpage<\/a> (in Hungarian) https:\/\/semmelweis.hu\/digitalhealth\/ Behavioural Science in Digital Health \u2013working group Digitalisation effects 90% of healthcare. The adaptation of digital health raised the question of both information technical and social accessibility in connection with equity, choice, efficiency, effectiveness and quality. The new technological innovations may contribute to the widening of the health divide between the advantaged &hellip;<\/p>\n","protected":false},"author":101277,"featured_media":0,"parent":4877,"menu_order":16,"comment_status":"closed","ping_status":"closed","template":"","meta":{"_acf_changed":false,"footnotes":""},"categories":[],"tags":[],"class_list":["post-8342","page","type-page","status-publish","hentry"],"acf":[],"_links":{"self":[{"href":"https:\/\/semmelweis.hu\/magtud\/wp-json\/wp\/v2\/pages\/8342","targetHints":{"allow":["GET"]}}],"collection":[{"href":"https:\/\/semmelweis.hu\/magtud\/wp-json\/wp\/v2\/pages"}],"about":[{"href":"https:\/\/semmelweis.hu\/magtud\/wp-json\/wp\/v2\/types\/page"}],"author":[{"embeddable":true,"href":"https:\/\/semmelweis.hu\/magtud\/wp-json\/wp\/v2\/users\/101277"}],"replies":[{"embeddable":true,"href":"https:\/\/semmelweis.hu\/magtud\/wp-json\/wp\/v2\/comments?post=8342"}],"version-history":[{"count":6,"href":"https:\/\/semmelweis.hu\/magtud\/wp-json\/wp\/v2\/pages\/8342\/revisions"}],"predecessor-version":[{"id":10824,"href":"https:\/\/semmelweis.hu\/magtud\/wp-json\/wp\/v2\/pages\/8342\/revisions\/10824"}],"up":[{"embeddable":true,"href":"https:\/\/semmelweis.hu\/magtud\/wp-json\/wp\/v2\/pages\/4877"}],"wp:attachment":[{"href":"https:\/\/semmelweis.hu\/magtud\/wp-json\/wp\/v2\/media?parent=8342"}],"wp:term":[{"taxonomy":"category","embeddable":true,"href":"https:\/\/semmelweis.hu\/magtud\/wp-json\/wp\/v2\/categories?post=8342"},{"taxonomy":"post_tag","embeddable":true,"href":"https:\/\/semmelweis.hu\/magtud\/wp-json\/wp\/v2\/tags?post=8342"}],"curies":[{"name":"wp","href":"https:\/\/api.w.org\/{rel}","templated":true}]}}