{"id":7958,"date":"2020-03-23T11:06:56","date_gmt":"2020-03-23T10:06:56","guid":{"rendered":"http:\/\/semmelweis.hu\/magtud\/?page_id=7958"},"modified":"2023-05-10T14:17:49","modified_gmt":"2023-05-10T12:17:49","slug":"network-management-career-building-conditions-support-and-batteries","status":"publish","type":"page","link":"https:\/\/semmelweis.hu\/magtud\/en\/education\/elective-courses\/network-management-career-building-conditions-support-and-batteries\/","title":{"rendered":"Network, management, career building \u2013 conditions, support and batteries"},"content":{"rendered":"<div class=\"responsive-tabs\">\n<h2 class=\"tabtitle\">2022-2023 Spring Semester<\/h2>\n<div class=\"tabcontent\">\n\n<p><strong>Network, management, carrier building \u2013 conditions, support and batteries<\/strong><\/p>\n<p><strong>a 2-credit elective course (AOSMAG732_1A)<\/strong><\/p>\n<p><strong>\u00a0<\/strong><\/p>\n<p><strong>2023 spring semester<\/strong><\/p>\n<p><strong>on Tuesdays from 5.30 p.m.,<\/strong><\/p>\n<p><strong>Lenhoss\u00e9k Lecture hall, Department of Anatomy, Histology and Embryology<\/strong><\/p>\n<p><strong>\u00a0<\/strong><\/p>\n<p><strong>Course leader: Prof. Al\u00e1n Alp\u00e1r, vice-rector for international studies<\/strong><\/p>\n<p>&nbsp;<\/p>\n<p>21 February 2023<br \/>\n<strong>Dr. Gy\u00f6rgy Purebl<\/strong> (Semmelweis University, Head of the Institute of Behavioural Sciences)<br \/>\n<a href=\"https:\/\/semmelweis.hu\/magtud\/files\/2022\/03\/ecomed-Purebl-megosztasra-2021.pdf\"><strong>Ecology and Medicine: Twins or distant relations?<\/strong><\/a><\/p>\n<p>&nbsp;<\/p>\n<p>28 February 2023<br \/>\n<strong>Dr. Gergely Palla<\/strong> (Semmelweis University, Health Services Management Training Centre)<br \/>\n<a href=\"https:\/\/semmelweis.hu\/magtud\/files\/2022\/02\/The-presentation-of-DrPallaGergely.pdf\"><strong>Data mining \u2013 new vistas for old goals<\/strong><\/a><\/p>\n<p>&nbsp;<\/p>\n<p>14 March 2023<br \/>\n<strong>Dr. P\u00e9ter Ferdinandy<\/strong> (Semmelweis University, Vice-Rector for Scientific Affairs, Head of the Department of Pharmacology and Pharmacotherapy)<br \/>\n<a href=\"https:\/\/semmelweis.hu\/magtud\/files\/2023\/04\/Ferdinandy_Early-start_Honlapra.pdf\">Early start in building start-ups, spin-offs \u2013 think differently about research<\/a><\/p>\n<p>&nbsp;<\/p>\n<p>21 March 2023<br \/>\n<strong>Dr. Zolt\u00e1n Cserh\u00e1ti<\/strong> (Semmelweis University, Health Services Management Training Centre, senior lecturer)<br \/>\n<a href=\"https:\/\/semmelweis.hu\/magtud\/files\/2023\/04\/Cserhati_Management-Leadership-Stress-Burnout_honlapra.pdf\">Management, leadership, stress and burn-out<\/a><\/p>\n<p>&nbsp;<\/p>\n<p>28 March 2023<br \/>\n<strong>Dr. Mikl\u00f3s Sz\u00f3cska<\/strong> (Semmelweis University, Dean of the Faculty of Health and Public Administration, Director of the Health Services Management Training Centre and the Institute of Digital Health Science)<br \/>\n<a href=\"https:\/\/semmelweis.hu\/magtud\/files\/2023\/05\/SzocskaMiklos_Digital_health_final_20230328_Honlapra.pdf\">Digital Health<\/a><\/p>\n<p>&nbsp;<\/p>\n<p>04 April 2023<br \/>\n<strong>Dr. Judit L\u00e1m<\/strong> (Semmelweis University, Deputy Dean of the Faculty of Health and Public Administration, Health Services Management Training Centre)<br \/>\n<a href=\"https:\/\/semmelweis.hu\/magtud\/files\/2023\/04\/LamJudit_Time_management_EN_20230404_Honlapra.pdf\">Time management<\/a><\/p>\n<p>&nbsp;<\/p>\n<p>11 April 2023<br \/>\n<strong>Dr. D\u00e1niel Veres<\/strong> (Semmelweis University, Department of Medical Chemistry, Molecular Biology and Pathobio\u00acchemistry; Chief Scientific Officer, Turbine Ltd.)<br \/>\n<a href=\"https:\/\/semmelweis.hu\/magtud\/files\/2023\/05\/VeresDaniel_Turbine_intro_2023_April_Semmelweis_SHARED_Honlapra.pdf\">Ingredients to build an internationally recognized techbio company spinning out from Semmelweis University<\/a><\/p>\n<p>&nbsp;<\/p>\n<p>18 April 2023<br \/>\n<strong>Dr. J\u00f3zsef Kov\u00e1cs<\/strong> (Semmelweis University, Institute of Behavioural Sciences)<br \/>\n<a href=\"https:\/\/semmelweis.hu\/magtud\/files\/2022\/04\/KovacsJozsef_HumanResearch_Honlapra.pdf\" target=\"_blank\" rel=\"noopener\"><strong>Ethics of Human Research<\/strong><\/a><\/p>\n<p>&nbsp;<\/p>\n<p>25 April 2023<br \/>\n<strong>Dr. R\u00f3bert Lovas<\/strong> (\u00d3buda University, Institute for Cyber-Physical Systems)<br \/>\n<a href=\"https:\/\/semmelweis.hu\/magtud\/files\/2022\/05\/Lovas_Career-Building_Honlapra.pdf\" target=\"_blank\" rel=\"noopener\"><strong>Career Building: 20 years \u2013 20 EU projects<\/strong><\/a><\/p>\n<p>&nbsp;<\/p>\n<p>02 May 2023<br \/>\n<strong>Dr. L\u00e1szl\u00f3 Rosivall<\/strong> (Semmelweis University, Department of Translational Medicine)<br \/>\n<a href=\"https:\/\/semmelweis.hu\/magtud\/files\/2023\/05\/The-lecture-slides-of-Professor-Rosivall_Honlapra.pdf\">Science and Public Service \u2013 Life Experience. Message to the next generation<\/a><\/p>\n<p>&nbsp;<\/p>\n\n<\/div><h2 class=\"tabtitle\">2021-2022 Spring Semester<\/h2>\n<div class=\"tabcontent\">\n\n<p>Network, management, career building \u2013 conditions, support and batteries<\/p>\n<p>A 2-credit elective course (AOSMAG732_1A); 2022 spring semester; on Tuesdays from 5.30 p.m., Lenhoss\u00e9k Lecture hall<br \/>\nCourse leader: Prof. Al\u00e1n Alp\u00e1r<\/p>\n<p>February 8<br \/>\nProf. P\u00e9ter Csermely (Semmelweis University, Department of Medical Chemistry, Molecular Biology and Pathobiochemistry)<br \/>\n<a href=\"https:\/\/semmelweis.hu\/magtud\/files\/2022\/02\/The-presentation-of-DrCsermelyPeter-1.pdf\">How can our knowledge about molecular networks help us to develop a successful lifestyle?<\/a><\/p>\n<p>February 15<br \/>\nProf. Gergely Palla (Semmelweis University, Health Services Management Training Centre)<br \/>\n<a href=\"https:\/\/semmelweis.hu\/magtud\/files\/2022\/02\/The-presentation-of-DrPallaGergely.pdf\">Data mining \u2013 new vistas for old goals<\/a><\/p>\n<p>February 22<br \/>\nDr. Zolt\u00e1n Cserh\u00e1ti (Semmelweis University, Health Services Management Training Centre, senior lecturer)<br \/>\n<a href=\"https:\/\/semmelweis.hu\/magtud\/files\/2022\/03\/Networking-Cserhati-20220222-slideout.pdf\">Management, leadership, stress and burn-out<\/a><\/p>\n<p>March 1<br \/>\nProf. P\u00e9ter Ferdinandy (Semmelweis University, Vice-Rector for Scientific Affairs, Head of the Department of Pharmacology and Pharmacotherapy)<br \/>\n<a href=\"https:\/\/semmelweis.hu\/magtud\/files\/2022\/03\/Innovation-start-ups-SU_PeterFerdinandy_2022Mar1.pdf\">Early start in building start-ups, spin-offs \u2013 think differently about research<\/a><\/p>\n<p>March 8<br \/>\nProf. Gy\u00f6rgy Purebl (Semmelweis University, Head of the Institute of Behavioural Sciences)<br \/>\n<a href=\"https:\/\/semmelweis.hu\/magtud\/files\/2022\/03\/ecomed-Purebl-megosztasra-2021.pdf\">Ecology and Medicine: Twins or distant relations?<\/a><\/p>\n<p>March 22<br \/>\nDr. Judit L\u00e1m (Semmelweis University, Deputy Dean of the Faculty of Health and Public Administration, Health Services Management Training Centre)<br \/>\n<a href=\"https:\/\/semmelweis.hu\/magtud\/files\/2022\/03\/LamJudit_Time_mamagement_EN_20220322_Honlapra.pdf\">Time management<\/a><\/p>\n<p>March 29<br \/>\nProf. Mikl\u00f3s Sz\u00f3cska (Semmelweis University, Dean of the Faculty of Health and Public Administration, Director of the Health Services Management Training Centre and the Institute of Digital Health Science)<br \/>\n<a href=\"https:\/\/semmelweis.hu\/magtud\/files\/2022\/04\/SzocskaMiklos_presentation_Honlapra.pdf\">Digital Health<\/a><\/p>\n<p>April 5<br \/>\nProf. J\u00f3zsef Kov\u00e1cs (Semmelweis University, Institute of Behavioural Sciences)<br \/>\n<a href=\"https:\/\/semmelweis.hu\/magtud\/files\/2022\/04\/KovacsJozsef_HumanResearch_Honlapra.pdf\">Ethics of Human Research<\/a><\/p>\n<p>April 19<br \/>\nProf. R\u00f3bert Lovas (\u00d3buda University, Institute for Cyber-Physical Systems)<br \/>\n<a href=\"https:\/\/semmelweis.hu\/magtud\/files\/2022\/05\/Lovas_Career-Building_Honlapra.pdf\">Career Building: 20 years \u2013 20 EU projects<\/a><\/p>\n<p>April 26<br \/>\nProf. L\u00e1szl\u00f3 Rosivall (Semmelweis University, Department of Translational Medicine)<br \/>\n<a href=\"https:\/\/semmelweis.hu\/magtud\/files\/2022\/05\/Rosivall_2022_integrated_final_short_Honlapra.pdf\">Science and Public Service \u2013 Life Experience<\/a><\/p>\n<p>&nbsp;<\/p>\n\n<\/div><h2 class=\"tabtitle\">2020-2021 Spring Semester<\/h2>\n<div class=\"tabcontent\">\n\n<p>&nbsp;<\/p>\n<p><strong>Network, management, carrier building \u2013 conditions, support and batteries<\/strong><\/p>\n<p>A 2-credit elective course (AOSMAG732_1A); 2021 spring semester; on Tuesdays from 5.30 p.m. via ZOOM<\/p>\n<p><em>February 16.<br \/>\n<\/em><strong>Csermely P\u00e9ter<\/strong> (Semmelweis University, Department of Medical Chemistry, Molecular Biology and Pathobiochemistry):\u00a0 <a href=\"https:\/\/semmelweis.hu\/magtud\/files\/2021\/02\/Csermely-successful-lifestyle-21-02-16_honlapra.pdf\">How can our knowledge about molecular networks help us to develop a successful lifestyle?<\/a><\/p>\n<p><em>February 23.<br \/>\n<\/em><strong>L\u00e1m Judit<\/strong> (Semmelweis University, Deputy Dean of Faculty of Public Services, Health Services Management Training Centre): <a href=\"https:\/\/semmelweis.hu\/magtud\/files\/2021\/03\/LamJudit_Productivity_Time_mamagement_21_02_23_Honlapra.pdf\">Time management<\/a><\/p>\n<p><em>March 2.<br \/>\n<\/em><strong>Kov\u00e1cs J\u00f3zsef<\/strong> (Semmelweis University, Institute of Behavioural Sciences): <a href=\"https:\/\/semmelweis.hu\/magtud\/files\/2021\/03\/Kovacs_Jozsef_Research_Semmelweis_21-03-02_Honlapra.pdf\">Ethics of Human Research<\/a><\/p>\n<p><em>March 9.<br \/>\n<strong>Cserh\u00e1ti Zolt\u00e1n<\/strong> (Semmelweis University, Health Services Management Training Centre, senior lecturer):<\/em><a href=\"https:\/\/semmelweis.hu\/magtud\/files\/2021\/03\/Integrated-course-Cserh\u00e1ti-20210309-slideout_Honlapra.pdf\">Leadership, management. Stress and burn-out.<\/a><\/p>\n<p><em>March 16.<br \/>\n<\/em><strong>Ferdinandy P\u00e9ter<\/strong> (Semmelweis University, Vice-Rector for Scientific Affairs, Department of Pharmacology and Pharmacotherapy): <a href=\"https:\/\/semmelweis.hu\/magtud\/files\/2021\/03\/Innovation-start-ups-SU_PeterFerdinandy_2021Mar16_Honlapra.pdf\">Early start in building start-ups, spin-offs \u2013 think differently about research<\/a><\/p>\n<p><em>March 23.<br \/>\n<\/em><strong>Purebl Gy\u00f6rgy<\/strong> (Semmelweis University, Institute of Behavioural Sciences): <a href=\"https:\/\/semmelweis.hu\/magtud\/files\/2021\/04\/ecomed-Purebl-megoszt\u00e1sra-2021_Honlapra.pdf\">Ecology and Medicine: Twins or distant relations?<\/a><\/p>\n<p><em>March 30.<br \/>\n<\/em><strong>Palla Gergely<\/strong> (Semmelweis University, Institute for Digital Health): <a href=\"https:\/\/semmelweis.hu\/magtud\/files\/2021\/04\/PaalGergely_EMK_Datamining_and_Networks_Honlapra.pdf\">Data mining \u2013 new vistas for old goals<\/a><\/p>\n<p><em>April 6.<br \/>\n<\/em><strong>Sz\u00f3cska Mikl\u00f3s<\/strong> (Semmelweis University, Institute for Digital Health): Digital Health<\/p>\n<p><em>April 13.<br \/>\n<\/em><strong>Lovas R\u00f3bert<\/strong> (\u00d3buda University, Institute for Cyber-Physical Systems): <a href=\"https:\/\/semmelweis.hu\/magtud\/files\/2021\/05\/LovasRobert_Career-Building-20-years-20-EU-projects-2021_Honlapra.pdf\">Carrier Building: 20 years &#8211; 20 EU projects<\/a><\/p>\n<p><em>April 20.<br \/>\n<strong>&#8211;<\/strong><\/em><\/p>\n<p><em>April 27.<br \/>\n<\/em><strong>Rosivall L\u00e1szl\u00f3<\/strong> (Semmelweis University, Institute of Pathophysiology): <a href=\"https:\/\/semmelweis.hu\/magtud\/files\/2021\/05\/Rosivall_L_Science_PublicService_Honlapra.pdf\">Science and Public Service \u2013 Life Experience<\/a><\/p>\n<p><em>May 4.<br \/>\n<strong>Merkely B\u00e9la <\/strong>(Semmelweis University, rector): The management of the COVID pandemic in Hungary<\/em><\/p>\n<\/div><\/div>\n","protected":false},"excerpt":{"rendered":"<p>Network, management, carrier building \u2013 conditions, support and batteries a 2-credit elective course (AOSMAG732_1A) \u00a0 2023 spring semester on Tuesdays from 5.30 p.m., Lenhoss\u00e9k Lecture hall, Department of Anatomy, Histology and Embryology \u00a0 Course leader: Prof. Al\u00e1n Alp\u00e1r, vice-rector for international studies &nbsp; 21 February 2023 Dr. Gy\u00f6rgy Purebl (Semmelweis University, Head of the Institute &hellip;<\/p>\n","protected":false},"author":101277,"featured_media":0,"parent":3372,"menu_order":5,"comment_status":"closed","ping_status":"closed","template":"","meta":{"_acf_changed":false,"footnotes":""},"categories":[],"tags":[],"class_list":["post-7958","page","type-page","status-publish","hentry"],"acf":[],"_links":{"self":[{"href":"https:\/\/semmelweis.hu\/magtud\/wp-json\/wp\/v2\/pages\/7958","targetHints":{"allow":["GET"]}}],"collection":[{"href":"https:\/\/semmelweis.hu\/magtud\/wp-json\/wp\/v2\/pages"}],"about":[{"href":"https:\/\/semmelweis.hu\/magtud\/wp-json\/wp\/v2\/types\/page"}],"author":[{"embeddable":true,"href":"https:\/\/semmelweis.hu\/magtud\/wp-json\/wp\/v2\/users\/101277"}],"replies":[{"embeddable":true,"href":"https:\/\/semmelweis.hu\/magtud\/wp-json\/wp\/v2\/comments?post=7958"}],"version-history":[{"count":10,"href":"https:\/\/semmelweis.hu\/magtud\/wp-json\/wp\/v2\/pages\/7958\/revisions"}],"predecessor-version":[{"id":11467,"href":"https:\/\/semmelweis.hu\/magtud\/wp-json\/wp\/v2\/pages\/7958\/revisions\/11467"}],"up":[{"embeddable":true,"href":"https:\/\/semmelweis.hu\/magtud\/wp-json\/wp\/v2\/pages\/3372"}],"wp:attachment":[{"href":"https:\/\/semmelweis.hu\/magtud\/wp-json\/wp\/v2\/media?parent=7958"}],"wp:term":[{"taxonomy":"category","embeddable":true,"href":"https:\/\/semmelweis.hu\/magtud\/wp-json\/wp\/v2\/categories?post=7958"},{"taxonomy":"post_tag","embeddable":true,"href":"https:\/\/semmelweis.hu\/magtud\/wp-json\/wp\/v2\/tags?post=7958"}],"curies":[{"name":"wp","href":"https:\/\/api.w.org\/{rel}","templated":true}]}}