{"id":6098,"date":"2019-01-31T14:11:41","date_gmt":"2019-01-31T13:11:41","guid":{"rendered":"http:\/\/semmelweis.hu\/magtud\/?page_id=6098"},"modified":"2024-11-26T14:13:42","modified_gmt":"2024-11-26T13:13:42","slug":"orvosi-szociologia-fok","status":"publish","type":"page","link":"https:\/\/semmelweis.hu\/magtud\/oktatas\/fogorvostudomanyi-kar\/orvosi-szociologia-fok\/","title":{"rendered":"Orvosi szociol\u00f3gia (FOK)"},"content":{"rendered":"<div class=\"responsive-tabs\">\n<h2 class=\"tabtitle\">Orvosi szociol\u00f3gia (FOK) - k\u00f6vetelm\u00e9nyrendszer<\/h2>\n<div class=\"tabcontent\">\n\n<p><strong><a href=\"https:\/\/semmelweis.hu\/magtud\/files\/2024\/11\/GyZs_FOK-Kovetelmenyrendszer-2023_szociologia.pdf\">K\u00d6VETELM\u00c9NYRENDSZER<\/a><\/strong><\/p>\n<p>&nbsp;<\/p>\n<p><em><strong>Fogalomt\u00e1r:<\/strong><\/em><\/p>\n<p><a href=\"https:\/\/semmelweis.hu\/magtud\/files\/2020\/02\/Szociologiai-fogalomtar.pdf\">Szociol\u00f3giai fogalomt\u00e1r<\/a><\/p>\n<\/div><\/div>\n","protected":false},"excerpt":{"rendered":"<p><a href=\"https:\/\/semmelweis.hu\/magtud\/files\/2024\/11\/GyZs_FOK-Kovetelmenyrendszer-2023_szociologia.pdf\">K\u00d6VETELM\u00c9NYRENDSZER<\/a><br \/>\n&nbsp;<br \/>\nFogalomt\u00e1r:<br \/>\n<a href=\"https:\/\/semmelweis.hu\/magtud\/files\/2020\/02\/Szociologiai-fogalomtar.pdf\">Szociol\u00f3giai fogalomt\u00e1r<\/a><\/p>\n","protected":false},"author":110,"featured_media":0,"parent":4923,"menu_order":0,"comment_status":"closed","ping_status":"closed","template":"","meta":{"_acf_changed":false,"footnotes":""},"categories":[],"tags":[],"class_list":["post-6098","page","type-page","status-publish","hentry"],"acf":[],"_links":{"self":[{"href":"https:\/\/semmelweis.hu\/magtud\/wp-json\/wp\/v2\/pages\/6098","targetHints":{"allow":["GET"]}}],"collection":[{"href":"https:\/\/semmelweis.hu\/magtud\/wp-json\/wp\/v2\/pages"}],"about":[{"href":"https:\/\/semmelweis.hu\/magtud\/wp-json\/wp\/v2\/types\/page"}],"author":[{"embeddable":true,"href":"https:\/\/semmelweis.hu\/magtud\/wp-json\/wp\/v2\/users\/110"}],"replies":[{"embeddable":true,"href":"https:\/\/semmelweis.hu\/magtud\/wp-json\/wp\/v2\/comments?post=6098"}],"version-history":[{"count":10,"href":"https:\/\/semmelweis.hu\/magtud\/wp-json\/wp\/v2\/pages\/6098\/revisions"}],"predecessor-version":[{"id":12615,"href":"https:\/\/semmelweis.hu\/magtud\/wp-json\/wp\/v2\/pages\/6098\/revisions\/12615"}],"up":[{"embeddable":true,"href":"https:\/\/semmelweis.hu\/magtud\/wp-json\/wp\/v2\/pages\/4923"}],"wp:attachment":[{"href":"https:\/\/semmelweis.hu\/magtud\/wp-json\/wp\/v2\/media?parent=6098"}],"wp:term":[{"taxonomy":"category","embeddable":true,"href":"https:\/\/semmelweis.hu\/magtud\/wp-json\/wp\/v2\/categories?post=6098"},{"taxonomy":"post_tag","embeddable":true,"href":"https:\/\/semmelweis.hu\/magtud\/wp-json\/wp\/v2\/tags?post=6098"}],"curies":[{"name":"wp","href":"https:\/\/api.w.org\/{rel}","templated":true}]}}