{"id":5328,"date":"2018-09-10T16:32:17","date_gmt":"2018-09-10T14:32:17","guid":{"rendered":"http:\/\/semmelweis.hu\/magtud\/?page_id=5328"},"modified":"2023-08-04T14:14:06","modified_gmt":"2023-08-04T12:14:06","slug":"dr-virag-bognar","status":"publish","type":"page","link":"https:\/\/semmelweis.hu\/magtud\/en\/institute\/staff\/dr-virag-bognar\/","title":{"rendered":"Dr. Vir\u00e1g Katalin Bogn\u00e1r"},"content":{"rendered":"<p><img loading=\"lazy\" decoding=\"async\" class=\"wp-image-5331 alignright\" src=\"https:\/\/semmelweis.hu\/magtud\/files\/2018\/09\/Bognar-Virag-foto_business-2013-1-231x300.jpg\" alt=\"\" width=\"125\" height=\"162\" srcset=\"https:\/\/semmelweis.hu\/magtud\/files\/2018\/09\/Bognar-Virag-foto_business-2013-1-231x300.jpg 231w, https:\/\/semmelweis.hu\/magtud\/files\/2018\/09\/Bognar-Virag-foto_business-2013-1-768x996.jpg 768w, https:\/\/semmelweis.hu\/magtud\/files\/2018\/09\/Bognar-Virag-foto_business-2013-1-790x1024.jpg 790w, https:\/\/semmelweis.hu\/magtud\/files\/2018\/09\/Bognar-Virag-foto_business-2013-1.jpg 1584w\" sizes=\"auto, (max-width: 125px) 100vw, 125px\" \/><\/p>\n<div class=\"responsive-tabs\">\n<h2 class=\"tabtitle\">Curriculum vitae<\/h2>\n<div class=\"tabcontent\">\n\n<p><strong>dr. Vir\u00e1g Katalin Bogn\u00e1r<\/strong><br \/>\n<strong>sociologist<\/strong><\/p>\n<p>&nbsp;<\/p>\n<p><span style=\"font-size: 10pt\"><strong>Professional experience, jobs<\/strong><\/span><\/p>\n<p><span style=\"font-size: 10pt\">2006\u2013\u00a0\u00a0\u00a0\u00a0\u00a0\u00a0\u00a0\u00a0\u00a0\u00a0 Semmelweis University of Medicine, Institute of Behavioural Sciences<\/span><br \/>\n<em><span style=\"font-size: 10pt\">lecturer in medical sociology (from 2006) and in bioethics (from 2015) in German language (as external researcher between 2006 February and 2018 August)<\/span><\/em><\/p>\n<p><span style=\"font-size: 10pt\">2014\u20132015\u00a0\u00a0\u00a0\u00a0 Equal Opportunities of Persons with Disabilities Non-profit Ltd. (FSZK)<br \/>\n<em>sociologist, expert, program coordinator<\/em><\/span><\/p>\n<p><span style=\"font-size: 10pt\">2009\u20132012 \u00a0 Demographic Research Institute of the Hungarian Central Statistical Office<\/span><br \/>\n<em><span style=\"font-size: 10pt\">research assistant participating in research <\/span><span style=\"font-size: 10pt\">projects on social inequalities in mortality<\/span><\/em><\/p>\n<p><span style=\"font-size: 10pt\">2006\u20132009\u00a0 E\u00f6tv\u00f6s Lor\u00e1nd Univ., Fac. of Social Sciences, Doctoral <\/span><span style=\"font-size: 10pt\">Program of Sociology<\/span><br \/>\n<em><span style=\"font-size: 10pt\">scholarship, research assistant in projects<\/span><\/em><\/p>\n<p><span style=\"font-size: 10pt\">1997\u20132006\u00a0\u00a0\u00a0 Hungarian Central Statistical Office<\/span><br \/>\n<em><span style=\"font-size: 10pt\">statistical analyst<\/span><\/em><\/p>\n<p><span style=\"font-size: 10pt\"><strong>Education, scholarship<\/strong><\/span><\/p>\n<p><span style=\"font-size: 10pt\">2023<\/span><br \/>\n<span style=\"font-size: 10pt\"><em>ELTE PPK, Psychology MA, psychologist<\/em><\/p>\n<p>2020<\/span><br \/>\n<span style=\"font-size: 10pt\"><em>K\u00e1roli G\u00e1sp\u00e1r University of the Reformed Church in Hungary: Psychology B.A., Human Behaviour Analyst<br \/>\n<\/em><\/span><\/p>\n<p><span style=\"font-size: 10pt\">2012<br \/>\n<em>ELTE, doctoral thesis in sociology. Title: &#8216;The Interpretation of Parenting. <\/em><\/span><em><span style=\"font-size: 10pt\">Supporting Persons Living with Autism in the Family.&#8217;<\/span><\/em><\/p>\n<p><span style=\"font-size: 10pt\">2005<br \/>\n<em>INED, National Institute of Demographic Research in France, Paris, FRANCE. <\/em><\/span><em><span style=\"font-size: 10pt\">1-month scholarship.<\/span><\/em><\/p>\n<p><span style=\"font-size: 10pt\">1992\u20131993<br \/>\n<em>University of Bielefeld (Bielefeld, GERMANY) 10-month scholarship at the <\/em><\/span><em><span style=\"font-size: 10pt\">Faculty of Sociology.<\/span><\/em><\/p>\n<p><span style=\"font-size: 10pt\">1988\u20131995\/1996<br \/>\n<em>E\u00f6tv\u00f6s Lor\u00e1nd University of Budapest (ELTE Budapest, HUNGARY) <\/em><\/span><em><span style=\"font-size: 10pt\">Faculty of\u00a0 Arts, graduated from German Language and Literature, M.A. <\/span><span style=\"font-size: 10pt\">(1995), graduated from Sociology, M.A. (1996).<\/span><\/em><\/p>\n<p>&nbsp;<\/p>\n<p><span style=\"font-size: 10pt\"><strong>Selected projects<\/strong><\/span><\/p>\n<p><span style=\"font-size: 10pt\">2015. <em>\u201eLiving conditions and development of care for persons with severe and multiple disabilities\u201d<\/em> pilot project (Equal Opportunities of Persons with Disabilities Non-profit Ltd.). Project coordinator, researcher.<\/span><\/p>\n<p><span style=\"font-size: 10pt\">2014\u20132015. Working as expert in the EU-supported national project T\u00c1MOP 5.4.11-12 <em>Eight Points \u2013 Complex innovation of the care system for persons with autism.<\/em><\/span><\/p>\n<p><span style=\"font-size: 10pt\">2009\u20132012. Collection and processing of quantitative and qualitative data for the project on socio-economic inequalities in mortality concerning Budapest (project title: <em>INEQ-CITIES. Socio-economic inequalities in mortality: Evidence and policies in cities of Europe<\/em>, https:\/\/www.ucl.ac.uk\/ineqcities\/).<\/span><\/p>\n<p><span style=\"font-size: 10pt\">2009\u20132011. data collection and processing for the epidemiological project of Katalin Kov\u00e1cs (Demographic Research Institute of the Hungarian Central Statistical Office) <em>on trends of social inequalities in mortality between 1971\u20132008 in Hungary<\/em>.<\/span><\/p>\n<p><span style=\"font-size: 10pt\">2008\u20132009. <em>National Autism Research<\/em> (Hungary). Researcher.<\/span><\/p>\n<p>&nbsp;<\/p>\n<p><span style=\"font-size: 10pt\"><strong>Selected professional courses<\/strong><\/span><\/p>\n<p><span style=\"font-size: 10pt\">Autism Foundation, course with accreditation (no. OKM-1\/110\/2010.) <em>Development of social and communication skills of children living with autism<\/em> (Budapest, December\u00a0 1-5, 2014)<\/span><\/p>\n<p><span style=\"font-size: 10pt\">Certificate of Attendance of the <em>5th European Course on Biotechnology Ethics<\/em> (Budapest, June 22-29, 2008)<\/span><\/p>\n<p><span style=\"font-size: 10pt\">Certificate of Attendance of the course <em>Living Conditions, Systems of Social Statistics, Social Indicators and Social Reporting by Eurostat<\/em> (Budapest, October 18-22, 1999)<\/span><\/p>\n<p>&nbsp;<\/p>\n<p><span style=\"font-size: 10pt\"><strong>Supporting charity work, individual entrepreneurship<\/strong><\/span><\/p>\n<p><span style=\"font-size: 10pt\">Individual teaching of German language for persons coping with communication problems (2011- )<\/span><\/p>\n<p><span style=\"font-size: 10pt\">Salva Vita Foundation, researcher, expert, 2006\u2013<\/span><\/p>\n<p><span style=\"font-size: 10pt\">Hungarian Association of Persons with Autism (AOSZ), scholarship, 2008\u20132009<\/span><\/p>\n<p><span style=\"font-size: 10pt\">Charity visitor in hospital (2004\u20132006)<\/span><\/p>\n<p>&nbsp;<\/p>\n<p><span style=\"font-size: 10pt\"><strong>Language skills<br \/>\n<\/strong>German\u00a0\u00a0\u00a0 fluent working proficiency<\/span><br \/>\n<span style=\"font-size: 10pt\">English\u00a0\u00a0\u00a0\u00a0 independent working proficiency<\/span><br \/>\n<span style=\"font-size: 10pt\">French\u00a0\u00a0\u00a0\u00a0\u00a0 independent working proficiency<\/span><\/p>\n<p>&nbsp;<\/p>\n<p><span style=\"font-size: 10pt\"><strong>Awards<\/strong><\/span><\/p>\n<p><span style=\"font-size: 10pt\">Semmelweis University Private Teacher Award (2017)<\/span><\/p>\n<p><span style=\"font-size: 10pt\">Hungarian Central Statistical Office Social Statistics Competition, 1st prize (\u2019Types of audience of culture in Budapest\u2019) (2001)<\/span><\/p>\n<p>&nbsp;<\/p>\n<p><span style=\"font-size: 10pt\">Budapest, 3th September, 2018<\/span><\/p>\n<p><span style=\"font-size: 10pt\">\n<\/div><h2 class=\"tabtitle\">Publications<\/h2>\n<div class=\"tabcontent\">\n<\/span><\/p>\n<p><span style=\"font-size: 10pt\"><strong>Selected Publications (Dr. Bogn\u00e1r, Vir\u00e1g Katalin)<\/strong><\/span><\/p>\n<p><span style=\"font-size: 10pt\"><br \/>\nD\u00f6br\u00f6ssy, B., Girasek, E., Sus\u00e1nszky, A., Koncz, Z., Gy\u0151rffy, Z., Bogn\u00e1r, V. K. (2020). &#8222;Clicks, likes, shares and comments&#8221; a systematic review of breast cancer screening discourse in social media<em>. PLoS ONE<\/em> <em>15<\/em>(4): e0231422. https:\/\/doi.org\/10.1371\/journal.pone.0231422<\/span><\/p>\n<p><span style=\"font-size: 10pt\"><strong><br \/>\n<\/strong><\/span><br \/>\n<span style=\"font-size: 10pt\"><strong>Published abstract in English:<\/strong><\/span><\/p>\n<p><span style=\"font-size: 10pt\">Bogn\u00e1r, Vir\u00e1g Katalin (2012). Parental perception of autistic symptoms in children and parental life satisfaction. In: <em>International Journal of Behavioral Medicine, 19<\/em> (Suppl 1), 128\u2013129.<\/span><\/p>\n<p>&nbsp;<\/p>\n<p><span style=\"font-size: 10pt\"><strong>Selected Conference Presentations in English:<\/strong><\/span><\/p>\n<p><span style=\"font-size: 10pt\">Parenting stories &#8211; and service needs in families raising a child with ASD. ( with coauthor: Dr. Sarkadi, Anna, Uppsala Universitet, Sweden) Poster presentation on the <em>International Conference on Cerebral Palsy and other Childhood-onset Disabilities<\/em>,\u00a0 Stockholm 1\u20134 June, 2016.<\/span><\/p>\n<p><span style=\"font-size: 10pt\">Should we follow the dreams of students living with autism? Case studies on foreign language learning and teaching. Poster presentation on the <em>XI. Autism Europe International Congress<\/em>, Edinburgh, 16\u201318 September, 2016.<\/span><\/p>\n<p><span style=\"font-size: 10pt\">Parental and professional views and competences: Involving each other. (with coathor: Szelecki, Istv\u00e1n) Oral poster presentation on the <em>XI. Autism Europe International Congress<\/em>, Edinburgh, 16\u201318 September, 2016.<\/span><\/p>\n<p><span style=\"font-size: 10pt\">Sleep disturbances predict behavioural symptom severity in autism: As primary caregivers report. (with coauthors: Alp\u00e1r S. Lazar, Judit Sim\u00f3) Poster presentation on the <em>X. Autism Europe Congress<\/em>, Budapest, 26\u201328 September, 2013.<\/span><\/p>\n<p><span style=\"font-size: 10pt\">Parental management of social denial. Keynote presentation on the <em>X. Autism Europe Congress<\/em>, Budapest, 26\u201328 September 2013.<\/span><\/p>\n<p><span style=\"font-size: 10pt\">Marital stress in caregivers of autistic family members. (with coauthors: Dr. Balog, Piroska; Dr. Kopp, M\u00e1ria) Poster presented at the <em>European Health Psychology Society the 24th Annual Conference \u201eHealth in Context\u201d<\/em>, Cluj-Napoca, Romania, 1\u20134 Sept, 2010.<\/span><\/p>\n<p><span style=\"font-size: 10pt\">Changing partnership trajectories in Hungary after World War II: generations and social groups. Oral presentation at the <em>European Population Conference<\/em>, Vienna, Austria, 1\u20134 September, 2010.<\/span><\/p>\n<p>&nbsp;<\/p>\n<p><span style=\"font-size: 10pt\"><strong>Selected Papers in Journals with Peer-Review in Hungarian (with Abstract in English):<\/strong><\/span><\/p>\n<p><span style=\"font-size: 10pt\">Bogn\u00e1r, Vir\u00e1g Katalin (2017). Partners \u2013 analysis of support needs of adult men with severe and multiple disabilities. A biographical approach. <em>Es\u00e9ly (Chance). Social Policy Journal<\/em>, <em>29<\/em>(2), 55\u201376. http:\/\/www.esely.org\/kiadvanyok\/2017_2\/Esely_2017-2_4_Bognar_Partnerek.pdf<\/span><\/p>\n<p><span style=\"font-size: 10pt\">Bogn\u00e1r, Vir\u00e1g (2008). Desired children in the light of labour market status of partnership members. In:\u00a0 <em>Demogr\u00e1fia (Demography), 51<\/em>(4). 356\u2013376. 51(4). 356\u2013376. http:\/\/demografia.hu\/kiadvanyokonline\/index.php\/demografia\/article\/view\/534\/518<\/span><\/p>\n<p><span style=\"font-size: 10pt\">Bogn\u00e1r, Vir\u00e1g &amp; Faluv\u00e9gi, Albert (2005). Urban statistics\u00a0 \u2013 the project Urban Audit \u2013 and main results. <em>Gazdas\u00e1g \u00e9s Statisztika (Economics and Statistics), 56<\/em>(5), 3\u201320. <\/span><span style=\"font-size: 10pt\">http:\/\/www.ksh.hu\/docs\/files\/424337.PDF<\/span><\/p>\n<p><span style=\"font-size: 10pt\">Bogn\u00e1r, Vir\u00e1g (2004). Social norms and lifestyles. In: <em>Statisztikai Szemle (Statistical Review), 82<\/em>(3), 237\u2013263. http:\/\/www.ksh.hu\/statszemle_archive\/2004\/2004_03\/2004_03_237.pdf<\/span><\/p>\n<p><span style=\"font-size: 10pt\">Bogn\u00e1r, Vir\u00e1g (2002). Types of audience of culture in Budapest. In: <em>Statisztikai Szemle (Statistical Review), 80<\/em>(5-6), 537\u2013556. http:\/\/www.ksh.hu\/statszemle_archive\/2002\/2002_05-06\/2002_05-06_537.pdf<\/span><\/p>\n<p><span style=\"font-size: 10pt\">Bogn\u00e1r, Vir\u00e1g (1996). The shipwreck of Ideology and Utopia. Comparison of the German and English version of Karl Mannheim\u2019s Ideology and Utopia. In: <em>Szociol\u00f3giai Szemle (Sociological Review), 6<\/em>(2), 21\u201355. http:\/\/www.szociologia.hu\/dynamic\/9602bognar.htm<\/span><\/p>\n<p>&nbsp;<\/p>\n<p><span style=\"font-size: 10pt\">Full list of publications is\u00a0 by MTMT accessible: <a href=\"https:\/\/m2.mtmt.hu\/gui2\/?type=authors&amp;mode=browse&amp;sel=10064465\" target=\"_blank\" rel=\"noopener noreferrer\">click here<\/a><\/span><\/p>\n<p>&nbsp;<\/p>\n<p><span style=\"font-size: 10pt\"><\/div><\/div><\/span><\/p>\n<p>&nbsp;<\/p>\n","protected":false},"excerpt":{"rendered":"<p>dr. Vir\u00e1g Katalin Bogn\u00e1r sociologist &nbsp; Professional experience, jobs 2006\u2013\u00a0\u00a0\u00a0\u00a0\u00a0\u00a0\u00a0\u00a0\u00a0\u00a0 Semmelweis University of Medicine, Institute of Behavioural Sciences lecturer in medical sociology (from 2006) and in bioethics (from 2015) in German language (as external researcher between 2006 February and 2018 August) 2014\u20132015\u00a0\u00a0\u00a0\u00a0 Equal Opportunities of Persons with Disabilities Non-profit Ltd. (FSZK) sociologist, expert, program coordinator &hellip;<\/p>\n","protected":false},"author":101277,"featured_media":0,"parent":3356,"menu_order":10,"comment_status":"closed","ping_status":"closed","template":"","meta":{"_acf_changed":false,"footnotes":""},"categories":[],"tags":[],"class_list":["post-5328","page","type-page","status-publish","hentry"],"acf":[],"_links":{"self":[{"href":"https:\/\/semmelweis.hu\/magtud\/wp-json\/wp\/v2\/pages\/5328","targetHints":{"allow":["GET"]}}],"collection":[{"href":"https:\/\/semmelweis.hu\/magtud\/wp-json\/wp\/v2\/pages"}],"about":[{"href":"https:\/\/semmelweis.hu\/magtud\/wp-json\/wp\/v2\/types\/page"}],"author":[{"embeddable":true,"href":"https:\/\/semmelweis.hu\/magtud\/wp-json\/wp\/v2\/users\/101277"}],"replies":[{"embeddable":true,"href":"https:\/\/semmelweis.hu\/magtud\/wp-json\/wp\/v2\/comments?post=5328"}],"version-history":[{"count":10,"href":"https:\/\/semmelweis.hu\/magtud\/wp-json\/wp\/v2\/pages\/5328\/revisions"}],"predecessor-version":[{"id":11953,"href":"https:\/\/semmelweis.hu\/magtud\/wp-json\/wp\/v2\/pages\/5328\/revisions\/11953"}],"up":[{"embeddable":true,"href":"https:\/\/semmelweis.hu\/magtud\/wp-json\/wp\/v2\/pages\/3356"}],"wp:attachment":[{"href":"https:\/\/semmelweis.hu\/magtud\/wp-json\/wp\/v2\/media?parent=5328"}],"wp:term":[{"taxonomy":"category","embeddable":true,"href":"https:\/\/semmelweis.hu\/magtud\/wp-json\/wp\/v2\/categories?post=5328"},{"taxonomy":"post_tag","embeddable":true,"href":"https:\/\/semmelweis.hu\/magtud\/wp-json\/wp\/v2\/tags?post=5328"}],"curies":[{"name":"wp","href":"https:\/\/api.w.org\/{rel}","templated":true}]}}