{"id":4975,"date":"2018-08-28T17:17:52","date_gmt":"2018-08-28T15:17:52","guid":{"rendered":"http:\/\/semmelweis.hu\/magtud\/?page_id=4975"},"modified":"2020-09-14T08:50:18","modified_gmt":"2020-09-14T06:50:18","slug":"medical-communication-research-team","status":"publish","type":"page","link":"https:\/\/semmelweis.hu\/magtud\/en\/research\/research-groups\/medical-communication-research-team\/","title":{"rendered":"Medical Communication Research Team"},"content":{"rendered":"<p><strong>Leader: <\/strong>Dr. J\u00e1nos Pilling, PhD, associate professor<\/p>\n<p><strong>Members:<br \/>\n<\/strong>Dr. Piroska Balog, PhD, senior lecturer<br \/>\nDr. Katalin Heged\u0171s, PhD, Habil. associate professor<br \/>\nDr. J\u00e1nos Koll\u00e1r, PhD, associate professor<br \/>\nImola S\u00e1ndor, clinical psychologist<br \/>\nDr. Adrienne Stauder, PhD, associate professor<br \/>\nDr. M\u00f3nika Ditta T\u00f3th, senior lecturer<\/p>\n<p><strong>Research field<\/strong><\/p>\n<p>The aim of the research team is to investigate various aspects of medical communications, particularly with regard to patient education, the development of physician-patient cooperation, relationship with the somatizing patients, communication aspects of patient safety, communication within the health care team and intercultural communication. In addition to the interpersonal communication research, the research team is engaged in developing new educational methods of medical communication as well.<\/p>\n<p><strong><br \/>\nThe most important publications in the last 5 years<\/strong><\/p>\n<p>F\u00f6ldesi E, Hauser P, Heged\u0171s K: Az orvosi kommunik\u00e1ci\u00f3 saj\u00e1toss\u00e1gai a gyermekonkol\u00f3gia ter\u00fclet\u00e9n, k\u00fcl\u00f6n\u00f6s tekintettel a palliat\u00edv ell\u00e1t\u00e1sra. ORVOSI HETILAP 169 : 9 pp. 323-329. , 7 p. (2020)<\/p>\n<p>Fritz \u00c1d\u00e1m, T\u00f3th M\u00f3nika Ditta, Sus\u00e1nszky \u00c9va: A gy\u00f3gyszer\u00e9sz kapu\u0151r szerepe a depresszi\u00f3 felismer\u00e9s\u00e9ben \u00e9s az \u00f6ngyilkoss\u00e1g megel\u0151z\u00e9s\u00e9ben \u2013 1. r\u00e9sz. GY\u00d3GYSZER\u00c9SZET 64 : 1-4 pp. 1-4. , 4 p. (2020)<\/p>\n<p>Fritz \u00c1d\u00e1m, Dr. T\u00f3th M\u00f3nika Ditta, Dr. Sus\u00e1nszky \u00c9va: A gy\u00f3gyszer\u00e9sz kapu\u0151r szerepe a depresszi\u00f3 felismer\u00e9s\u00e9ben \u00e9s az \u00f6ngyilkoss\u00e1g megel\u0151z\u00e9s\u00e9ben \u2013 2. r\u00e9sz. GY\u00d3GYSZER\u00c9SZET 64 pp. 275-279. , 5 p. (2020)<\/p>\n<p>S\u00e1ndor Imola, Pilling J\u00e1nos (2016): T\u00e9vhitek az orvosi kommunik\u00e1ci\u00f3r\u00f3l. Orvosi Hetilap, 157 (17): 644-648.<\/p>\n<p>Pilling J\u00e1nos, Erd\u00e9lyi Kamilla (2016): Az eg\u00e9szs\u00e9g\u00fcgyi k\u00e1rt\u00e9r\u00edt\u00e9si perek kommunik\u00e1ci\u00f3s vonatkoz\u00e1sai. Orvosi Hetilap, 157 (17): 654-658.<\/p>\n<p>Stauder Adrienne, E\u00f6rsi D\u00e1niel, Pilling J\u00e1nos (2016): Az orvos\u2013beteg kommunik\u00e1ci\u00f3 jelent\u0151s\u00e9ge a szomatiz\u00e1l\u00f3 p\u00e1ciensek ell\u00e1t<br \/>\n\u00e1s\u00e1ban. Orvosi Hetilap, 157 (17): 664-668.<\/p>\n<p>Koll\u00e1r J\u00e1nos (2016): Kommunik\u00e1ci\u00f3 az eg\u00e9szs\u00e9g\u00fcgyi teamen bel\u00fcl: orvosok \u00e9s szakdolgoz\u00f3k. Orvosi Hetilap, 157 (17): 659-663.<\/p>\n<p>Koll\u00e1r J, Babusa B, Stauder A, Pilling J, Cserepes R, Czegl\u00e9di E (2016): Improving teaching efficiency on Medical Universities \u2013 A comparative study of Hungarian and foreign medical university students\u2019 feedbacks regarding learning by KOLLAR method. Journal Of Contemporary Medical Education\u00a04:(1)\u00a01-7<\/p>\n<p>Koll\u00e1r J\u00e1nos (2015): T\u00e1rsasj\u00e1t\u00e9kok az orvosk\u00e9pz\u00e9sben. Lege Artis Medicinae, 25 (06-07): 296-299.<\/p>\n<p>&nbsp;<\/p>\n","protected":false},"excerpt":{"rendered":"<p>Leader: Dr. J\u00e1nos Pilling, PhD, associate professor Members: Dr. Piroska Balog, PhD, senior lecturer Dr. Katalin Heged\u0171s, PhD, Habil. associate professor Dr. J\u00e1nos Koll\u00e1r, PhD, associate professor Imola S\u00e1ndor, clinical psychologist Dr. Adrienne Stauder, PhD, associate professor Dr. M\u00f3nika Ditta T\u00f3th, senior lecturer Research field The aim of the research team is to investigate various &hellip;<\/p>\n","protected":false},"author":101277,"featured_media":0,"parent":4877,"menu_order":6,"comment_status":"closed","ping_status":"closed","template":"","meta":{"_acf_changed":false,"footnotes":""},"categories":[],"tags":[],"class_list":["post-4975","page","type-page","status-publish","hentry"],"acf":[],"_links":{"self":[{"href":"https:\/\/semmelweis.hu\/magtud\/wp-json\/wp\/v2\/pages\/4975","targetHints":{"allow":["GET"]}}],"collection":[{"href":"https:\/\/semmelweis.hu\/magtud\/wp-json\/wp\/v2\/pages"}],"about":[{"href":"https:\/\/semmelweis.hu\/magtud\/wp-json\/wp\/v2\/types\/page"}],"author":[{"embeddable":true,"href":"https:\/\/semmelweis.hu\/magtud\/wp-json\/wp\/v2\/users\/101277"}],"replies":[{"embeddable":true,"href":"https:\/\/semmelweis.hu\/magtud\/wp-json\/wp\/v2\/comments?post=4975"}],"version-history":[{"count":4,"href":"https:\/\/semmelweis.hu\/magtud\/wp-json\/wp\/v2\/pages\/4975\/revisions"}],"predecessor-version":[{"id":9087,"href":"https:\/\/semmelweis.hu\/magtud\/wp-json\/wp\/v2\/pages\/4975\/revisions\/9087"}],"up":[{"embeddable":true,"href":"https:\/\/semmelweis.hu\/magtud\/wp-json\/wp\/v2\/pages\/4877"}],"wp:attachment":[{"href":"https:\/\/semmelweis.hu\/magtud\/wp-json\/wp\/v2\/media?parent=4975"}],"wp:term":[{"taxonomy":"category","embeddable":true,"href":"https:\/\/semmelweis.hu\/magtud\/wp-json\/wp\/v2\/categories?post=4975"},{"taxonomy":"post_tag","embeddable":true,"href":"https:\/\/semmelweis.hu\/magtud\/wp-json\/wp\/v2\/tags?post=4975"}],"curies":[{"name":"wp","href":"https:\/\/api.w.org\/{rel}","templated":true}]}}