{"id":4742,"date":"2018-08-24T13:33:58","date_gmt":"2018-08-24T11:33:58","guid":{"rendered":"http:\/\/semmelweis.hu\/magtud\/?page_id=4742"},"modified":"2020-09-10T09:55:56","modified_gmt":"2020-09-10T07:55:56","slug":"dr-emma-birkas","status":"publish","type":"page","link":"https:\/\/semmelweis.hu\/magtud\/en\/institute\/staff\/dr-emma-birkas\/","title":{"rendered":"Dr. Emma Birk\u00e1s"},"content":{"rendered":"<div class=\"responsive-tabs\">\n<h2 class=\"tabtitle\">Curriculum Vitae<\/h2>\n<div class=\"tabcontent\">\n\n<p><strong>University status:<br \/>\n<\/strong>Senior lecturer, Semmelweis University, Institute of Behavioural Sciences<\/p>\n<p><strong>Education:<br \/>\n<\/strong>1995-2001 E\u00f6tv\u00f6s Lor\u00e1nd University , Faculty of Arts, Psychology Programme, Specialization in Developmental Psychology and Counselling (certificate number: 682\/2001)<\/p>\n<p>2001-2004 PhD, Semmelweis University, Mental Health Sciences Doctoral School, Behavioural Sciences Programme (certificate number: 1006\/2007)<\/p>\n<div dir=\"ltr\">\n<div>November 2018 &#8211; Adult clinical and mental health psychologist specialization<\/div>\n<div><\/div>\n<\/div>\n<p><strong>Previous work places<\/strong>:<br \/>\n2005-2006 Semmelweis University, Department of Molecular Biology and Pathobiochemistry<\/p>\n<p>2006-2011 Hungarian Academy of Sciences, Psychology Research Institute, Social developmental research group<\/p>\n<p>&nbsp;<\/p>\n<p><strong>Teaching activity:<br \/>\n<\/strong>Semmelweis University, Faculty of General Medicine &#8211; teaching graduate courses in Hungarian: Medical psychology and Psychotherapy in medical practice<br \/>\nCourse organizer in the German language programme<\/p>\n<p><strong>Clinical activity:<br \/>\n<\/strong>Semmelweis University, Student counselling<\/p>\n<p><strong>Research focus<\/strong>:<br \/>\nPsychosomatics of inflammatory bowel diseases (IBD)<\/p>\n\n<\/div><h2 class=\"tabtitle\">Publications<\/h2>\n<div class=\"tabcontent\">\n\n<p>Click <a href=\"https:\/\/m2.mtmt.hu\/gui2\/?type=authors&amp;mode=browse&amp;sel=10026548\" target=\"_blank\" rel=\"noopener noreferrer\">here<\/a> for full list of publications<\/p>\n<\/div><\/div>\n","protected":false},"excerpt":{"rendered":"<p>University status: Senior lecturer, Semmelweis University, Institute of Behavioural Sciences Education: 1995-2001 E\u00f6tv\u00f6s Lor\u00e1nd University , Faculty of Arts, Psychology Programme, Specialization in Developmental Psychology and Counselling (certificate number: 682\/2001) 2001-2004 PhD, Semmelweis University, Mental Health Sciences Doctoral School, Behavioural Sciences Programme (certificate number: 1006\/2007) November 2018 &#8211; Adult clinical and mental health psychologist specialization &hellip;<\/p>\n","protected":false},"author":101277,"featured_media":0,"parent":3356,"menu_order":8,"comment_status":"closed","ping_status":"closed","template":"","meta":{"_acf_changed":false,"footnotes":""},"categories":[],"tags":[],"class_list":["post-4742","page","type-page","status-publish","hentry"],"acf":[],"_links":{"self":[{"href":"https:\/\/semmelweis.hu\/magtud\/wp-json\/wp\/v2\/pages\/4742","targetHints":{"allow":["GET"]}}],"collection":[{"href":"https:\/\/semmelweis.hu\/magtud\/wp-json\/wp\/v2\/pages"}],"about":[{"href":"https:\/\/semmelweis.hu\/magtud\/wp-json\/wp\/v2\/types\/page"}],"author":[{"embeddable":true,"href":"https:\/\/semmelweis.hu\/magtud\/wp-json\/wp\/v2\/users\/101277"}],"replies":[{"embeddable":true,"href":"https:\/\/semmelweis.hu\/magtud\/wp-json\/wp\/v2\/comments?post=4742"}],"version-history":[{"count":5,"href":"https:\/\/semmelweis.hu\/magtud\/wp-json\/wp\/v2\/pages\/4742\/revisions"}],"predecessor-version":[{"id":9022,"href":"https:\/\/semmelweis.hu\/magtud\/wp-json\/wp\/v2\/pages\/4742\/revisions\/9022"}],"up":[{"embeddable":true,"href":"https:\/\/semmelweis.hu\/magtud\/wp-json\/wp\/v2\/pages\/3356"}],"wp:attachment":[{"href":"https:\/\/semmelweis.hu\/magtud\/wp-json\/wp\/v2\/media?parent=4742"}],"wp:term":[{"taxonomy":"category","embeddable":true,"href":"https:\/\/semmelweis.hu\/magtud\/wp-json\/wp\/v2\/categories?post=4742"},{"taxonomy":"post_tag","embeddable":true,"href":"https:\/\/semmelweis.hu\/magtud\/wp-json\/wp\/v2\/tags?post=4742"}],"curies":[{"name":"wp","href":"https:\/\/api.w.org\/{rel}","templated":true}]}}