{"id":4498,"date":"2018-08-15T15:33:15","date_gmt":"2018-08-15T13:33:15","guid":{"rendered":"http:\/\/semmelweis.hu\/magtud\/?page_id=4498"},"modified":"2023-06-22T15:11:55","modified_gmt":"2023-06-22T13:11:55","slug":"medizinische-kommunikation","status":"publish","type":"page","link":"https:\/\/semmelweis.hu\/magtud\/de\/lehre\/allgemeine-medizin\/medizinische-kommunikation\/","title":{"rendered":"Medizinische Kommunikation"},"content":{"rendered":"<p><strong>2021\/2022.\u00a0 II. Semester<br \/>\n<\/strong><strong>Vorlesungen<br \/>\n<\/strong>Dienstags, 12:25-13:55,\u00a0 NET-Z\u00f6ld Vorlesunssaal\u00a0(Selye J\u00e1nos)<\/p>\n<p>Medizinische Kommunikation<\/p>\n<table>\n<tbody>\n<tr>\n<td width=\"160\">1.\u00a0\u00a0\u00a0\u00a0\u00a0 1. Februar<\/td>\n<td width=\"142\">Frau Judit S\u00fcle<\/td>\n<td width=\"302\">Einleitung, Die Arzt-Patient Konsultation<\/td>\n<\/tr>\n<tr>\n<td width=\"160\">2.\u00a0\u00a0\u00a0\u00a0\u00a0 8. Februar<\/td>\n<td width=\"142\">Dr. Tam\u00e1s Fenyves<\/td>\n<td width=\"302\">Die suggestive Kommunikation<\/td>\n<\/tr>\n<tr>\n<td width=\"160\">3.\u00a0\u00a0\u00a0\u00a0\u00a0 15. Februar<\/td>\n<td width=\"142\">Frau Evelin V\u00e1rnai<\/td>\n<td width=\"302\">Kommunikation \u00fcber intime Fragen; Kommunikation mit aufgeregtem Patienten<\/td>\n<\/tr>\n<tr>\n<td width=\"160\">4.\u00a0\u00a0\u00a0\u00a0\u00a0 22. Februar<\/td>\n<td width=\"142\">Frau Enik\u0151 F\u00f6ldesi<\/td>\n<td width=\"302\">Kommunikation mit Patienten verschiedener Altersgruppen<\/td>\n<\/tr>\n<tr>\n<td width=\"160\">5.\u00a0\u00a0\u00a0\u00a0\u00a0 1. M\u00e4rz<\/td>\n<td width=\"142\">Dr. Adrienne Kegye<\/td>\n<td width=\"302\">\u00dcberbringen schlechter Nachrichten<\/td>\n<\/tr>\n<tr>\n<td width=\"160\">6.\u00a0\u00a0\u00a0\u00a0\u00a0 8. M\u00e4rz<\/td>\n<td width=\"142\">Dr. Orsolya Sz\u00e9pe<\/td>\n<td width=\"302\">Unterst\u00fctzung bei der Verhaltens\u00e4nderung; Die kulturelle Kompetenz des Arztes<\/td>\n<\/tr>\n<tr>\n<td width=\"160\">7.\u00a0\u00a0\u00a0\u00a0\u00a0 22. M\u00e4rz<\/td>\n<td width=\"142\">Frau Judit S\u00fcle, Frau Enik\u0151 F\u00f6ldesi<\/td>\n<td width=\"302\">E-Health; Kommunikationsaspekte der Patientensicherheit<\/td>\n<\/tr>\n<\/tbody>\n<\/table>\n<p>(Achtung: Der 15. M\u00e4rz ist Nationalfeiertag, die Vorlesung f\u00e4llt aus!)<\/p>\n<p>&nbsp;<\/p>\n<p><strong>PRAKTIKA 2021\/2022. II. Semester<\/strong><\/p>\n<table>\n<tbody>\n<tr>\n<td width=\"85\">Gruppe<\/td>\n<td width=\"203\">Beginn<\/td>\n<td width=\"157\">Stunde<\/td>\n<td width=\"159\">Leiterin<\/td>\n<\/tr>\n<tr>\n<td width=\"85\">Gr.1<\/td>\n<td width=\"203\">4. Februar<\/td>\n<td width=\"157\">Freitag14.45-16.15 (1-7 Woche) EOK &#8211; 0<\/td>\n<td width=\"159\">Dr. Sz\u00e9pe Orsolya<\/td>\n<\/tr>\n<tr>\n<td width=\"85\">Gr. 2<\/td>\n<td width=\"203\">25. M\u00e4rz<\/td>\n<td width=\"157\">Freitag 14.45-16.15 (8-15 Woche) EOK -0<\/td>\n<td width=\"159\">Dr. Sz\u00e9pe Orsolya<\/td>\n<\/tr>\n<tr>\n<td width=\"85\">Gr. 3<\/td>\n<td width=\"203\">31. Januar<\/td>\n<td width=\"157\">Montag 8.00-9.30 (1-7 Woche) NET Sz-7<\/td>\n<td width=\"159\">V\u00e9gh \u00c1gnes<\/td>\n<\/tr>\n<tr>\n<td width=\"85\">Gr. 4<\/td>\n<td width=\"203\">21. M\u00e4rz<\/td>\n<td width=\"157\">Montag 8.00-9.30 (8-15 Woche) NET Sz-7<\/td>\n<td width=\"159\">V\u00e9gh \u00c1gnes<\/td>\n<\/tr>\n<tr>\n<td width=\"85\">Gr. 5<\/td>\n<td width=\"203\">3. Februar<\/td>\n<td width=\"157\">Donnerstag 15.40-17.10 (1-7 W) EOK- 0<\/td>\n<td width=\"159\">Papp Zsuzsanna<\/td>\n<\/tr>\n<tr>\n<td width=\"85\">Gr. 6<\/td>\n<td width=\"203\">24. M\u00e4rz<\/td>\n<td width=\"157\">Donnerstag 15.40-17.10 (8-15 W) EOK-0<\/td>\n<td width=\"159\">Papp Zsuzsanna<\/td>\n<\/tr>\n<tr>\n<td width=\"85\">Gr. 7<\/td>\n<td width=\"203\">1.\u00a0\u00a0\u00a0\u00a0\u00a0\u00a0 Februar<\/td>\n<td width=\"157\">Dienstag 8.00-9.30 (1-7 Woche) NET Sz-7<\/td>\n<td width=\"159\">S\u00fcle Judit<\/td>\n<\/tr>\n<tr>\n<td width=\"85\">Gr. 8<\/td>\n<td width=\"203\">22. M\u00e4rz<\/td>\n<td width=\"157\">Dienstag 8.00-9.30 (8-15 Woche) NET Sz-7<\/td>\n<td width=\"159\">S\u00fcle Judit<\/td>\n<\/tr>\n<tr>\n<td width=\"85\">Gr. 9<\/td>\n<td width=\"203\">31. Januar<\/td>\n<td width=\"157\">Montag 11.30-13.00 (1-7 Woche) NET Sz-7<\/td>\n<td width=\"159\">Papp Zsuzsanna<\/td>\n<\/tr>\n<tr>\n<td width=\"85\">Gr. 10<\/td>\n<td width=\"203\">3. Februar<\/td>\n<td width=\"157\">Donnerstag 13.40-15.10 (1-7 Woche)<\/td>\n<td width=\"159\">Papp Zsuzsanna<\/td>\n<\/tr>\n<tr>\n<td width=\"85\">Gr.11<\/td>\n<td width=\"203\">31. Januar<\/td>\n<td width=\"157\">Montag 12.15-13.45 (1-7 Woche) NET Sz-9<\/td>\n<td width=\"159\">F\u00f6ldesi Enik\u0151<\/td>\n<\/tr>\n<tr>\n<td width=\"85\">Gr. 12<\/td>\n<td width=\"203\">22. M\u00e4rz<\/td>\n<td width=\"157\">Dienstag 11.00-12.30 (8-15 Woche!) NET Sz-10<\/td>\n<td width=\"159\">V\u00e1rnai Evelin<\/td>\n<\/tr>\n<tr>\n<td width=\"85\">Gr. 13<\/td>\n<td width=\"203\">24. M\u00e4rz<\/td>\n<td width=\"157\">Donnerstag 13.40-15.10 (8-15 Woche) AVI-414<\/td>\n<td width=\"159\">Papp Zsuzsanna<\/td>\n<\/tr>\n<tr>\n<td width=\"85\">Gr. 14<\/td>\n<td width=\"203\">21. M\u00e4rz<\/td>\n<td width=\"157\">Montag 11.30-13.00 (8-15 Woche) NET Sz-7<\/td>\n<td width=\"159\">Papp Zsuzsanna<\/td>\n<\/tr>\n<tr>\n<td width=\"85\">Gr. 15<\/td>\n<td width=\"203\">21. M\u00e4rz<\/td>\n<td width=\"157\">Montag 12.15-13.45 (8-15 Woche) NET Sz-9<\/td>\n<td width=\"159\">F\u00f6ldesi Enik\u0151<\/td>\n<\/tr>\n<\/tbody>\n<\/table>\n<p>\u201eA\u201d<\/p>\n<ol>\n<li>Die Bedeutung der \u00e4rztlichen Kommunikation. Fakten und Mi\u00dfverst\u00e4ndnisse \u00fcber \u00e4rztliche Kommunikation.<\/li>\n<li>Die Arzt-Patienten-Kommunikation<\/li>\n<li>Unterst\u00fctzung bei der Verhaltens\u00e4nderung: 5A und 5R Methoden, Modell der Stadien der Verhaltens\u00e4nderung<\/li>\n<li>Unterst\u00fctzung bei der Verhaltens\u00e4nderung: Motivierende Gespr\u00e4chsf\u00fchrung<\/li>\n<li>Kommunikationsm\u00f6glichkeiten zur F\u00f6rderung der Gesundheitskompetenz<\/li>\n<li>Kommunikation der Behandlungsrisiken<\/li>\n<li>Gemeinsame Entscheidungsfindung<\/li>\n<li>Die Rolle der suggestiven Kommunikation in der \u00c4rztlichen Praxis<\/li>\n<li>Kommunikation mit Kindern<\/li>\n<li>Kommunikation mit alten Patienten. Kommunikation bei psychischen St\u00f6rungen bei alten Patienten.<\/li>\n<li>Die kulturelle Kompetenz des Arztes<\/li>\n<\/ol>\n<p>&nbsp;<\/p>\n<p>\u201eB\u201c<\/p>\n<ol>\n<li>Kommunikation \u00fcber funktionelle Symptome<\/li>\n<li>Kommunikation \u00fcber komplement\u00e4re und alternative Medizin<\/li>\n<li>Kommunikation \u00fcber intime Fragen<\/li>\n<li>Kommunikation mit aufgeregten, aggressiven Menschen<\/li>\n<li>Kommunikation mit depressiven Patienten. Die Erkennung der Suizidgefahr<\/li>\n<li>Kommunikation mit Angstpatienten und Suchtkranken.<\/li>\n<li>\u00dcberbringen schlechter Nachrichten<\/li>\n<li>Kommunikationsaspekte der Patientensicherheit<\/li>\n<li>Kommunikation mit behinderten Menschen<\/li>\n<li>Kommunikation mit Abususopfern<\/li>\n<li>E-health: Technische Instrumente in der medizinischen Kommunikation<\/li>\n<\/ol>\n<p>&nbsp;<\/p>\n<p><strong>Obligatorisch:<\/strong><\/p>\n<ol>\n<li>Pilling: \u00c4rztliche Kommunikation in der Praxis, Medicina Buchverlag, Budapest, 2020<\/li>\n<\/ol>\n","protected":false},"excerpt":{"rendered":"<p>2021\/2022.\u00a0 II. Semester Vorlesungen Dienstags, 12:25-13:55,\u00a0 NET-Z\u00f6ld Vorlesunssaal\u00a0(Selye J\u00e1nos) Medizinische Kommunikation 1.\u00a0\u00a0\u00a0\u00a0\u00a0 1. Februar Frau Judit S\u00fcle Einleitung, Die Arzt-Patient Konsultation 2.\u00a0\u00a0\u00a0\u00a0\u00a0 8. Februar Dr. Tam\u00e1s Fenyves Die suggestive Kommunikation 3.\u00a0\u00a0\u00a0\u00a0\u00a0 15. Februar Frau Evelin V\u00e1rnai Kommunikation \u00fcber intime Fragen; Kommunikation mit aufgeregtem Patienten 4.\u00a0\u00a0\u00a0\u00a0\u00a0 22. Februar Frau Enik\u0151 F\u00f6ldesi Kommunikation mit Patienten verschiedener Altersgruppen &hellip;<\/p>\n","protected":false},"author":101277,"featured_media":0,"parent":11823,"menu_order":3,"comment_status":"closed","ping_status":"closed","template":"","meta":{"_acf_changed":false,"footnotes":""},"categories":[],"tags":[],"class_list":["post-4498","page","type-page","status-publish","hentry"],"acf":[],"_links":{"self":[{"href":"https:\/\/semmelweis.hu\/magtud\/wp-json\/wp\/v2\/pages\/4498","targetHints":{"allow":["GET"]}}],"collection":[{"href":"https:\/\/semmelweis.hu\/magtud\/wp-json\/wp\/v2\/pages"}],"about":[{"href":"https:\/\/semmelweis.hu\/magtud\/wp-json\/wp\/v2\/types\/page"}],"author":[{"embeddable":true,"href":"https:\/\/semmelweis.hu\/magtud\/wp-json\/wp\/v2\/users\/101277"}],"replies":[{"embeddable":true,"href":"https:\/\/semmelweis.hu\/magtud\/wp-json\/wp\/v2\/comments?post=4498"}],"version-history":[{"count":10,"href":"https:\/\/semmelweis.hu\/magtud\/wp-json\/wp\/v2\/pages\/4498\/revisions"}],"predecessor-version":[{"id":11295,"href":"https:\/\/semmelweis.hu\/magtud\/wp-json\/wp\/v2\/pages\/4498\/revisions\/11295"}],"up":[{"embeddable":true,"href":"https:\/\/semmelweis.hu\/magtud\/wp-json\/wp\/v2\/pages\/11823"}],"wp:attachment":[{"href":"https:\/\/semmelweis.hu\/magtud\/wp-json\/wp\/v2\/media?parent=4498"}],"wp:term":[{"taxonomy":"category","embeddable":true,"href":"https:\/\/semmelweis.hu\/magtud\/wp-json\/wp\/v2\/categories?post=4498"},{"taxonomy":"post_tag","embeddable":true,"href":"https:\/\/semmelweis.hu\/magtud\/wp-json\/wp\/v2\/tags?post=4498"}],"curies":[{"name":"wp","href":"https:\/\/api.w.org\/{rel}","templated":true}]}}