{"id":4437,"date":"2018-08-08T14:54:28","date_gmt":"2018-08-08T12:54:28","guid":{"rendered":"http:\/\/semmelweis.hu\/magtud\/?page_id=4437"},"modified":"2023-06-23T08:59:56","modified_gmt":"2023-06-23T06:59:56","slug":"heilung","status":"publish","type":"page","link":"https:\/\/semmelweis.hu\/magtud\/de\/heilung\/","title":{"rendered":"Heilung"},"content":{"rendered":"<div class=\"responsive-tabs\">\n<h2 class=\"tabtitle\">Institutspraxis<\/h2>\n<div class=\"tabcontent\">\n\n<p>Das Profil der Institutspraxis:<\/p>\n<p>Ess- und K\u00f6rperbildst\u00f6rungen (Anorexia nervosa, Bulimia nervosa, Fressattacken etc.) Wir k\u00f6nnen Personen mit Ess- und K\u00f6rperbildst\u00f6rungen behandeln, die keine station\u00e4re Behandlung ben\u00f6tigen, d.h. deren K\u00f6rpergewicht nicht unter einem kritischen Wert liegt, und die kein Risiko f\u00fcr Selbstverletzung aufweisen.<\/p>\n<p>Sexuelle St\u00f6rungen (erektile Dysfunktion, Orgasmusst\u00f6rung, sexuelle Schmerzst\u00f6rung).<\/p>\n<p>Psychogene Schlafst\u00f6rungen (nicht-organische Insomnie, Somnambulismus und andere Parasomnien, St\u00f6rungen des zyrkadianen Rhythmus), die nicht als Symptome anderer Krankheiten erscheinen.<\/p>\n<p>Angstst\u00f6rungen, haupts\u00e4chlich Panikst\u00f6rung, Phobien und soziale Phobie.<\/p>\n\n<\/div><h2 class=\"tabtitle\">Studentenberatung<\/h2>\n<div class=\"tabcontent\">\n\n<p>Die Psychologische Beratung ist &#8230; ist ein <strong>kostenfreies und anonymes<\/strong> Angebot der Semmelweis Universit\u00e4t, die von <strong>allen<\/strong> englisch- und deutschsprachigen Studenten in Anspruch genommen werden kann.<\/p>\n<p>Unsere Unterst\u00fctzung ist auch <strong>via ZOOM, Skype<\/strong> erreichbar. W\u00e4hrend der Corona-Krise k\u00f6nnen Sie sich auch mit spezifischen Fragen an uns wenden:<\/p>\n<ul>\n<li>Lernen im Shutdown<\/li>\n<li>Lernen in Selbstisolation<\/li>\n<li>Online Pr\u00fcfungen<\/li>\n<li>Einschr\u00e4nkung des sozialen Lebens<\/li>\n<\/ul>\n<p><strong>Wir bieten professionelle Unterst\u00fctzung bei Studienproblemen:<\/strong><\/p>\n<ul>\n<li>Bew\u00e4ltigung von Lernschwierigkeiten<\/li>\n<li>Lerntechniken<\/li>\n<li>Pr\u00fcfungsangst<\/li>\n<li>Selbstorganisation, Zeitmanagement<\/li>\n<li>Stressbew\u00e4ltigung,<\/li>\n<\/ul>\n<p><strong>aber auch bei pers\u00f6nlichen Problemen:<\/strong><\/p>\n<ul>\n<li>\u00c4ngsten und Stress<\/li>\n<li>Depressionen<\/li>\n<li>Beziehungsproblemen<\/li>\n<li>Schlafproblemen<\/li>\n<li>Essst\u00f6rungen<\/li>\n<li>Heimweh und Gef\u00fchlen von Einsamkeit<\/li>\n<li>Fehlendem Selbstvertrauen\/ schwachem Selbstbewusstsein<\/li>\n<li>Problemen mit der Entscheidungsfindung<\/li>\n<li>Traumatischen Erfahrungen, krisenhafte Lebenssituationen (auch z.B. Verkehrsunf\u00e4llen)<\/li>\n<li>Schwierigkeiten im Umgang mit Alkohol oder anderen Drogen<\/li>\n<li>Sexuellen Problemen, Problemen der sexuellen Orientierung<\/li>\n<li>Selbstverletzendem Verhalten<\/li>\n<li>Selbstmordgedanken<\/li>\n<li>Umgang mit Wut und Aggression<\/li>\n<\/ul>\n<p><strong>und bieten auch die M\u00f6glichkeit<\/strong><\/p>\n<ul>\n<li>Entspannungstechniken zu erlernen<\/li>\n<li>soziale Kompetenz zu f\u00f6rdern.<\/li>\n<\/ul>\n<p>Kontakt:<strong><br \/>\nSollten Sie noch Fragen haben, mit jemandem vorab am Telefon sprechen wollen oder m\u00f6chten Sie direkt einen Termin mit einem Psychologen vereinbaren, dann senden Sie uns einfach eine Email und wir melden uns innerhalb von 48 Stunden bei Ihnen:<br \/>\n<\/strong><a href=\"mailto:%3Cscript%20language='JavaScript'%20type='text\/javascript'%3E%20%3C!--%20var%20prefix%20=%20'mailto:';%20var%20suffix%20=%20'';%20var%20attribs%20=%20'';%20var%20path%20=%20'hr'%20+%20'ef'%20+%20'=';%20var%20addy68846%20=%20'studentcounselling'%20+%20'@';%20addy68846%20=%20addy68846%20+%20'net'%20+%20'.'%20+%20'sote'%20+%20'.'%20+%20'hu';%20document.write(%20'%3Ca%20'%20+%20path%20+%20'\\''%20+%20prefix%20+%20addy68846%20+%20suffix%20+%20'\\''%20+%20attribs%20+%20'%3E'%20);%20document.write(%20addy68846%20);%20document.write(%20'%3C\\\/a%3E'%20);%20\/\/--%3E%20%3C\/script%3E%3Cscript%20language='JavaScript'%20type='text\/javascript'%3E%20%3C!--%20document.write(%20'%3Cspan%20style=\\'display:%20none;\\'%3E'%20);%20\/\/--%3E%20%3C\/script%3EEzt%20a%20c%C3%ADmet%20a%20spamrobotok%20ellen%20v%C3%A9dj%C3%BCk.%20Enged%C3%A9lyezze%20a%20Javascript%20haszn%C3%A1lat%C3%A1t,%20hogy%20megtekinthesse.%20%3Cscript%20language='JavaScript'%20type='text\/javascript'%3E%20%3C!--%20document.write(%20'%3C\/'%20);%20document.write(%20'span%3E'%20);%20\/\/--%3E%20%3C\/script%3E\"><strong><br \/>\n<\/strong><\/a><a href=\"mailto:studentcounselling@net.sote.hu\">studentcounselling@net.sote.hu<\/a> (Diese Adresse ist gegen Spam-Robotern gesch\u00fctzt. Aktivieren Sie Javascript dazu.)<\/p>\n<p><strong>S\u00fcle Judit<br \/>\nE-mail: Judit.sule@gmail.com<\/strong><\/p>\n<p><strong>Pers\u00f6nliche oder online Termine\/Sprechzeiten von Montag bis Freitag nach Absprache (per Email).<\/strong><\/p>\n<p><a href=\"https:\/\/semmelweis.hu\/magtud\/files\/2020\/07\/Tipps-f\u00fcr-Semmelweis-Studenten-f\u00fcr-die-Pr\u00fcfungszeit-zu-Hause-aufgrund-bisherigen-Erfahrungen-in-der-Studentenberatung.pdf\">\u00a0Tipps f\u00fcr Semmelweis-Studenten f\u00fcr die Pr\u00fcfungszeit zu Hause aufgrund bisherigen Erfahrungen in der Studentenberatung<\/a><\/p>\n<\/div><\/div>\n","protected":false},"excerpt":{"rendered":"<p>Das Profil der Institutspraxis: Ess- und K\u00f6rperbildst\u00f6rungen (Anorexia nervosa, Bulimia nervosa, Fressattacken etc.) Wir k\u00f6nnen Personen mit Ess- und K\u00f6rperbildst\u00f6rungen behandeln, die keine station\u00e4re Behandlung ben\u00f6tigen, d.h. deren K\u00f6rpergewicht nicht unter einem kritischen Wert liegt, und die kein Risiko f\u00fcr Selbstverletzung aufweisen. Sexuelle St\u00f6rungen (erektile Dysfunktion, Orgasmusst\u00f6rung, sexuelle Schmerzst\u00f6rung). Psychogene Schlafst\u00f6rungen (nicht-organische Insomnie, Somnambulismus und &hellip;<\/p>\n","protected":false},"author":101277,"featured_media":0,"parent":0,"menu_order":3,"comment_status":"closed","ping_status":"closed","template":"","meta":{"_acf_changed":false,"footnotes":""},"categories":[],"tags":[],"class_list":["post-4437","page","type-page","status-publish","hentry"],"acf":[],"_links":{"self":[{"href":"https:\/\/semmelweis.hu\/magtud\/wp-json\/wp\/v2\/pages\/4437","targetHints":{"allow":["GET"]}}],"collection":[{"href":"https:\/\/semmelweis.hu\/magtud\/wp-json\/wp\/v2\/pages"}],"about":[{"href":"https:\/\/semmelweis.hu\/magtud\/wp-json\/wp\/v2\/types\/page"}],"author":[{"embeddable":true,"href":"https:\/\/semmelweis.hu\/magtud\/wp-json\/wp\/v2\/users\/101277"}],"replies":[{"embeddable":true,"href":"https:\/\/semmelweis.hu\/magtud\/wp-json\/wp\/v2\/comments?post=4437"}],"version-history":[{"count":6,"href":"https:\/\/semmelweis.hu\/magtud\/wp-json\/wp\/v2\/pages\/4437\/revisions"}],"predecessor-version":[{"id":11837,"href":"https:\/\/semmelweis.hu\/magtud\/wp-json\/wp\/v2\/pages\/4437\/revisions\/11837"}],"wp:attachment":[{"href":"https:\/\/semmelweis.hu\/magtud\/wp-json\/wp\/v2\/media?parent=4437"}],"wp:term":[{"taxonomy":"category","embeddable":true,"href":"https:\/\/semmelweis.hu\/magtud\/wp-json\/wp\/v2\/categories?post=4437"},{"taxonomy":"post_tag","embeddable":true,"href":"https:\/\/semmelweis.hu\/magtud\/wp-json\/wp\/v2\/tags?post=4437"}],"curies":[{"name":"wp","href":"https:\/\/api.w.org\/{rel}","templated":true}]}}