{"id":3408,"date":"2017-11-28T00:00:00","date_gmt":"2017-11-27T23:00:00","guid":{"rendered":"http:\/\/semmelweis.hu\/magtud\/curriculum-vitae-20\/"},"modified":"2019-07-29T14:12:51","modified_gmt":"2019-07-29T12:12:51","slug":"dr-imre-szebik","status":"publish","type":"page","link":"https:\/\/semmelweis.hu\/magtud\/en\/institute\/staff\/dr-imre-szebik\/","title":{"rendered":"Dr. Imre Szebik"},"content":{"rendered":"<p><img loading=\"lazy\" decoding=\"async\" class=\"alignright\" src=\"\/magtud\/files\/2017\/11\/szebimr_w.jpg\" width=\"194\" height=\"183\" border=\"0\" \/><\/p>\n<div class=\"responsive-tabs\">\n<h2 class=\"tabtitle\">Curriculum vitae<\/h2>\n<div class=\"tabcontent\">\n\n<table class=\"contentpaneopen\">\n<tbody>\n<tr>\n<td valign=\"top\">\n<p style=\"text-align: justify\"><span style=\"color: #000000\"><strong>Workplace address<\/strong>: \u00a0\u00a0 \u00a0Department of Bioethics, Institute of Behavioural Sciences,<br \/>\nSemmelweis University, Budapest, Hungary<br \/>\n1089 Budapest, Nagyv\u00e1rad t\u00e9r 4.<br \/>\n<strong>Tel\/fax<\/strong>:\u00a0 \u00a0\u00a0\u00a0 \u00a0\u00a0\u00a0 \u00a0361-210-2955<br \/>\n<strong>Email<\/strong>:<br \/>\n<script>\n &lt;!--\n var prefix = &#039;m&#097;&#105;lt&#111;:&#039;;\n var suffix = &#039;&#039;;\n var attribs = &#039;&#039;;\n var path = &#039;hr&#039; + &#039;ef&#039; + &#039;=&#039;;\n var addy62673 = &#039;sz&#101;b&#105;k.&#105;mr&#101;&#039; + &#039;&#064;&#039;;\n addy62673 = addy62673 + &#039;n&#101;t&#039; + &#039;&#046;&#039; + &#039;s&#111;t&#101;&#039; + &#039;&#046;&#039; + &#039;h&#117;&#039;;\n document.write( &#039;<a>' );\n document.write( addy62673 );\n document.write( '' );\n \/\/--&gt;\n <\/script><a href=\"mailto:szebik.imre@net.sote.hu\">szebik.imre@net.sote.hu<\/a><script>\n &lt;!--\n document.write( &#039;<span>' );\n \/\/--&gt;\n <\/script>Ezt a c\u00edmet a spamrobotok ellen v\u00e9dj\u00fck. Enged\u00e9lyezze a Javascript haszn\u00e1lat\u00e1t, hogy megtekinthesse.<br \/>\n<script>\n &lt;!--\n document.write( &#039;' );\n \/\/--&gt;\n <\/script><\/span><\/p>\n<p><strong>Education<\/strong>:<br \/>\n2008 Master\u2019s Degree\u00a0 in Health Management Semmelweis University of<br \/>\nMedicine, Budapest, Hungary<\/p>\n<p>2005\u00a0\u00a0 \u00a0Ph.D. in Health Sciences (Bioethics) Semmelweis University of<br \/>\nMedicine, Budapest, Hungary<\/p>\n<p>2005. Health Law &#8211; Postgraduate Degree from E\u00f6tv\u00f6s L\u00f3r\u00e1nd University of<br \/>\nSciences\u00a0 Faculty of Law, Budapest, Hungary<\/p>\n<p>1999. Masters Degree in Experimental medicine (Specialization in<br \/>\nBioethics), McGill University, Montreal, Canada<\/p>\n<p>1997\/98 and 1999\/2000 Postdoctoral Fellow at Clinical Trials Research Group,<br \/>\nBiomedical Ethics Unit, McGill University, Montreal, Canada<\/p>\n<p>1998-1999 Postdoctoral Fellow in Clinical Ethics at the University of Texas M.D.<br \/>\nAnderson Cancer Center, Houston, Texas<\/p>\n<p>1997 March -April Visiting Scholar in the Hastings Center, Briarcliff Manor,<br \/>\nN.Y., USA<br \/>\n1991 :Medical Degree, Semmelweis University of Medicine, Budapest,<br \/>\nHungary<\/p>\n<p><strong>Present workplace<\/strong>:<br \/>\n1993 &#8211; \u00a0\u00a0 \u00a0\u00a0\u00a0 \u00a0research associate<br \/>\nDepartment of Bioethics,\u00a0 Institute of Behavioural Sciences, Semmelweis University of Medicine<\/p>\n<p><strong>Past workplaces<\/strong>: <span style=\"color: #000000\"><br \/>\n1997\/98 and \u2013 1999\/2000\u00a0\u00a0 \u00a0Clinical Trials Research Group, McGill University, Montreal, Canada<\/span><\/p>\n<p>1991-1993 :\u00a0\u00a0 \u00a0resident, Department of Respiratory Rehabilitation Regional Hospital of Buda, Budapest, Hungary<\/p>\n<p><strong>Professional activities<\/strong>:<br \/>\nteaching :\u00a0\u00a0 \u00a0bioethics, 1993- also in English and German (Institute of Behavioural Sciences, Semmelweis University of Medicine)<br \/>\nmedical anthropology, 1993- (Institute of Behavioural Sciences, Semmelweis University of Medicine)<br \/>\nanatomy, histology, and development of the Human body, 1988-1990 (Institute of Anatomy, Histology and Embryology,<br \/>\nSemmelweis University of Medicine student lecturer)<\/p>\n<p>research: \u00a0\u00a0 \u00a0Ethical issues of clinical research and of human genetics<br \/>\nothers :\u00a0\u00a0 \u00a0\u00a0\u00a0 \u00a0\u00a0\u00a0 \u00a0\u00a0\u00a0 \u00a0Expert of the network of the European Council:<br \/>\n&#8222;Teaching Bioethics in Europe&#8221; (1994-1996)<br \/>\nEditor of the Hungarian Review of Bioethics, a quarterly<br \/>\npublished in Hungary (1995-1997)<\/p>\n<p><strong>Languages<\/strong>:\u00a0\u00a0 \u00a0\u00a0\u00a0 \u00a0English fluent spoken and written<br \/>\nGerman fluent spoken and written<\/p>\n<p><strong>Research grants<\/strong> <span style=\"color: #000000\"><br \/>\n1.\u00a0\u00a0 \u00a0Sybhel (Synthetic Biology for Human Health. Ethical and Legal Issues) EU7 (2009-2012)<br \/>\n2.\u00a0\u00a0 \u00a0POSEIDON (Promoting Optimisation, Safety, Experience sharing\u00a0 and quality Implementation for Donation Organisation and Networking in Unrelated Haematopoietic Stem Cell Transplantation in Europe) 2006-2010 DG SANCO (210000EUR)<br \/>\n3.\u00a0\u00a0 \u00a0BioTethed Biotechnology Ethics: deepening by research, broadening to future applications and new EU members, permeating education to young scientists. BIOTETHED _(EU6 Framework program) project manager and researcher 48000 EUR<br \/>\n4.\u00a0\u00a0 \u00a02002-2005 Optimisation of typing policies for European MArrow DOnor Registries :socio-economic evaluation of molecular techniques and recruitment strategies (MADO)\u00a0 project manager and researcher (EU4 Framework program) 110 000 EUR<\/span><\/p>\n<p><strong>Consultations and profesional\u00a0 memberships <\/strong><br \/>\n2007-\u00a0 member of the national Research Ethics\u00a0 Committee of the <span style=\"color: #000000\">Hungarian Research Council<br \/>\n2007- Expert on\u00a0 Ethics Review for the European Commission<br \/>\n2006 FEASIBILITY STUDIES ON BLOOD TRANSFUSION AND ORGAN<br \/>\nTRANSPLANTATION \u2013 Expert of the Council of Europe<\/span><\/p>\n<p>2001-2004 European Forum for Good Clinical Practice participant and lecturer <span style=\"color: #000000\"><br \/>\n2004- member of UNESCO Global Bioethics Network<br \/>\n2004 \u2013 expert of organizing groupd of World Science Forum<br \/>\n1998- member of Clinical Trials Research Group, Biomedical Ethics Unit, McGill University, Canada<br \/>\n<\/span><\/td>\n<\/tr>\n<\/tbody>\n<\/table>\n\n<\/div><h2 class=\"tabtitle\">Publications<\/h2>\n<div class=\"tabcontent\">\n\n<table class=\"contentpaneopen\">\n<tbody>\n<tr>\n<td valign=\"top\"><span class=\"small\"><br \/>\n\u00cdrta: Administrator <\/span><\/td>\n<\/tr>\n<tr>\n<td class=\"createdate\" valign=\"top\">2011. m\u00e1jus 10. kedd, 06:46<\/td>\n<\/tr>\n<tr>\n<td valign=\"top\">\n<p style=\"text-align: justify\"><strong>Publications (selected)<\/strong><br \/>\nSzebik, I. A biotechnol\u00f3giai kutat\u00e1sok \u00e1ltal felvetett etikai k\u00e9rd\u00e9sek<br \/>\nin: P\u00f6rzse G. (ed) Innov\u00e1ci\u00f3menedzsment. Semmelweis Kiad\u00f3, Budapest,<br \/>\n2008<br \/>\nSzebik, I. Az emberi g\u00e9nter\u00e1pia etik\u00e1ja mint a genetika<br \/>\nkommunik\u00e1ci\u00f3j\u00e1nak egyik paradigmatikus p\u00e9ld\u00e1ja \u00dcnnepi k\u00f6tet Reuss<br \/>\nAndr\u00e1s 70. sz\u00fclet\u00e9snapj\u00e1ra. Luther Kiad\u00f3, 2008.p. 341-360<br \/>\nSzebik, I. Masked Ball: Ethics, Laws and Finances \u2013 Contradictions in<br \/>\nHungarian Health Care. Workshops of Science Communication,<br \/>\nTud\u00e1st\u00e1rsadalom Alap\u00edtv\u00e1ny, Budapest, Hungary, 2006. p. 27-42. (<br \/>\navailable also online:<br \/>\nhttp:\/\/www.tudastars.hu\/\/upload\/ftp\/honlap\/Szebik_Masked_Ball.pdf)<br \/>\nSzebik, I. Kezel\u00e9s visszautas\u00edt\u00e1sa. Etikai k\u00e9rd\u00e9sek a betegek<br \/>\nkezel\u00e9s\u00e9ben. LAM 2007;17(4\u20135):368\u2013370.<br \/>\nSzebik, I. Az emberi g\u00e9nter\u00e1pia etikai k\u00e9rd\u00e9sei (Ethical issues of Human Gene transfer techniques) Vil\u00e1goss\u00e1g, 2005\/1. pp. 25-38 (in Hungarian)<br \/>\nSzebik, I. Moral dilemmas of Gene transfer techniques. In S\u00e1ndor, J. (ed.) Society and Genetic Information. Central European University Press, Budapest, New York, 2003<br \/>\nSzebik, I. Masked Ball. Ethics, Laws and Financial Contradictions in the Hungarian Health Care. Science and Engineering Ethics, 2003. 9:109-124<br \/>\nSzebik, I. Megjegyz\u00e9sek az \u00e1ll\u00e1sfoglal\u00e1shoz (Remarks to the Statement of the Hungarian Chamber of Physisians on Home Birth) Lege Artis Medicinae. 2002;12(5):350-2. (In Hungarian)<br \/>\nSzebik, I. Ki marad a kamar\u00e1ban? T\u00f6preng\u00e9s az otthon sz\u00fcl\u00e9sr\u0151l (Who will remain a member of the Hungarian Chamber of Physicians? Reflecting on Home Births in Hungary)\u00a0 Lege Artis Medicinae. 2002;12(3):172-80 (In Hungarian)<br \/>\nSzebik, I.\u00a0\u00a0 Eugenics\u00a0 (Eugenika a 19. \u00e9s a 20. sz\u00e1zad fordul\u00f3j\u00e1n.) 2000 A Monthly of Literature and Society. April 2002. pp.68-74. (In Hungarian)<br \/>\nSzebik, I., Glass, K.C. Ethical Issues of Human Germ-cell Therapy: A Preparation for Public Discussion. Academic Medicine, 2001; 76:32-38<br \/>\nSzebik, I. Blanket enthusiasm for trials is not helpful &#8211; Reply to Ashcroft &#8211; Letter. British Medical Journal. 2000; 321: 1529<br \/>\nSzebik, I. Altering the Mitochondrial Genome: Is it just a technical Issue? Cambridge Quarterly of Healthcare Ethics 1999 Summer (8) 369-374.<br \/>\nHeged\u00fbs, K., Szebik, I. Modern Medicine and death. International Journal of Bioethics, 1996, Fall. pp. 108-109<\/p>\n<p><strong>Book review<\/strong><\/p>\n<p>A Multidisciplinary Approach to Moral Issues in Medicine and Biology by David Steinberg (Editor)<br \/>\nUniversity Press of New England, 2007<br \/>\nReview by Imre Szebik, Ph.D., M.D.<br \/>\nMetapsychology Online Jun 10th 2008 (Volume 12, Issue 24)<\/p>\n<p>Szebik, I. The Genetic Revolution and Human Rights &#8211; Human Genetics\u00a0 (Book review)<br \/>\nBritish Medical Journal\u00a0 2000; 321: 1086<\/td>\n<\/tr>\n<\/tbody>\n<\/table>\n<\/div><\/div>\n","protected":false},"excerpt":{"rendered":"<p>Workplace address: \u00a0\u00a0 \u00a0Department of Bioethics, Institute of Behavioural Sciences, Semmelweis University, Budapest, Hungary 1089 Budapest, Nagyv\u00e1rad t\u00e9r 4. Tel\/fax:\u00a0 \u00a0\u00a0\u00a0 \u00a0\u00a0\u00a0 \u00a0361-210-2955 Email: &lt;!&#8211; var prefix = &#039;m&#097;&#105;lt&#111;:&#039;; var suffix = &#039;&#039;; var attribs = &#039;&#039;; var path = &#039;hr&#039; + &#039;ef&#039; + &#039;=&#039;; var addy62673 = &#039;sz&#101;b&#105;k.&#105;mr&#101;&#039; + &#039;&#064;&#039;; addy62673 = addy62673 + &hellip;<\/p>\n","protected":false},"author":110,"featured_media":0,"parent":3356,"menu_order":34,"comment_status":"closed","ping_status":"closed","template":"","meta":{"_acf_changed":false,"footnotes":""},"categories":[],"tags":[],"class_list":["post-3408","page","type-page","status-publish","hentry"],"acf":[],"_links":{"self":[{"href":"https:\/\/semmelweis.hu\/magtud\/wp-json\/wp\/v2\/pages\/3408","targetHints":{"allow":["GET"]}}],"collection":[{"href":"https:\/\/semmelweis.hu\/magtud\/wp-json\/wp\/v2\/pages"}],"about":[{"href":"https:\/\/semmelweis.hu\/magtud\/wp-json\/wp\/v2\/types\/page"}],"author":[{"embeddable":true,"href":"https:\/\/semmelweis.hu\/magtud\/wp-json\/wp\/v2\/users\/110"}],"replies":[{"embeddable":true,"href":"https:\/\/semmelweis.hu\/magtud\/wp-json\/wp\/v2\/comments?post=3408"}],"version-history":[{"count":5,"href":"https:\/\/semmelweis.hu\/magtud\/wp-json\/wp\/v2\/pages\/3408\/revisions"}],"predecessor-version":[{"id":4760,"href":"https:\/\/semmelweis.hu\/magtud\/wp-json\/wp\/v2\/pages\/3408\/revisions\/4760"}],"up":[{"embeddable":true,"href":"https:\/\/semmelweis.hu\/magtud\/wp-json\/wp\/v2\/pages\/3356"}],"wp:attachment":[{"href":"https:\/\/semmelweis.hu\/magtud\/wp-json\/wp\/v2\/media?parent=3408"}],"wp:term":[{"taxonomy":"category","embeddable":true,"href":"https:\/\/semmelweis.hu\/magtud\/wp-json\/wp\/v2\/categories?post=3408"},{"taxonomy":"post_tag","embeddable":true,"href":"https:\/\/semmelweis.hu\/magtud\/wp-json\/wp\/v2\/tags?post=3408"}],"curies":[{"name":"wp","href":"https:\/\/api.w.org\/{rel}","templated":true}]}}