{"id":3396,"date":"2017-11-28T00:00:00","date_gmt":"2017-11-27T23:00:00","guid":{"rendered":"http:\/\/semmelweis.hu\/magtud\/360-dr-janos-kollar\/"},"modified":"2023-09-18T15:34:28","modified_gmt":"2023-09-18T13:34:28","slug":"dr-janos-kollar","status":"publish","type":"page","link":"https:\/\/semmelweis.hu\/magtud\/en\/institute\/staff\/dr-janos-kollar\/","title":{"rendered":"Dr. J\u00e1nos Koll\u00e1r"},"content":{"rendered":"<p><a href=\"https:\/\/semmelweis.hu\/magtud\/files\/2018\/08\/CV-Kollar-Janos-Foto.jpg\"><img loading=\"lazy\" decoding=\"async\" class=\"alignright wp-image-4391 size-medium\" src=\"https:\/\/semmelweis.hu\/magtud\/files\/2018\/08\/CV-Kollar-Janos-Foto-200x300.jpg\" alt=\"\" width=\"200\" height=\"300\" srcset=\"https:\/\/semmelweis.hu\/magtud\/files\/2018\/08\/CV-Kollar-Janos-Foto-200x300.jpg 200w, https:\/\/semmelweis.hu\/magtud\/files\/2018\/08\/CV-Kollar-Janos-Foto-768x1152.jpg 768w, https:\/\/semmelweis.hu\/magtud\/files\/2018\/08\/CV-Kollar-Janos-Foto-683x1024.jpg 683w, https:\/\/semmelweis.hu\/magtud\/files\/2018\/08\/CV-Kollar-Janos-Foto.jpg 1024w\" sizes=\"auto, (max-width: 200px) 100vw, 200px\" \/><\/a><\/p>\n<div class=\"responsive-tabs\">\n<h2 class=\"tabtitle\">Curriculum vitae<\/h2>\n<div class=\"tabcontent\">\n\n<p><strong>Personal Information <\/strong><\/p>\n<p><strong>Surname\/First name <\/strong><strong>Kollar\/Janos<\/strong><\/p>\n<p><strong>Title <\/strong>Dr. (PhD)<\/p>\n<p><strong>Address <\/strong>Velence, Gerle utca 7. 2481, Hungary<\/p>\n<p><strong>Telephone <\/strong>mobile (cell phone): +36-20-341-0870<\/p>\n<p><strong>e-mail <\/strong><a href=\"mailto:janoskollar@gmail.com\">janoskollar@gmail.com<\/a><\/p>\n<p><strong>Nationality <\/strong>Hungarian<\/p>\n<p><strong>Date of birth <\/strong>03 June 1962<\/p>\n<p><strong>Gender <\/strong>Male<\/p>\n<p><strong>\u00a0<\/strong><\/p>\n<p><strong>\u00a0<\/strong><\/p>\n<p><strong>Work experience <\/strong><\/p>\n<p><strong>Dates <\/strong>2012-<\/p>\n<p><strong>Occupation Associate professor<\/strong><\/p>\n<p><strong>Main activities <\/strong>Teaching medical psychology, medical communication and psychotherapy and KOLLAR method ( in English and Hungarian,<\/p>\n<p>Leader of the Mental Help Service for English Speaking Students<\/p>\n<p><strong>Name and address of employer <\/strong>Semmelweis Egyetem, Institute of Behavioral Sciences<\/p>\n<p>Budapest 1089 Nagyv\u00e1rad t\u00e9r 4. XX. emelet<\/p>\n<p><strong>Type of sector <\/strong>Education, Health Care<\/p>\n<p>&nbsp;<\/p>\n<p><strong>Dates <\/strong>November 2015, October, 2017, October, 2019, October, 2021<\/p>\n<p><strong>Occupation Invited lecturer <\/strong><\/p>\n<p><strong>Main activities <\/strong>Teaching a master course titled \u201cKOLLAR Method\u201d in English<\/p>\n<p><strong>Name and address of employer <\/strong>University of Turku, Finland<\/p>\n<p><strong>Type of sector <\/strong>Education, Training<\/p>\n<p><strong>\u00a0<\/strong><\/p>\n<p><strong>Dates <\/strong>January, September 2014<\/p>\n<p><strong>Occupation Invited lecturer <\/strong><\/p>\n<p><strong>Main activities <\/strong>Teaching a master course titled \u201cKOLLAR Method\u201d in English<\/p>\n<p><strong>Name and address of employer <\/strong>University of Malta, Msida MSD 2080, Malta<\/p>\n<p><strong>Type of sector <\/strong>Education, Training<\/p>\n<p><strong>\u00a0<\/strong><\/p>\n<p><strong>Dates <\/strong>1999 &#8211; 2012<\/p>\n<p><strong>Occupation Assistant lecturer, assistant professor<\/strong><\/p>\n<p><strong>Main activities <\/strong>Teaching medical psychology, medical communication and psychotherapy in English and Hungarian<\/p>\n<p><strong>Name and address of employer <\/strong>Debrecen University, Department of Behavioral Sciences<\/p>\n<p>4032 Debrecen, Egyetem t\u00e9r 1.<\/p>\n<p><strong>Type of sector <\/strong>Education, Health Care<\/p>\n<p>&nbsp;<\/p>\n<p><strong>Dates <\/strong>January \u2013 February 2009<\/p>\n<p><strong>Occupation Invited lecturer <\/strong><\/p>\n<p><strong>Main activities <\/strong>Teaching a course titled \u201cLearning is Fun Wherever You Live\u201d in English<\/p>\n<p><strong>Name and address of employer <\/strong>Middelburg Center of Transatlantic Studies, Roosevelt University, Middelburg, The Netherlands<\/p>\n<p><strong>Type of sector <\/strong>Education, Training<\/p>\n<p><strong>\u00a0<\/strong><\/p>\n<p><strong>Dates <\/strong>2003-2005<\/p>\n<p><strong>Occupation Psychologist, Trainer<\/strong> (part time job)<\/p>\n<p><strong>Main activities <\/strong>Holding Self-Knowledge Trainings, Communication Trainings, Presentation Trainings and Business Talks Trainings<\/p>\n<p><strong>Name and Address of Employer <\/strong>Budapest College of Communication (BCC),<\/p>\n<p>H-1148, Budapest, Nagy Lajos kir\u00e1ly \u00fatja 1.-9., Hungary, Europe<\/p>\n<p><strong>Type of sector <\/strong>Education, Training<\/p>\n<p><strong>\u00a0<\/strong><\/p>\n<p><strong>Dates <\/strong>2001 \u2013 2002<\/p>\n<p><strong>Occupation Clinical Psychologist<\/strong><\/p>\n<p><strong>Main activities <\/strong>Group building training and supervision for the workers<\/p>\n<p><strong>Name and address of employer <\/strong>Home for Elderly People<\/p>\n<p>H-4032 Debrecen, Pallagi ut 13., Hungary, Europe<\/p>\n<p><strong>Type of sector <\/strong>Health Care, Training<\/p>\n<p><strong>\u00a0<\/strong><\/p>\n<p><strong>Dates <\/strong>2001 \u2013 2001<\/p>\n<p><strong>Occupation Clinical psychologist<\/strong><\/p>\n<p><strong>Main activities <\/strong>Group building training and supervision for the workers and helping to satisfy the psychological needs of the clients.<\/p>\n<p><strong>Name and address of employer <\/strong>Kollar Foundry<\/p>\n<p>H-3700, Zagyvaszanto, Ady Endre u. 17., Hungary, Europe<\/p>\n<p><strong>Type of sector <\/strong>Industry, Training, Health care<\/p>\n<p><strong>\u00a0<\/strong><\/p>\n<p><strong>Dates <\/strong>1997 \u2013 2001<\/p>\n<p><strong>Occupation Psychologist<\/strong><\/p>\n<p><strong>Main activities <\/strong>Group building training and supervision for the workers, organizing group of parents and helping to satisfy the psychological needs of the clients.<\/p>\n<p><strong>Name and address of employer <\/strong>Home for Children Living With Disabilities<\/p>\n<p>H-4032 Debrecen, Boszormenyi ut 148., Hungary, Europe<\/p>\n<p><strong>Type of sector <\/strong>Health care, Training<\/p>\n<p><strong>\u00a0<\/strong><\/p>\n<p><strong>Dates <\/strong>1995 &#8211; 1997<\/p>\n<p><strong>Occupation Psychologist<\/strong><\/p>\n<p><strong>Main activities <\/strong>Group building training and supervision for the workers and helping to satisfy the psychological needs of the clients.<\/p>\n<p><strong>Name and address of employer <\/strong>Family Help Service<\/p>\n<p>H-4031, Debrecen, Mester u. 1., Hungary, Europe<\/p>\n<p><strong>Type of sector <\/strong>Health care, Training<\/p>\n<p><strong>\u00a0<\/strong><\/p>\n<p><strong>Dates <\/strong>1990 &#8211; 1995<\/p>\n<p><strong>Occupation Interpreter, translator<\/strong><\/p>\n<p><strong>Main activities <\/strong>Interpreting business talks and translating special literature<\/p>\n<p><strong>Name and address of employer <\/strong>Bio-Agro Co., Ltd.<\/p>\n<p>H-4032, Debrecen, Pallagi ut 13., Hungary, Europe<\/p>\n<p><strong>Type of sector <\/strong>Industry, Agriculture<\/p>\n<p><strong>\u00a0<\/strong><\/p>\n<p><strong>Dates <\/strong>1986 &#8211; 1990<\/p>\n<p><strong>Occupation Agricultural researcher <\/strong><\/p>\n<p><strong>Main activities <\/strong>Research work on the field of agriculture<\/p>\n<p><strong>Name and address of employer <\/strong>Biogal Pharmaceutical Works<\/p>\n<p>H-4032, Debrecen, Pallagi ut 13., Hungary, Europe<\/p>\n<p><strong>Type of sector <\/strong>Agriculture, Industry<\/p>\n<p><strong>\u00a0<\/strong><\/p>\n<p><strong>Education and training<\/strong><\/p>\n<p><strong>\u00a0<\/strong><\/p>\n<p><strong>Dates <\/strong>2017<\/p>\n<p><strong>Title of Qualification awarded The Science of Learning: What every teacher should know<\/strong><\/p>\n<p><strong>Name and type of organization providing education and training <\/strong>Teacher\u2019s College, Columbia University, USA<\/p>\n<p><strong>\u00a0<\/strong><\/p>\n<p><strong>Dates <\/strong>2017<\/p>\n<p><strong>Title of Qualification awarded Stravinsky: Rite of Spring<\/strong> course successfully completed<\/p>\n<p><strong>Name and type of organization providing education and training <\/strong>Harvard University, USA<\/p>\n<p><strong>\u00a0<\/strong><\/p>\n<p><strong>Dates <\/strong>2016<\/p>\n<p><strong>Title of Qualification awarded The Science of Happiness <\/strong>course successfully completed<\/p>\n<p><strong>Name and type of organization providing education and training <\/strong>University of California, Berkeley, USA<\/p>\n<p><strong>\u00a0<\/strong><\/p>\n<p><strong>Dates <\/strong>1999 \u2013 2003<\/p>\n<p><strong>Title of Qualification awarded Doctor Scientiae Musicae<\/strong> \u2013 Doctor of Science of Music<\/p>\n<p><strong>Name and type of organization providing education and training <\/strong>Hochschule f\u00fcr Musik und Theater, Hamburg, Germany, Europe<\/p>\n<p><strong>\u00a0<\/strong><\/p>\n<p><strong>Dates <\/strong>2001 \u2013 2002<\/p>\n<p><strong>Title of Qualification awarded T-group leader Trainer<\/strong><\/p>\n<p><strong>Name and type of organization providing education and training <\/strong>Association for Legal Protection of Psychologists, Hungary, Europe<\/p>\n<p><strong>\u00a0<\/strong><\/p>\n<p><strong>Dates <\/strong>1997 \u2013 1999<\/p>\n<p><strong>Title of Qualification awarded Master of Clinical Psychology, Expert of Mental Hygiene<\/strong><\/p>\n<p><strong>Name and type of organization providing education and training <\/strong>\u201eHaynal Imre\u201d Medical University, Budapest, Hungary, Europe<\/p>\n<p><strong>\u00a0<\/strong><\/p>\n<p><strong>Dates <\/strong>1996<\/p>\n<p><strong>Title of Qualification awarded Relaxation Therapist<\/strong><\/p>\n<p><strong>Name and type of organization providing education and training <\/strong>\u201eKossuth Lajos\u201d University of Arts and Sciences, Debrecen, Hungary, Europe<\/p>\n<p><strong>\u00a0<\/strong><\/p>\n<p><strong>Dates <\/strong>1992 \u2013 1993<\/p>\n<p><strong>Title of Qualification awarded Psychodrama Assistant<\/strong><\/p>\n<p><strong>Name and type of organization providing education and training <\/strong>Hungarian Psychodrama Association, Budapest, Hungary, Europe<\/p>\n<p><strong>\u00a0<\/strong><\/p>\n<p>&nbsp;<\/p>\n<p><strong>Dates <\/strong>\u00a01990 &#8211; 1995<\/p>\n<p><strong>Title of Qualification awarded\u00a0 Psychologist, Teacher of Psychology<\/strong><\/p>\n<p><strong>Name and type of organization providing education and training <\/strong>\u00a0\u201eKossuth Lajos\u201d University of Arts and Sciences, Debrecen, Hungary, Europe<\/p>\n<p><strong>\u00a0<\/strong>\u00a0<\/p>\n<p><strong>Dates <\/strong>\u00a01981 &#8211; 1986<\/p>\n<p><strong>Title of Qualification awarded\u00a0 Agricultural Engineer<\/strong><\/p>\n<p><strong>Name and type of organization providing education and training <\/strong>\u00a0Agricultural University of Debrecen, Hungary, Europe<\/p>\n<p><strong>\u00a0<\/strong>\u00a0<\/p>\n<p><strong>Membership <\/strong>\u00a0<\/p>\n<p><strong>\u00a0<\/strong>\u00a0<\/p>\n<p><strong>Association\u00a0 Hungarian Psychologists Association<\/strong><\/p>\n<p><strong>Type of membership <\/strong>\u00a0Regular member<\/p>\n<p><strong>\u00a0<\/strong>\u00a0<\/p>\n<p><strong>Association\u00a0 Hungarian Music Therapy Association<\/strong><\/p>\n<p><strong>Type of membership <\/strong>\u00a0Regular member<\/p>\n<p><strong>\u00a0<\/strong>\u00a0<\/p>\n<p><strong>Association\u00a0 Hungarian Medical Chamber<\/strong><\/p>\n<p><strong>Type of membership <\/strong>\u00a0Regular member<\/p>\n<p>&nbsp;<\/p>\n<p><strong>Association\u00a0 Hungarian Family Therapy Association<\/strong><\/p>\n<p><strong>Type of membership <\/strong>\u00a0Regular member<\/p>\n<p>&nbsp;<\/p>\n<p><strong>Association\u00a0 \u2018Hans Selye\u201d Society \u2013 Hungarian Society of Behavioral Sciences and Medicine<\/strong><\/p>\n<p><strong>Type of membership <\/strong>\u00a0Regular member<\/p>\n\n<\/div><h2 class=\"tabtitle\">Publications  <\/h2>\n<div class=\"tabcontent\">\n\n<p><strong>Publications <\/strong>\u00a0<\/p>\n<p>&nbsp;<\/p>\n<p><strong>Doctorate Dissertation<\/strong> <strong>\u00a0Garden of Knowledge \u2013 World-Wide Survey of the Position of Music Therapy Training<\/strong><\/p>\n<p>Electronic publication: <a href=\"https:\/\/citeseerx.ist.psu.edu\/viewdoc\/download?doi=10.1.1.456.5384&amp;rep=rep1&amp;type=pdf\">download (psu.edu)<\/a><\/p>\n<p><u>\u00a0<\/u><\/p>\n<p><strong>Books <\/strong>\u00a0Ugye te vagy az igazi anyuk\u00e1m?<strong> (Are You My Real Mother, aren\u2019t you? &#8211;<\/strong> <strong>Book about adoption)<\/strong><\/p>\n<p>Medicina Publisher Company, Budapest, 2004<\/p>\n<p>&nbsp;<\/p>\n<p><strong>\u00a0<\/strong>\u00a0Megy a csiga hazafel\u00e9<strong> (The Snail Is Going Home \u2013 Personal Diary about the Saint Jacob Pilgrimage<\/strong><\/p>\n<p>Medicina Publisher Company, Budapest, 2006<\/p>\n<p>&nbsp;<\/p>\n<p>A val\u00f3s\u00e1g hat\u00e1r\u00e1n (besz\u00e9lget\u00e9sek kvantumfizik\u00e1r\u00f3l, pszichol\u00f3gi\u00e1r\u00f3l \u00e9s m\u00e1s h\u00e9tk\u00f6znapi dolgokr\u00f3l)<strong> (On the Edge of Reality (Conversations About Quantum Physics, Psychology and Other Ordinary Things) <\/strong>(co-author), V\u00edzt\u00e9r\u00edt\u0151 Publisher Company, 2010<\/p>\n<p>&nbsp;<\/p>\n<p>Angyalsz\u00e1rny (Versek gyermekeknek \u00e9s gyermeksz\u00edv\u0171 feln\u0151tteknek)<strong> (Angel Wing \u2013 Poems for Children and Adults having Child Heart)<\/strong>, TT. Play Kft., Debrecen, 2012.<\/p>\n<p>&nbsp;<\/p>\n<p>Vil\u00e1gunk (h)arcai &#8211; Besz\u00e9lget\u00e9sek fogyat\u00e9koss\u00e1ggal \u00e9l\u0151 emberek \u00e9let\u00e9r\u0151l<strong> (Battles of Our World \u2013 Conversations About Life of People Living with Disabilities),<\/strong> TT. Play Kft., Debrecen, 2013<\/p>\n<p>&nbsp;<\/p>\n<p>A l\u00e9lek humora \u2013 33 vicc, 33 ter\u00e1pi\u00e1s t\u00f6rt\u00e9net<strong> (Humor of Life \u2013 33 Jokes, 33 Stories of Therapies),<\/strong> Media Connection Co., Ltd., Budapest, 2018<\/p>\n<p>&nbsp;<\/p>\n<p>A h\u00e1zass\u00e1gok h\u00e9t hazugs\u00e1ga<strong> (Seven Lies in Marriages),<\/strong> Media Connection Co., Ltd., Budapest, 2020<\/p>\n<p>&nbsp;<\/p>\n<p>&nbsp;<\/p>\n<p>&nbsp;<\/p>\n<p><strong>Some important articles<\/strong><\/p>\n<p><strong>\u00a0<\/strong>\u00a0<\/p>\n<p>Kollar, J.: A virtu\u00e1lis val\u00f3s\u00e1g orvosi alkalmaz\u00e1s\u00e1nak lehet\u0151s\u00e9gei (<strong>Possibilities of medical application of virtual reality<\/strong>) In: Gy\u0151rffy, Zsuzsa (eds.) Digit\u00e1lis eg\u00e9szs\u00e9g a mindennapi orvosi gyakorlatban. Bp, Hungary : Gy\u00f3gy\u00edt\u00f3 N\u0151k\u00e9rt Alap\u00edtv\u00e1ny (2021) pp. 101-113.<\/p>\n<p>&nbsp;<\/p>\n<p>Kollar, J.: <strong>Gamification in education: changing the attitude of medical students towards dementia by using virtual reality (pilot study)<\/strong>. Pupil: International Journal of Teaching Education and Learning 4: 2 pp. 57-67. , 11 p. (2020) DOI: <a href=\"https:\/\/doi.org\/10.20319\/pijtel.2020.42.5767\">https:\/\/doi.org\/10.20319\/pijtel.2020.42.5767<\/a><\/p>\n<p>&nbsp;<\/p>\n<p>Kollar J<strong>.: Virtual reality as a supportive opportunity in treatment patients with anorexia nervosa. Review article<\/strong>. International Journal of Medical Science and Clinical Research 2:2 pp. 18-24. , 7 p. (2020). <a href=\"https:\/\/www.journalofmedical.com\/article\/view\/35\/2-1-18\">2-1-18 (journalofmedical.com)<\/a><\/p>\n<p>&nbsp;<\/p>\n<p>Kollar, J.: A zene gy\u00f3gy\u00e1szati c\u00e9l\u00fa alkalmaz\u00e1sa gyermekek kezel\u00e9se sor\u00e1n (<strong>The use of music for therapeutic purposes in the treatment of children<\/strong>). Lege Artis Medicinae 28 : 4-5 pp. 197-201. , 5 p. (2018) <a href=\"http:\/\/www.scopus.com\/record\/display.url?origin=inward&amp;eid=2-s2.0-85050405620\">http:\/\/www.scopus.com\/record\/display.url?origin=inward&amp;eid=2-s2.0-85050405620<\/a><\/p>\n<p>&nbsp;<\/p>\n<p>Kollar, J. ; Pamula, M. ; Veres, D. ; Beck, A.: <strong>The Use of Photoacoustic Stimulation for reducing Dental Fear in Patients living with Down Syndrome. <\/strong>World Journal of Dentistry 9:4 pp. 255-259. , 5 p. (2018) DOI: <a href=\"https:\/\/doi.org\/10.5005%2FJP-JOURNALS-10015-1544\">https:\/\/doi.org\/10.5005%2FJP-JOURNALS-10015-1544<\/a><\/p>\n<p>&nbsp;<\/p>\n<p>Kollar J: <strong>Applying music as a supplemental treatment in cancer care<\/strong>, Ment\u00e1lhigi\u00e9n\u00e9 \u00e9s Pszichoszomatika 17: (1) pp. 37-59. DOI: <a href=\"http:\/\/dx.doi.org\/10.1556\/0406.17.2016.1.3\">http:\/\/dx.doi.org\/10.1556\/0406.17.2016.1.3<\/a><\/p>\n<p>&nbsp;<\/p>\n<p>Walczak M, Turska-Szybka A, Kollar J, Olczak- Kowalczyk D: <strong>Music in the Dental Office: Preferences of Budapest Inhabitants<\/strong>. Dental And Medical Problems 53: (1) pp. 111-117. DOI: <a href=\"http:\/\/dx.doi.org\/10.17219\/dmp\/60840\">http:\/\/dx.doi.org\/10.17219\/dmp\/60840<\/a><\/p>\n<p>&nbsp;<\/p>\n<p>Kollar J, Babusa B, Stauder A, Pilling J, Cserepes R, Czegl\u00e9di E: <strong>Improving teaching efficiency on Medical Universities \u2013 A comparative study of Hungarian and foreign medical university students\u2019 feedbacks regarding learning by KOLLAR method<\/strong>, Journal of Contemporary Medical Education 4: (1) pp. 1-7. DOI: <a href=\"http:\/\/dx.doi.org\/10.5455\/jcme.20151223090800\">http:\/\/dx.doi.org\/10.5455\/jcme.20151223090800<\/a><\/p>\n<p>&nbsp;<\/p>\n<p>Kollar J: Kommunik\u00e1ci\u00f3 az eg\u00e9szs\u00e9g\u00fcgyi teamen bel\u00fcl: orvosok \u00e9s szakdolgoz\u00f3k [<strong>Communication within the health care team: doctors and nurses<\/strong>], Orvosi Hetilap 157: (17) pp. 659-663. <a href=\"http:\/\/repo.lib.semmelweis.hu\/handle\/123456789\/3356\">http:\/\/repo.lib.semmelweis.hu\/handle\/123456789\/3356<\/a><\/p>\n<p>&nbsp;<\/p>\n<p>Kollar J , K\u0151v\u00e1g\u00f3 P , Czegl\u00e9di E: <strong>Music medicine course for medical students in Hungary<\/strong>, Journal Of Contemporary Medical Education 4: (2) pp. 71-76. DOI: <a href=\"http:\/\/dx.doi.org\/10.5455\/jcme.20160516010926\">http:\/\/dx.doi.org\/10.5455\/jcme.20160516010926<\/a><\/p>\n<p>&nbsp;<\/p>\n<p>Mesko B, Gy\u0151rffy Z, Kollar J: <strong>Digital Literacy in the Medical Curriculum<\/strong>, JMIR Medical Education 1: (2) Paper e6. 9 p. DOI: <a href=\"http:\/\/dx.doi.org\/10.2196\/mededu.4411\">http:\/\/dx.doi.org\/10.2196\/mededu.4411<\/a><\/p>\n<p>&nbsp;<\/p>\n<p><strong>\u00a0<\/strong><\/p>\n<p><strong>Full list of publications<\/strong><\/p>\n<p><strong>\u00a0<\/strong>\u00a0<a href=\"https:\/\/scholar.google.com\/citations?hl=hu&amp;user=yiTXrokAAAAJ&amp;view_op=list_works&amp;sortby=pubdate\">https:\/\/scholar.google.com\/citations?hl=hu&amp;user=yiTXrokAAAAJ&amp;view_op=list_works&amp;sortby=pubdate<\/a><\/p>\n<\/div><\/div>\n","protected":false},"excerpt":{"rendered":"<p><a href=\"https:\/\/semmelweis.hu\/magtud\/files\/2018\/08\/CV-Kollar-Janos-Foto.jpg\"><\/a> Personal Information Surname\/First name Kollar\/Janos Title Dr. (PhD) Address Velence, Gerle utca 7. 2481, Hungary Telephone mobile (cell phone): +36-20-341-0870 e-mail <a href=\"mailto:janoskollar@gmail.com\">janoskollar@gmail.com<\/a> Nationality Hungarian Date of birth 03 June 1962 Gender Male \u00a0 \u00a0 Work experience Dates 2012- Occupation Associate professor Main activities Teaching medical psychology, medical communication and psychotherapy and KOLLAR method ( in English &hellip;<\/p>\n","protected":false},"author":110,"featured_media":0,"parent":3356,"menu_order":19,"comment_status":"closed","ping_status":"closed","template":"","meta":{"_acf_changed":false,"footnotes":""},"categories":[],"tags":[],"class_list":["post-3396","page","type-page","status-publish","hentry"],"acf":[],"_links":{"self":[{"href":"https:\/\/semmelweis.hu\/magtud\/wp-json\/wp\/v2\/pages\/3396","targetHints":{"allow":["GET"]}}],"collection":[{"href":"https:\/\/semmelweis.hu\/magtud\/wp-json\/wp\/v2\/pages"}],"about":[{"href":"https:\/\/semmelweis.hu\/magtud\/wp-json\/wp\/v2\/types\/page"}],"author":[{"embeddable":true,"href":"https:\/\/semmelweis.hu\/magtud\/wp-json\/wp\/v2\/users\/110"}],"replies":[{"embeddable":true,"href":"https:\/\/semmelweis.hu\/magtud\/wp-json\/wp\/v2\/comments?post=3396"}],"version-history":[{"count":11,"href":"https:\/\/semmelweis.hu\/magtud\/wp-json\/wp\/v2\/pages\/3396\/revisions"}],"predecessor-version":[{"id":12077,"href":"https:\/\/semmelweis.hu\/magtud\/wp-json\/wp\/v2\/pages\/3396\/revisions\/12077"}],"up":[{"embeddable":true,"href":"https:\/\/semmelweis.hu\/magtud\/wp-json\/wp\/v2\/pages\/3356"}],"wp:attachment":[{"href":"https:\/\/semmelweis.hu\/magtud\/wp-json\/wp\/v2\/media?parent=3396"}],"wp:term":[{"taxonomy":"category","embeddable":true,"href":"https:\/\/semmelweis.hu\/magtud\/wp-json\/wp\/v2\/categories?post=3396"},{"taxonomy":"post_tag","embeddable":true,"href":"https:\/\/semmelweis.hu\/magtud\/wp-json\/wp\/v2\/tags?post=3396"}],"curies":[{"name":"wp","href":"https:\/\/api.w.org\/{rel}","templated":true}]}}