{"id":3380,"date":"2017-11-28T00:00:00","date_gmt":"2017-11-27T23:00:00","guid":{"rendered":"http:\/\/semmelweis.hu\/magtud\/psychosomatische-medizin\/"},"modified":"2023-06-22T15:15:11","modified_gmt":"2023-06-22T13:15:11","slug":"psychosomatische-medizin","status":"publish","type":"page","link":"https:\/\/semmelweis.hu\/magtud\/de\/lehre\/allgemeine-medizin\/psychosomatische-medizin\/","title":{"rendered":"Psychosomatische Medizin"},"content":{"rendered":"<div id=\"h3-r\">\n<div id=\"h3-l\">\n<div class=\"responsive-tabs\">\n<h2 class=\"tabtitle\">2022-2023 I.<\/h2>\n<div class=\"tabcontent\">\n\n<p><strong>Psychosomatische Medizin\u00a0<\/strong><\/p>\n<p>AOVMAG238_1N<\/p>\n<p>&nbsp;<\/p>\n<p>WS 2022-23<\/p>\n<p>Wahlpflichtfach, ab 5. Semester<\/p>\n<p>&nbsp;<\/p>\n<p>Bewertung: praktische Note<\/p>\n<p>Ort und Zeit: Gruppenraum 5. NET, dienstags 17.00-18:30, Beginn 6. Sept. 2022<\/p>\n<p>Leiter: dr. med. Andor Harrach und dr. med. J\u00e1nos Major<\/p>\n<p>Mail:\u00a0<a href=\"mailto:andorh41@gmail.com\">andorh41@gmail.com<\/a> und <a href=\"mailto:major.janos@med.semmelweis-univ.hu\">major.janos@med.semmelweis-univ.hu<\/a><\/p>\n<p><strong>Thematik:<\/strong><\/p>\n<p>6. <strong>September:\u00a0\u00a0\u00a0\u00a0<br \/>\n<\/strong>Was ist psychosomatische Medizin? Einleitung, Definition, Geschichte des Faches, Situation des\u00a0Faches in Deutschland. (A. Harrach)<\/p>\n<p>13. <strong>September: \u00a0<br \/>\n<\/strong>Bio-psycho-soziale Medizin. Psychosomatische Anamnese. (J. Major)<br \/>\n<strong><br \/>\n<\/strong>20<strong>. September:<br \/>\n<\/strong>Die Krankheitslehre der Psychosomatik (Symptomentstehung). Stresskonzept in der psychosomatischen Medizin. Kategorisierung der Krankheiten (ICD-10, DSM-V). (A. Harrach)<\/p>\n<p>27. <strong>September:<\/strong> Diagnostische und therapeutische Verfahren psychosomatischer Krankenversorgung. (A.Harrach)<\/p>\n<p>4. <strong>Oktober:<\/strong> Das a\u0308rztliche Gespra\u0308ch. (J. Major)<\/p>\n<p>11. <strong>Oktober: <\/strong>Die psychosomatische Therapie. (J. Major)<\/p>\n<p>18. <strong>Oktober: <\/strong>Balint Gruppe (J. Major)<\/p>\n<p>25. <strong>Oktober: <\/strong>Die spezifische Psychotherapie in der Psychosomatik. Autogenes Training. (A. Harrach)<\/p>\n<p>8. <strong>November: <\/strong>Schmerztherapie (J. Major)<\/p>\n<p>15. <strong>November:<\/strong> Schlafmedizin. Suggestive und u\u0308bende Verfahren (A. Harrach)<\/p>\n<p>22. <strong>November: <\/strong>Funktionelle gastroenterologische St\u00f6rungen (J. Major)<\/p>\n<p>29. <strong>November: <\/strong>St\u00f6rungen des Essverhaltens. Psychosomatische Aspekte in der Gyna\u0308kologie. (A. Harrach)<\/p>\n<p>6. <strong>Dezember: <\/strong>Fallbesprechung und Zusamennfassung. (J. Major)<\/p>\n\n<\/div><h2 class=\"tabtitle\">2021-2022<\/h2>\n<div class=\"tabcontent\">\n\n<p>Semmelweis Universit\u00e4t Budapest<\/p>\n<p>Institut f\u00fcr Verhaltenswissenschaften<\/p>\n<p>Direktor Dr. med. habil. Gy\u00f6rgy Purebl PhD<\/p>\n<p>1089 Budapest, Nagyv\u00e1rad t\u00e9r 4., 20. St.<\/p>\n<p>&nbsp;<\/p>\n<p>&nbsp;<\/p>\n<p><strong>Psychosomatische Medizin\u00a0<\/strong><\/p>\n<p>AOVMAG238_1N<\/p>\n<p>&nbsp;<\/p>\n<p>WS 2021-22<\/p>\n<p>Wahlpflichtfach, ab 5. Semester<\/p>\n<p>Vorlesungen, Referate, Falldiskussionen, Essays<\/p>\n<p>Fachliteratur<\/p>\n<p>Bewertung: praktische Note, <strong>eine Visite in einer psychosomatischen Schmerzambulanz und eine Fallvorstellung ist auch m\u00f6glich<\/strong><\/p>\n<p>Ort und Zeit: Gruppenraum 5. NET, dienstags 17.00-18:30, Beginn 7. Sept. 2021<\/p>\n<p>Leiter: dr. med. Andor Harrach und dr. med. J\u00e1nos Major<\/p>\n<p>Mail:\u00a0<a href=\"mailto:andorh41@gmail.com\">andorh41@gmail.com<\/a> und <a href=\"mailto:major.janos@phd.semmelweis-univ.hu\">major.janos@bethesda.hu<\/a><\/p>\n<p><strong>Thematik:<\/strong><\/p>\n<p><strong>7. September:\u00a0 <\/strong>Was ist psychosomatische Medizin? Einleitung, Definition, Geschichte des Faches, Situation des\u00a0Faches in Deutschland. (A. Harrach)<\/p>\n<p><strong>14. September: <\/strong>Bio-psycho-soziale Medizin. Psychosomatische Anamnese. (J. Major)<\/p>\n<p><strong>21. September: <\/strong>Die Krankheitslehre der Psychosomatik (Symptomentstehung). Stresskonzept in der psychosomatischen Medizin. Kategorisierung der Krankheiten (ICD-10, DSM-V). (A. Harrach)<\/p>\n<p><strong>28. September:<\/strong> Diagnostische und therapeutische Verfahren psychosomatischer Krankenversorgung. (A.Harrach)<\/p>\n<p><strong>5. Oktober:<\/strong> Das a\u0308rztliche Gespra\u0308ch. (J. Major)<\/p>\n<p><strong>12. Oktober: <\/strong>Die psychosomatische Therapie. (J. Major)<\/p>\n<p><strong>19. Oktober: <\/strong>Balint Gruppe (J. Major)<\/p>\n<p><strong>26. Oktober: <\/strong>Die spezifische Psychotherapie in der Psychosomatik. Autogenes Training. (A. Harrach)<\/p>\n<p><strong>2. November: <\/strong>Schmerztherapie (J. Major)<\/p>\n<p><strong>9. November:<\/strong> Schlafmedizin. Suggestive und u\u0308bende Verfahren (A. Harrach)<\/p>\n<p><strong>16. November: <\/strong>Funktionelle gastroenterologische St\u00f6rungen (J. Major)<\/p>\n<p><strong>23. November: <\/strong>St\u00f6rungen des Essverhaltens. Psychosomatische Aspekte in der Gyna\u0308kologie. (A. Harrach)<\/p>\n<p><strong>30. November: <\/strong>Das Krebsproblem in psychosomatischer Dimension. Psychosomatische Probleme in der Geriatrie. Umgang mit unheilbaren Kranken. (A. Harrach)<\/p>\n<p><strong>7. Dezember: <\/strong>Fallbesprechung und Zusamennfassung. (J. Major)<\/p>\n<p>&nbsp;<\/p>\n\n<\/div><h2 class=\"tabtitle\">2020-2021<\/h2>\n<div class=\"tabcontent\">\n\n<p>Institut f\u00fcr Verhaltenswissenschaften<br \/>\nDirektor: Prof. Dr. Gy\u00f6rgy Purebl<\/p>\n<p style=\"text-align: center\">\u00a0<strong>Psychosomatische Medizin\u00a0<\/strong><\/p>\n<p style=\"text-align: center\">FS 2020-21<\/p>\n<p style=\"text-align: center\">Wahlpflichtfach, ab 5. Semester<\/p>\n<p style=\"text-align: center\">\u00a0Vorlesungen, Referate, Falldiskussionen, Essays<\/p>\n<p>\u00a0Fachliteratur<\/p>\n<p>Bewertung: praktische Note<\/p>\n<p>Ort und Zeit: Gruppenraum 8 NET, mittwochs 16.10-17:40, Beginn 17. Februar 2021<\/p>\n<p>Leiter: dr. med. Andor Harrach und dr. med. J\u00e1nos Major<\/p>\n<p>Mail:\u00a0<a href=\"mailto:major.janos@phd.semmelweis-univ.hu\">major.janos@phd.semmelweis-univ.hu<\/a><\/p>\n<p><strong>Thematik:<\/strong><\/p>\n<p style=\"padding-left: 40px\"><strong> 17 Februar:\u00a0\u00a0\u00a0\u00a0<\/strong><\/p>\n<p>Was ist psychosomatische Medizin? Einleitung, Definition, Geschichte des Faches, Situation des\u00a0Faches in Deutschland.<\/p>\n<p style=\"padding-left: 40px\"><strong> 24 Februar: \u00a0<\/strong><\/p>\n<p>Bio-psycho-soziale Medizin. Psychosomatische Anamnese.<\/p>\n<p style=\"padding-left: 40px\"><strong> 3 M\u00e4rz:<\/strong><\/p>\n<p>Die Krankheitslehre der Psychosomatik (Symptomentstehung). Kategorisierung der Krankheiten (ICD-10, DSM-V). Balint Gruppe.<\/p>\n<p style=\"padding-left: 40px\"><strong> 10 M\u00e4rz:<\/strong><\/p>\n<p>Die Diagnostik in der Psychosomatik.<\/p>\n<p style=\"padding-left: 40px\"><strong> 17 M\u00e4rz:<\/strong> Therapieplanung. Motivationsarbeit. Interdisziplina\u0308re Kooperation\/Koordination<\/p>\n<p style=\"padding-left: 40px\"><strong> 21 M\u00e4rz: <\/strong>Balint Gruppe<\/p>\n<p style=\"padding-left: 40px\"><strong> 31 M\u00e4rz: <\/strong>Multimodale Schmerztherapie.<\/p>\n<p style=\"padding-left: 40px\"><strong>\u00a07 April: <\/strong>Balint Gruppe<\/p>\n<p style=\"padding-left: 40px\"><strong> 14 April: <\/strong>Funktionelle gastroenterologische St\u00f6rungen<\/p>\n<p style=\"padding-left: 40px\"><strong> 21 April: <\/strong>Balint Gruppe<\/p>\n<p style=\"padding-left: 40px\"><strong> 28 April:<\/strong> Visite in einer psychosomatischen Schmerzambulanz<\/p>\n<p style=\"padding-left: 40px\"><strong> 5 Mai: <\/strong>Fallbesprechungen<\/p>\n<p style=\"padding-left: 40px\"><strong> 12 Mai: <\/strong>Balint Gruppe<\/p>\n<p style=\"padding-left: 40px\"><strong> 19 Mai: <\/strong>Fallbeschprechungen<\/p>\n<p>&nbsp;<\/p>\n\n<\/div><h2 class=\"tabtitle\">2020-2021<\/h2>\n<div class=\"tabcontent\">\n\n<p>Semmelweis Universit\u00e4t Budapest<br \/>\nInstitut f\u00fcr Verhaltenswissenschaften<br \/>\nDirektor: Dr. med. habil. Gy\u00f6rgy Purebl PhD<br \/>\n1089 Budapest, Nagyv\u00e1rad t\u00e9r 4., 20. St.<\/p>\n<p><strong>Psychosomatische Medizin<br \/>\n<\/strong>WS 2020-21<\/p>\n<p>Wahlpflichtfach, ab 5. Semester<\/p>\n<p>Vorlesungen, Referate, Falldiskussionen, Essays<\/p>\n<p>Fachliteratur<\/p>\n<p>Bewertung: praktische Note, <strong>eine Visite in einer psychosomatischen Schmerzambulanz und eine Fallvorstellung ist auch ben\u00f6tigt<\/strong><\/p>\n<p>Ort und Zeit: Gruppenraum 5 NET, mittwochs 16.30-18:00, Beginn 9. Sept. 2020<\/p>\n<p>Leiter: Dr. med. Andor Harrach und dr. med. J\u00e1nos Major<\/p>\n<p>Mail:\u00a0<a href=\"mailto:major.janos@phd.semmelweis-univ.hu\">major.janos@phd.semmelweis-univ.hu<\/a><\/p>\n<p><strong>Thematik:<\/strong><\/p>\n<ol start=\"6\">\n<li><strong> September:\u00a0\u00a0\u00a0\u00a0<\/strong><\/li>\n<\/ol>\n<p>Was ist psychosomatische Medizin? Einleitung, Definition, Geschichte des Faches, Situation des\u00a0Faches in Deutschland. (A. Harrach)<\/p>\n<ol start=\"13\">\n<li><strong> September: \u00a0<\/strong><\/li>\n<\/ol>\n<p>Bio-psycho-soziale Medizin. Psychosomatische Anamnese. (J. Major)<\/p>\n<ol start=\"20\">\n<li><strong> September:<\/strong><\/li>\n<\/ol>\n<p>Die Krankheitslehre der Psychosomatik (Symptomentstehung). Stresskonzept in der psychosomatischen Medizin. Kategorisierung der Krankheiten (ICD-10, DSM-V). (A. Harrach)<\/p>\n<ol start=\"27\">\n<li><strong> September:<\/strong> Diagnostische und therapeutische Verfahren psychosomatischer Krankenversorgung. (A.Harrach)<\/li>\n<li><strong> Oktober:<\/strong> Das a\u0308rztliche Gespra\u0308ch. (J. Major)<\/li>\n<li><strong> Oktober: <\/strong>Die psychosomatische Therapie. (J. Major)<\/li>\n<li><strong> Oktober: <\/strong>Balint Gruppe (J. Major)<\/li>\n<li><strong> Oktober: <\/strong>Die spezifische Psychotherapie in der Psychosomatik. Autogenes Training. (A. Harrach)<\/li>\n<li><strong> November: <\/strong>Schmerztherapie (J. Major)<\/li>\n<li><strong> November:<\/strong> Schlafmedizin. Suggestive und u\u0308bende Verfahren (A. Harrach)<\/li>\n<li><strong> November: <\/strong>Funktionelle gastroenterologische St\u00f6rungen (J. Major)<\/li>\n<li><strong> November: <\/strong>St\u00f6rungen des Essverhaltens. Psychosomatische Aspekte in der Gyna\u0308kologie. (A. Harrach)<\/li>\n<li><strong> November: <\/strong>Das Krebsproblem in psychosomatischer Dimension. Psychosomatische Probleme in der Geriatrie. Umgang mit unheilbaren Kranken. (A. Harrach)<\/li>\n<li><strong> Dezember: <\/strong>Fallbesprechung und Zusamennfassung. (J. Major)<\/li>\n<\/ol>\n<p><\/p>\n<p><strong>\u00a0<\/strong>\n<\/div><h2 class=\"tabtitle\">2019-2020<\/h2>\n<div class=\"tabcontent\">\n<\/p>\n<p><strong>Wahlfach Psychosomatik<\/strong> I-.- WS 2019 -2020<\/p>\n<p><strong>Psychosomatische Medizin<\/strong>-AOVMG238\u00ad_1N<\/p>\n<p><a href=\"\/magtud\/files\/2017\/11\/Grundzuge_der_Psychosomatik_und_Psychotherapie.pdf\" target=\"_blank\" rel=\"noopener noreferrer\">Grundz\u00fcge der Psychosomatik und Psychotherapie<\/a><\/p>\n<p>Lehrbeauftragter: Prof. Dr. J\u00f3zsef Kov\u00e1cs<\/p>\n<p>Vortragender Dozent: Dr. Andor Harrach \u2013 (E-mail: <a href=\"mailto:andorh41@gmail.com\">andorh41@gmail.com<\/a>)<\/p>\n<p>Zust\u00e4ndig: Institut f\u00fcr Verhaltenswissenschaften<\/p>\n<p>Unterrichtszeit: 1 Doppelstunde\/Wo.<\/p>\n<p>Empfohlenes Semester 3\/5\/7<\/p>\n<p>Pr\u00fcfungsform: Praktikumsnote<\/p>\n<p>Kreditpunkte:2<\/p>\n<p>Minimale\/maximale Studentenzahl: 10\/25<\/p>\n<p><strong>Thematik: Theorie mit praktischen Beispielen<\/strong> \/s.auch Wahlpflichtfach II. SS<\/p>\n<ol>\n<li>Das bio-psycho-soziale Modell der Medizin<\/li>\n<li>Krankheitstslehre Psychosomatik\/Verhaltenslehre:Symptombildung-Aetiologie-Verlauf<\/li>\n<li>Krankheitsbilder: Systeme der Klassifizierung (Systeme in Lehrb\u00fcchern)<\/li>\n<li>Diagnostik in der Psychosomatik<\/li>\n<li>Interdisziplin\u00e4re Zusammenh\u00e4nge<\/li>\n<li>Die psychosomatischen Krankheitsbilder im medizinischen Alltag<\/li>\n<li>Die Psychosomatik in den einzelnen F\u00e4chern der Medizin (\u201eFachspezifische Psychosomatik\u201d)<\/li>\n<li>Therapeutische Konzepte, Strukturen, Praxis<\/li>\n<li>Versorgungssysteme<\/li>\n<li>Das \u201eSystem\u201d Somatik-Psychiatrie-Psychosomatik-Psychotherapie<\/li>\n<li>Lehre der Psychosomatik an der Universit\u00e4t<\/li>\n<li>Weiterbildung in der Psychosomatik (auch interdisziplin\u00e4r und interprofessionell)<\/li>\n<li>Verschiedene Formen der Gruppenarbeit in der Psychosomatik<\/li>\n<li>Position der Psychosomatik in der Gesamtmedizin<\/li>\n<li>Bedeutung der Psychosomatik in Volksgesundheit und Volkswirtschaft<\/li>\n<li>Psychosomatik in der Gesellschaft \u2013 Insitutionalisierung<\/li>\n<li>Internationale Vergleiche<\/li>\n<li>Die psychosomatische Identit\u00e4t und Rolle und das psychosomatische Tun des Arztes<\/li>\n<li>Was bedeutet psychosomatisch krank zu sein?<\/li>\n<\/ol>\n<p>Pfichtliteratur: Davis-Glurich, Enders, Lamers: <strong>Psychosomatik und Psychotherapie<\/strong>. Urban-Fischer, Elsevier, BASICS, 3. Auflage, 104 S.,2016<\/p>\n<p>Empfohlene Literatur: Uexk\u00fcll, K\u00f6hle, Herzog. Joraschki, Kruse, Langewitz, S\u00f6llner: Psychosomatische <strong>Medizin<\/strong>, Urban-Fischer, Elsevier\u00a0 Verl.8. Auflage, 1940 S. 2017 (\u201eder\u201d Klassiker)<\/p>\n\n<\/div><h2 class=\"tabtitle\">2018-2019<\/h2>\n<div class=\"tabcontent\">\n\n<p><strong>FACHSPEZIFISCHE\u00a0PSYCHOSOMATIK<\/strong><\/p>\n<p class=\"inside\"><a href=\"\/magtud\/files\/2017\/11\/Grundzuge_der_Psychosomatik_und_Psychotherapie.pdf\" target=\"_blank\" rel=\"noopener noreferrer\">\u00a0Grundz\u00fcge der Psychosomatik und Psychotherapie<\/a><br \/>\nSemmelweis Universit\u00e4t Budapest<br \/>\nInstitut f\u00fcr Verhaltenswissenschaften<br \/>\nDirektor Prof. Dr. med. J\u00f3zsef\u00a0 Kov\u00e1cs<br \/>\n1089 Budapest, Nagyv\u00e1rad t\u00e9r 4., 20. St.<\/p>\n<p><strong>Psychosomatische Medizin<\/strong><br \/>\nWahlpflichtfach, ab 5. Semester<br \/>\nVorlesungen, Referate, Falldiskussionen, Essays<br \/>\nFachliteratur<br \/>\nBewertung: praktische Note<br \/>\nLeiter: Dr. med. Andor Harrach, Tel. 06-30-8509602 Mail:<br \/>\n<script>\n &lt;!--\n var prefix = &#039;m&#097;&#105;lt&#111;:&#039;;\n var suffix = &#039;&#039;;\n var attribs = &#039;&#039;;\n var path = &#039;hr&#039; + &#039;ef&#039; + &#039;=&#039;;\n var addy60727 = &#039;h&#097;rr&#097;ch&#097;nd&#111;r&#039; + &#039;&#064;&#039;;\n addy60727 = addy60727 + &#039;m&#097;&#105;l&#039; + &#039;&#046;&#039; + &#039;d&#097;t&#097;n&#101;t&#039; + &#039;&#046;&#039; + &#039;h&#117;&#039;;\n document.write( &#039;<a>' );\n document.write( addy60727 );\n document.write( '' );\n \/\/--&gt;\n <\/script><a href=\"mailto:harrachandor@mail.datanet.hu\">harrachandor@mail.datanet.hu<\/a><script>\n &lt;!--\n document.write( &#039;<span>' );\n \/\/--&gt;\n <\/script>Ezt a c\u00edmet a spamrobotok ellen v\u00e9dj\u00fck. Enged\u00e9lyezze a Javascript haszn\u00e1lat\u00e1t, hogy megtekinthesse.<br \/>\n<script>\n &lt;!--\n document.write( &#039;' );\n \/\/--&gt;\n <\/script><\/p>\n<p><strong>Thematik:<\/strong><\/p>\n<p>1. Was ist psychosomatische Medizin? Einleitung, Definition, Geschichte des Faches, Situation des\u00a0 Faches in Deutschland. Psychosoziale Medizin \u2013 bio-psycho-soziale Medizin.<\/p>\n<p>2. St\u00f6rungsformen<\/p>\n<p>3. Der Mensch als psychosomatisches Wesen<\/p>\n<p>4. Die Krankheitslehre der Psychosomatik (Symptomentstehung)<\/p>\n<p>5. Kategorisierung der Krankheiten (ICD-10, DSM-V)<\/p>\n<p>6. Die Diagnostik in der Psychosomatik<\/p>\n<p>7. Die psychosomatik als selbstst\u00e4ndiges Fach bzw. als spezifische Psychosomatik in allen F\u00e4chern, in allen T\u00e4tigkeiten und Gebieten der Medizin<\/p>\n<p>8. Das System der psychosomatischen Therapie<\/p>\n<p>9. Die spezifische Psychotherapie in der Psychosomatik<\/p>\n<p>10. Die Position der Psychosomatik in der Medizin<\/p>\n<p>11. Die Position der Psychosomatik generell im Gesundheitswesen<\/p>\n<p>12. Die Psychosomatik im Allgemeinwissen der Bev\u00f6lkerung<\/p>\n<p>13. Die Insitutionalisierung der Psychosomatik in der Gesellschaft als ein Grundproblem der Gesundheitspolitik<\/p>\n<\/div>\n<\/div><\/div>\n<\/div>\n","protected":false},"excerpt":{"rendered":"<p>Psychosomatische Medizin\u00a0 AOVMAG238_1N &nbsp; WS 2022-23 Wahlpflichtfach, ab 5. Semester &nbsp; Bewertung: praktische Note Ort und Zeit: Gruppenraum 5. NET, dienstags 17.00-18:30, Beginn 6. Sept. 2022 Leiter: dr. med. Andor Harrach und dr. med. J\u00e1nos Major Mail:\u00a0 <a href=\"mailto:andorh41@gmail.com\">andorh41@gmail.com<\/a> und <a href=\"mailto:major.janos@med.semmelweis-univ.hu\">major.janos@med.semmelweis-univ.hu<\/a> Thematik: 6. September:\u00a0\u00a0\u00a0\u00a0 Was ist psychosomatische Medizin? Einleitung, Definition, Geschichte des Faches, Situation des\u00a0Faches in Deutschland. (A. &hellip;<\/p>\n","protected":false},"author":110,"featured_media":0,"parent":11823,"menu_order":10,"comment_status":"closed","ping_status":"closed","template":"","meta":{"_acf_changed":false,"footnotes":""},"categories":[],"tags":[],"class_list":["post-3380","page","type-page","status-publish","hentry"],"acf":[],"_links":{"self":[{"href":"https:\/\/semmelweis.hu\/magtud\/wp-json\/wp\/v2\/pages\/3380","targetHints":{"allow":["GET"]}}],"collection":[{"href":"https:\/\/semmelweis.hu\/magtud\/wp-json\/wp\/v2\/pages"}],"about":[{"href":"https:\/\/semmelweis.hu\/magtud\/wp-json\/wp\/v2\/types\/page"}],"author":[{"embeddable":true,"href":"https:\/\/semmelweis.hu\/magtud\/wp-json\/wp\/v2\/users\/110"}],"replies":[{"embeddable":true,"href":"https:\/\/semmelweis.hu\/magtud\/wp-json\/wp\/v2\/comments?post=3380"}],"version-history":[{"count":11,"href":"https:\/\/semmelweis.hu\/magtud\/wp-json\/wp\/v2\/pages\/3380\/revisions"}],"predecessor-version":[{"id":11226,"href":"https:\/\/semmelweis.hu\/magtud\/wp-json\/wp\/v2\/pages\/3380\/revisions\/11226"}],"up":[{"embeddable":true,"href":"https:\/\/semmelweis.hu\/magtud\/wp-json\/wp\/v2\/pages\/11823"}],"wp:attachment":[{"href":"https:\/\/semmelweis.hu\/magtud\/wp-json\/wp\/v2\/media?parent=3380"}],"wp:term":[{"taxonomy":"category","embeddable":true,"href":"https:\/\/semmelweis.hu\/magtud\/wp-json\/wp\/v2\/categories?post=3380"},{"taxonomy":"post_tag","embeddable":true,"href":"https:\/\/semmelweis.hu\/magtud\/wp-json\/wp\/v2\/tags?post=3380"}],"curies":[{"name":"wp","href":"https:\/\/api.w.org\/{rel}","templated":true}]}}