{"id":3357,"date":"2017-11-28T00:00:00","date_gmt":"2017-11-27T23:00:00","guid":{"rendered":"http:\/\/semmelweis.hu\/magtud\/office-hours\/"},"modified":"2025-02-27T15:50:00","modified_gmt":"2025-02-27T14:50:00","slug":"student-consultation-hours","status":"publish","type":"page","link":"https:\/\/semmelweis.hu\/magtud\/en\/institute\/student-consultation-hours\/","title":{"rendered":"Student consultation hours"},"content":{"rendered":"<p><strong>Bioethics<\/strong><br \/>\nDr. J\u00f3zsef Kov\u00e1cs<br \/>\nTuesday: 14.00-15.00<br \/>\nNET building 20th floor, Room 2003<\/p>\n<p><strong>Medical Communication<\/strong><br \/>\nDr. Adrienne Stauder<br \/>\nMonday: 13.00-14.00 (or online) (based on appointment)<br \/>\nNET building 20th floor, Room 2006<\/p>\n<p><strong>Medical Psychology<\/strong><br \/>\n<strong>Faculty of General Medicine:<\/strong><br \/>\nDr. Tam\u00e1s D\u00f6m\u00f6t\u00f6r Szalai<br \/>\nWednesday: 11.00-12.00<br \/>\nNET building 20th floor, Room 2014\/2<\/p>\n<p><strong>Medical Psychology<\/strong><br \/>\n<strong>Faculty of Dentistry:<\/strong><br \/>\nZolt\u00e1n Illy\u00e9s<br \/>\nFriday 12.30-13.30 (based on appointment)<br \/>\nNET building 19th floor, Room\u00a0 1919<\/p>\n<p><strong>Medical Sociology:<\/strong><br \/>\nBence D\u00f6br\u00f6ssy<br \/>\nMonday: 10.00-11.00<br \/>\nNET building 19th floor, Room 1911<\/p>\n","protected":false},"excerpt":{"rendered":"<p>Bioethics Dr. J\u00f3zsef Kov\u00e1cs Tuesday: 14.00-15.00 NET building 20th floor, Room 2003 Medical Communication Dr. Adrienne Stauder Monday: 13.00-14.00 (or online) (based on appointment) NET building 20th floor, Room 2006 Medical Psychology Faculty of General Medicine: Dr. Tam\u00e1s D\u00f6m\u00f6t\u00f6r Szalai Wednesday: 11.00-12.00 NET building 20th floor, Room 2014\/2 Medical Psychology Faculty of Dentistry: Zolt\u00e1n Illy\u00e9s &hellip;<\/p>\n","protected":false},"author":110,"featured_media":0,"parent":3349,"menu_order":2,"comment_status":"closed","ping_status":"closed","template":"","meta":{"_acf_changed":false,"footnotes":""},"categories":[],"tags":[],"class_list":["post-3357","page","type-page","status-publish","hentry"],"acf":[],"_links":{"self":[{"href":"https:\/\/semmelweis.hu\/magtud\/wp-json\/wp\/v2\/pages\/3357","targetHints":{"allow":["GET"]}}],"collection":[{"href":"https:\/\/semmelweis.hu\/magtud\/wp-json\/wp\/v2\/pages"}],"about":[{"href":"https:\/\/semmelweis.hu\/magtud\/wp-json\/wp\/v2\/types\/page"}],"author":[{"embeddable":true,"href":"https:\/\/semmelweis.hu\/magtud\/wp-json\/wp\/v2\/users\/110"}],"replies":[{"embeddable":true,"href":"https:\/\/semmelweis.hu\/magtud\/wp-json\/wp\/v2\/comments?post=3357"}],"version-history":[{"count":10,"href":"https:\/\/semmelweis.hu\/magtud\/wp-json\/wp\/v2\/pages\/3357\/revisions"}],"predecessor-version":[{"id":12785,"href":"https:\/\/semmelweis.hu\/magtud\/wp-json\/wp\/v2\/pages\/3357\/revisions\/12785"}],"up":[{"embeddable":true,"href":"https:\/\/semmelweis.hu\/magtud\/wp-json\/wp\/v2\/pages\/3349"}],"wp:attachment":[{"href":"https:\/\/semmelweis.hu\/magtud\/wp-json\/wp\/v2\/media?parent=3357"}],"wp:term":[{"taxonomy":"category","embeddable":true,"href":"https:\/\/semmelweis.hu\/magtud\/wp-json\/wp\/v2\/categories?post=3357"},{"taxonomy":"post_tag","embeddable":true,"href":"https:\/\/semmelweis.hu\/magtud\/wp-json\/wp\/v2\/tags?post=3357"}],"curies":[{"name":"wp","href":"https:\/\/api.w.org\/{rel}","templated":true}]}}