{"id":3356,"date":"2017-11-28T00:00:00","date_gmt":"2017-11-27T23:00:00","guid":{"rendered":"http:\/\/semmelweis.hu\/magtud\/staff\/"},"modified":"2026-02-11T12:08:26","modified_gmt":"2026-02-11T11:08:26","slug":"staff","status":"publish","type":"page","link":"https:\/\/semmelweis.hu\/magtud\/en\/institute\/staff\/","title":{"rendered":"Staff"},"content":{"rendered":"<p><a href=\"\/magtud\/en\/institute\/dr-gyorgy-purebl\/\">Dr. Gy\u00f6rgy Purebl, Director<\/a><\/p>\n<p><a href=\"https:\/\/semmelweis.hu\/magtud\/en\/institute\/staff\/dr-agnes-dosa-deputy-director\/\" target=\"_blank\" rel=\"noopener noreferrer\">Dr. \u00c1gnes D\u00f3sa, Deputy Director<\/a><\/p>\n<p><a href=\"\/magtud\/en\/institute\/staff\/dr-robert-bodizs\/\">Dr. R\u00f3bert B\u00f3dizs, Research Director<\/a><\/p>\n<p><a href=\"https:\/\/semmelweis.hu\/magtud\/en\/institute\/staff\/dr-bernadett-babusa\/\" target=\"_blank\" rel=\"noopener noreferrer\">Dr. Bernadett Babusa<\/a><\/p>\n<p><a href=\"https:\/\/semmelweis.hu\/magtud\/en\/institute\/staff\/dr-piroska-balog\/\">Dr. Piroska Balog<\/a><\/p>\n<p><a href=\"https:\/\/semmelweis.hu\/magtud\/en\/institute\/staff\/dr-emma-birkas\/\" target=\"_blank\" rel=\"noopener noreferrer\">Dr. Emma Birk\u00e1s<\/a><\/p>\n<p><a href=\"https:\/\/semmelweis.hu\/magtud\/en\/institute\/staff\/dr-virag-bognar\/\" target=\"_blank\" rel=\"noopener noreferrer\">Dr. Vir\u00e1g Bogn\u00e1r<\/a><\/p>\n<p><a href=\"https:\/\/semmelweis.hu\/magtud\/en\/institute\/staff\/dr-julianna-boros\/\" target=\"_blank\" rel=\"noopener noreferrer\">Dr. Julianna Boros<\/a><\/p>\n<p><a href=\"https:\/\/semmelweis.hu\/magtud\/en\/institute\/staff\/dr-edit-czegledi\/\">Dr. Edit Czegl\u00e9di<\/a><\/p>\n<p><a href=\"\/magtud\/en\/institute\/staff\/dr-tamas-csapody\/\">Dr. Tam\u00e1s Csapody<\/a><\/p>\n<p><a href=\"\/magtud\/en\/institute\/staff\/bence-dobrossy\/\">Bence D\u00f6br\u00f6ssy<\/a><\/p>\n<p>Dr. Enik\u0151 F\u00f6ldesi<\/p>\n<p><a href=\"https:\/\/semmelweis.hu\/magtud\/en\/institute\/staff\/dr-edmond-girasek\/\" target=\"_blank\" rel=\"noopener noreferrer\">Dr. Edmond Girasek<\/a><\/p>\n<p><a href=\"\/magtud\/en\/institute\/staff\/dr-zsuzsa-gyorffy\/\">Dr. Zsuzsa Gy\u0151rffy<\/a><\/p>\n<p><a href=\"\/magtud\/en\/institute\/staff\/dr-katalin-hegedus\/\">Dr. Katalin Heged\u0171s<\/a><\/p>\n<p><a href=\"https:\/\/semmelweis.hu\/magtud\/en\/institute\/staff\/dr-adrienne-kegye\/\">Dr. Adrienne Kegye<\/a><\/p>\n<p><a href=\"https:\/\/semmelweis.hu\/magtud\/en\/institute\/staff\/viktor-kemeny\/\" target=\"_blank\" rel=\"noopener\">Viktor Kem\u00e9ny<\/a><\/p>\n<p><a href=\"\/magtud\/en\/institute\/staff\/dr-janos-kollar\/\">Dr. J\u00e1nos Koll\u00e1r<\/a><\/p>\n<p><a href=\"\/magtud\/en\/institute\/staff\/dr-jozsef-kovacs\/\">Dr. J\u00f3zsef Kov\u00e1cs, Professor Emeritus<\/a><br \/>\n<a href=\"\/magtud\/en\/institute\/staff\/dr-laszlo-lajtai\/\"><br \/>\nDr. L\u00e1szl\u00f3 Lajtai<\/a><br \/>\n<a href=\"\/magtud\/en\/institute\/staff\/dr-imre-lazar\/\"><br \/>\nDr. Imre L\u00e1z\u00e1r<\/a><\/p>\n<p><a href=\"https:\/\/semmelweis.hu\/magtud\/en\/institute\/staff\/dr-janos-major\/\" target=\"_blank\" rel=\"noopener\">Dr. J\u00e1nos Major<\/a><\/p>\n<p>\u00c1gnes Mezei<\/p>\n<p><a href=\"https:\/\/semmelweis.hu\/magtud\/en\/institute\/staff\/dr-laszlo-nemes\/\" target=\"_blank\" rel=\"noopener noreferrer\">Dr. L\u00e1szl\u00f3 Nemes<\/a><\/p>\n<p><a href=\"https:\/\/semmelweis.hu\/magtud\/en\/institute\/staff\/dr-orsolya-marta-peter\/\" target=\"_blank\" rel=\"noopener noreferrer\">Dr. Orsolya M\u00e1rta P\u00e9ter<\/a><\/p>\n<p><a href=\"\/magtud\/en\/institute\/staff\/dr-janos-pilling\/\">Dr. J\u00e1nos Pilling<\/a><\/p>\n<p><a href=\"https:\/\/semmelweis.hu\/magtud\/en\/dr-szilvia-metz-ruszkai\/\" target=\"_blank\" rel=\"noopener\">Dr. Szilvia \u00c9va Ruszkai<\/a><\/p>\n<p><a href=\"\/magtud\/en\/institute\/staff\/dr-gyongyver-salavecz\/\">Dr. Gy\u00f6ngyv\u00e9r Salavecz<\/a><br \/>\n<a href=\"\/magtud\/en\/institute\/staff\/dr-janos-pilling\/\"><br \/>\n<\/a><a href=\"\/magtud\/en\/institute\/staff\/imola-sandor\/\">Dr. Imola S\u00e1ndor<\/a><br \/>\n<a href=\"\/magtud\/en\/institute\/staff\/dr-gyongyver-salavecz\/\"><br \/>\n<\/a><a href=\"https:\/\/semmelweis.hu\/magtud\/en\/institute\/staff\/dr-peter-simor\/\" target=\"_blank\" rel=\"noopener noreferrer\">Dr. P\u00e9ter Simor<\/a><br \/>\n<a href=\"\/magtud\/en\/institute\/staff\/dr-adrienne-stauder\/\"><br \/>\nDr. Adrienne Stauder<\/a><br \/>\n<a href=\"\/magtud\/en\/institute\/staff\/anna-susanszky\/\"><br \/>\nDr. Anna Sus\u00e1nszky <\/a><\/p>\n<p><a href=\"https:\/\/semmelweis.hu\/magtud\/en\/institute\/staff\/judit-sule\/\" target=\"_blank\" rel=\"noopener noreferrer\">Judit S\u00fcle<\/a><\/p>\n<p><a href=\"https:\/\/semmelweis.hu\/magtud\/en\/institute\/staff\/tamas-domotor-szalai-2\/\" target=\"_blank\" rel=\"noopener noreferrer\">Dr. Tam\u00e1s D\u00f6m\u00f6t\u00f6r Szalai<\/a><\/p>\n<p><a href=\"https:\/\/semmelweis.hu\/magtud\/en\/institute\/staff\/dr-orsolya-szalardy\/\" target=\"_blank\" rel=\"noopener noreferrer\">Dr. Orsolya Szal\u00e1rdy<\/a><\/p>\n<p><a href=\"\/magtud\/en\/institute\/staff\/dr-imre-szebik\/\">Dr. Imre Szebik<\/a><br \/>\n<a href=\"\/magtud\/en\/institute\/staff\/dr-irena-szumska\/\"><br \/>\nDr. Irena Szumska<\/a><\/p>\n<p><a href=\"https:\/\/semmelweis.hu\/magtud\/en\/institute\/staff\/dr-anna-szucs\/\" target=\"_blank\" rel=\"noopener\">Dr. Anna Sz\u0171cs<\/a><\/p>\n<p><a href=\"https:\/\/semmelweis.hu\/magtud\/en\/institute\/staff\/dr-gabor-attila-toth\/\" target=\"_blank\" rel=\"noopener noreferrer\">Dr. G\u00e1bor Attila T\u00f3th<\/a><\/p>\n<p><a href=\"https:\/\/semmelweis.hu\/magtud\/en\/institute\/staff\/dr-monika-ditta-toth-2\/\" target=\"_blank\" rel=\"noopener noreferrer\">Dr. M\u00f3nika Ditta T\u00f3th<\/a><br \/>\n<a href=\"\/magtud\/en\/institute\/staff\/dr-peter-ujma\/\"><br \/>\nDr. Peter Ujma<\/a><br \/>\n<a href=\"\/magtud\/en\/institute\/staff\/dr-agnes-zana\/\"><br \/>\nDr. \u00c1gnes Zana<\/a><\/p>\n<p><em>Master instructors:<\/em><br \/>\nDr. Jen\u0151 L\u0151rincz<\/p>\n<p><em>External PhD supervisor:<\/em><br \/>\n<a href=\"\/magtud\/en\/institute\/staff\/dr-szilvia-adam\/\">Dr. Szilvia \u00c1d\u00e1m<\/a><\/p>\n<p><em>External consultant:<\/em><br \/>\nDr. Ferenc T\u00fary<\/p>\n","protected":false},"excerpt":{"rendered":"<p><a href=\"\/magtud\/en\/institute\/dr-gyorgy-purebl\/\">Dr. Gy\u00f6rgy Purebl, Director<\/a> <a href=\"https:\/\/semmelweis.hu\/magtud\/en\/institute\/staff\/dr-agnes-dosa-deputy-director\/\" target=\"_blank\" rel=\"noopener noreferrer\">Dr. \u00c1gnes D\u00f3sa, Deputy Director<\/a> <a href=\"\/magtud\/en\/institute\/staff\/dr-robert-bodizs\/\">Dr. R\u00f3bert B\u00f3dizs, Research Director<\/a> <a href=\"https:\/\/semmelweis.hu\/magtud\/en\/institute\/staff\/dr-bernadett-babusa\/\" target=\"_blank\" rel=\"noopener noreferrer\">Dr. Bernadett Babusa<\/a> <a href=\"https:\/\/semmelweis.hu\/magtud\/en\/institute\/staff\/dr-piroska-balog\/\">Dr. Piroska Balog<\/a> <a href=\"https:\/\/semmelweis.hu\/magtud\/en\/institute\/staff\/dr-emma-birkas\/\" target=\"_blank\" rel=\"noopener noreferrer\">Dr. Emma Birk\u00e1s<\/a> <a href=\"https:\/\/semmelweis.hu\/magtud\/en\/institute\/staff\/dr-virag-bognar\/\" target=\"_blank\" rel=\"noopener noreferrer\">Dr. Vir\u00e1g Bogn\u00e1r<\/a> <a href=\"https:\/\/semmelweis.hu\/magtud\/en\/institute\/staff\/dr-julianna-boros\/\" target=\"_blank\" rel=\"noopener noreferrer\">Dr. Julianna Boros<\/a> <a href=\"https:\/\/semmelweis.hu\/magtud\/en\/institute\/staff\/dr-edit-czegledi\/\">Dr. Edit Czegl\u00e9di<\/a> <a href=\"\/magtud\/en\/institute\/staff\/dr-tamas-csapody\/\">Dr. Tam\u00e1s Csapody<\/a> <a href=\"\/magtud\/en\/institute\/staff\/bence-dobrossy\/\">Bence D\u00f6br\u00f6ssy<\/a> Dr. Enik\u0151 F\u00f6ldesi <a href=\"https:\/\/semmelweis.hu\/magtud\/en\/institute\/staff\/dr-edmond-girasek\/\" target=\"_blank\" rel=\"noopener noreferrer\">Dr. Edmond Girasek<\/a> <a href=\"\/magtud\/en\/institute\/staff\/dr-zsuzsa-gyorffy\/\">Dr. Zsuzsa Gy\u0151rffy<\/a> <a href=\"\/magtud\/en\/institute\/staff\/dr-katalin-hegedus\/\">Dr. Katalin Heged\u0171s<\/a> <a href=\"https:\/\/semmelweis.hu\/magtud\/en\/institute\/staff\/dr-adrienne-kegye\/\">Dr. Adrienne Kegye<\/a> <a href=\"https:\/\/semmelweis.hu\/magtud\/en\/institute\/staff\/viktor-kemeny\/\" target=\"_blank\" rel=\"noopener\">Viktor Kem\u00e9ny<\/a> <a href=\"\/magtud\/en\/institute\/staff\/dr-janos-kollar\/\">Dr. J\u00e1nos Koll\u00e1r<\/a> <a href=\"\/magtud\/en\/institute\/staff\/dr-jozsef-kovacs\/\">Dr. J\u00f3zsef Kov\u00e1cs, Professor Emeritus<\/a> <a href=\"\/magtud\/en\/institute\/staff\/dr-laszlo-lajtai\/\"> Dr. L\u00e1szl\u00f3 Lajtai<\/a> <a href=\"\/magtud\/en\/institute\/staff\/dr-imre-lazar\/\"> Dr. Imre L\u00e1z\u00e1r<\/a> <a href=\"https:\/\/semmelweis.hu\/magtud\/en\/institute\/staff\/dr-janos-major\/\" target=\"_blank\" rel=\"noopener\">Dr. J\u00e1nos Major<\/a> \u00c1gnes Mezei <a href=\"https:\/\/semmelweis.hu\/magtud\/en\/institute\/staff\/dr-laszlo-nemes\/\" target=\"_blank\" rel=\"noopener noreferrer\">Dr. L\u00e1szl\u00f3 Nemes<\/a> <a href=\"https:\/\/semmelweis.hu\/magtud\/en\/institute\/staff\/dr-orsolya-marta-peter\/\" target=\"_blank\" rel=\"noopener noreferrer\">Dr. Orsolya M\u00e1rta P\u00e9ter<\/a> <a href=\"\/magtud\/en\/institute\/staff\/dr-janos-pilling\/\">Dr. J\u00e1nos Pilling<\/a> <a href=\"https:\/\/semmelweis.hu\/magtud\/en\/dr-szilvia-metz-ruszkai\/\" target=\"_blank\" rel=\"noopener\">Dr. Szilvia \u00c9va Ruszkai<\/a> <a href=\"\/magtud\/en\/institute\/staff\/dr-gyongyver-salavecz\/\">Dr. Gy\u00f6ngyv\u00e9r Salavecz<\/a> <a href=\"\/magtud\/en\/institute\/staff\/dr-janos-pilling\/\"> <\/a> <a href=\"\/magtud\/en\/institute\/staff\/imola-sandor\/\">Dr. Imola S\u00e1ndor<\/a> <a href=\"\/magtud\/en\/institute\/staff\/dr-gyongyver-salavecz\/\"> <\/a> <a href=\"https:\/\/semmelweis.hu\/magtud\/en\/institute\/staff\/dr-peter-simor\/\" target=\"_blank\" rel=\"noopener noreferrer\">Dr. P\u00e9ter Simor<\/a> <a href=\"\/magtud\/en\/institute\/staff\/dr-adrienne-stauder\/\"> Dr. Adrienne Stauder<\/a> <a href=\"\/magtud\/en\/institute\/staff\/anna-susanszky\/\"> Dr. Anna Sus\u00e1nszky <\/a> <a href=\"https:\/\/semmelweis.hu\/magtud\/en\/institute\/staff\/judit-sule\/\" target=\"_blank\" rel=\"noopener noreferrer\">Judit S\u00fcle<\/a> <a href=\"https:\/\/semmelweis.hu\/magtud\/en\/institute\/staff\/tamas-domotor-szalai-2\/\" target=\"_blank\" rel=\"noopener noreferrer\">Dr. Tam\u00e1s D\u00f6m\u00f6t\u00f6r Szalai<\/a> <a href=\"https:\/\/semmelweis.hu\/magtud\/en\/institute\/staff\/dr-orsolya-szalardy\/\" target=\"_blank\" rel=\"noopener noreferrer\">Dr. Orsolya Szal\u00e1rdy<\/a> <a href=\"\/magtud\/en\/institute\/staff\/dr-imre-szebik\/\">Dr. Imre Szebik<\/a> <a href=\"\/magtud\/en\/institute\/staff\/dr-irena-szumska\/\"> Dr. Irena Szumska<\/a> <a href=\"https:\/\/semmelweis.hu\/magtud\/en\/institute\/staff\/dr-anna-szucs\/\" target=\"_blank\" rel=\"noopener\">Dr. Anna Sz\u0171cs<\/a> <a href=\"https:\/\/semmelweis.hu\/magtud\/en\/institute\/staff\/dr-gabor-attila-toth\/\" target=\"_blank\" rel=\"noopener noreferrer\">Dr. G\u00e1bor Attila T\u00f3th<\/a> <a href=\"https:\/\/semmelweis.hu\/magtud\/en\/institute\/staff\/dr-monika-ditta-toth-2\/\" target=\"_blank\" rel=\"noopener noreferrer\">Dr. M\u00f3nika Ditta T\u00f3th<\/a> <a href=\"\/magtud\/en\/institute\/staff\/dr-peter-ujma\/\"> Dr. Peter Ujma<\/a> <a href=\"\/magtud\/en\/institute\/staff\/dr-agnes-zana\/\"> Dr. \u00c1gnes Zana<\/a> Master instructors: Dr. Jen\u0151 L\u0151rincz External PhD supervisor: &hellip;<\/p>\n","protected":false},"author":110,"featured_media":0,"parent":3349,"menu_order":1,"comment_status":"closed","ping_status":"closed","template":"","meta":{"_acf_changed":false,"footnotes":""},"categories":[],"tags":[],"class_list":["post-3356","page","type-page","status-publish","hentry"],"acf":[],"_links":{"self":[{"href":"https:\/\/semmelweis.hu\/magtud\/wp-json\/wp\/v2\/pages\/3356","targetHints":{"allow":["GET"]}}],"collection":[{"href":"https:\/\/semmelweis.hu\/magtud\/wp-json\/wp\/v2\/pages"}],"about":[{"href":"https:\/\/semmelweis.hu\/magtud\/wp-json\/wp\/v2\/types\/page"}],"author":[{"embeddable":true,"href":"https:\/\/semmelweis.hu\/magtud\/wp-json\/wp\/v2\/users\/110"}],"replies":[{"embeddable":true,"href":"https:\/\/semmelweis.hu\/magtud\/wp-json\/wp\/v2\/comments?post=3356"}],"version-history":[{"count":11,"href":"https:\/\/semmelweis.hu\/magtud\/wp-json\/wp\/v2\/pages\/3356\/revisions"}],"predecessor-version":[{"id":13314,"href":"https:\/\/semmelweis.hu\/magtud\/wp-json\/wp\/v2\/pages\/3356\/revisions\/13314"}],"up":[{"embeddable":true,"href":"https:\/\/semmelweis.hu\/magtud\/wp-json\/wp\/v2\/pages\/3349"}],"wp:attachment":[{"href":"https:\/\/semmelweis.hu\/magtud\/wp-json\/wp\/v2\/media?parent=3356"}],"wp:term":[{"taxonomy":"category","embeddable":true,"href":"https:\/\/semmelweis.hu\/magtud\/wp-json\/wp\/v2\/categories?post=3356"},{"taxonomy":"post_tag","embeddable":true,"href":"https:\/\/semmelweis.hu\/magtud\/wp-json\/wp\/v2\/tags?post=3356"}],"curies":[{"name":"wp","href":"https:\/\/api.w.org\/{rel}","templated":true}]}}